{"id":11980,"date":"2022-10-26T19:19:19","date_gmt":"2022-10-26T22:19:19","guid":{"rendered":"https:\/\/ens9002-infd.mendoza.edu.ar\/sitio\/?page_id=11980"},"modified":"2022-11-10T22:13:48","modified_gmt":"2022-11-11T01:13:48","slug":"jornadas-anuales-de-biologia","status":"publish","type":"page","link":"https:\/\/ens9002-infd.mendoza.edu.ar\/sitio\/jornadas-anuales-de-biologia\/","title":{"rendered":"JORNADAS ANUALES DE BIOLOG\u00cdA"},"content":{"rendered":"\n<p class=\"has-white-color has-text-color has-background\" style=\"background-color:#159e6c;font-size:27px\"><strong>JORNADAS ANUALES DE BIOLOG\u00cdA<\/strong> <strong>2022<\/strong><\/p>\n\n\n\n<p>El Equipo de Gesti\u00f3n del Instituto de Formaci\u00f3n Docente y T\u00e9cnica N\u00b0 9-002 Tom\u00e1s Godoy Cruz comunica que se encuentra abierta la convocatoria de propuestas para participar en la<strong> JORNADA ANUAL DE BIOLOG\u00cdA<\/strong> <strong>2022<\/strong> que se realizar\u00e1 el 11 y 12 de noviembre de 2022.<\/p>\n\n\n\n<p>En una sociedad caracterizada por el vertiginoso progreso cient\u00edfico \u2013 tecnol\u00f3gico, es necesario fomentar los espacios de formaci\u00f3n donde la ciencia, la tecnolog\u00eda y la did\u00e1ctica se pongan el dialogo.<\/p>\n\n\n\n<p>Consideramos que la elaboraci\u00f3n de una propuesta formativa favorece la producci\u00f3n de un discurso sobre los conocimientos disciplinares, y su transposici\u00f3n did\u00e1ctica, como la comunicaci\u00f3n de dicho discurso.<\/p>\n\n\n\n<p class=\"has-white-color has-text-color has-background\" style=\"background-color:#00d157;font-size:18px\"><strong>CONVOCATORIA DE PROPUESTAS<\/strong> &#8211; <a href=\"https:\/\/ens9002-infd.mendoza.edu.ar\/sitio\/wp-content\/uploads\/2022\/10\/CONVOCATORIA-DE-PROPUESTAS-BIOLOGIA-2022.docx\" data-type=\"URL\" data-id=\"https:\/\/ens9002-infd.mendoza.edu.ar\/sitio\/wp-content\/uploads\/2022\/10\/CONVOCATORIA-DE-PROPUESTAS-BIOLOGIA-2022.docx\" target=\"_blank\" rel=\"noreferrer noopener\">clic aqu\u00ed<\/a><\/p>\n\n\n\n<p class=\"has-white-color has-text-color has-background\" style=\"background-color:#09a9a7;font-size:18px\"><strong>CONCURSO DE DIBUJO DE LAS JORNADAS<\/strong> &#8211; <a rel=\"noreferrer noopener\" href=\"https:\/\/ens9002-infd.mendoza.edu.ar\/sitio\/wp-content\/uploads\/2022\/10\/Concurso-de-dibujo-de-las-Jornadas-de-Biologia-2022-1.pdf\" data-type=\"URL\" data-id=\"https:\/\/ens9002-infd.mendoza.edu.ar\/sitio\/wp-content\/uploads\/2022\/10\/Concurso-de-dibujo-de-las-Jornadas-de-Biologia-2022-1.pdf\" target=\"_blank\">clic aqu\u00ed<\/a> | La persona ganadora recibir\u00e1 una tablet<\/p>\n\n\n\n<p><strong>OBRAS PRESENTADAS<\/strong><\/p>\n\n\n\n<figure class=\"wp-block-gallery columns-3 is-cropped wp-block-gallery-1 is-layout-flex\"><ul class=\"blocks-gallery-grid\"><li class=\"blocks-gallery-item\"><figure><img decoding=\"async\" loading=\"lazy\" width=\"1280\" height=\"930\" src=\"https:\/\/ens9002-infd.mendoza.edu.ar\/sitio\/wp-content\/uploads\/2022\/11\/WhatsApp-Image-2022-11-07-at-22.13.35-1.jpg\" alt=\"\" data-id=\"12081\" data-link=\"https:\/\/ens9002-infd.mendoza.edu.ar\/sitio\/jornadas-anuales-de-biologia\/whatsapp-image-2022-11-07-at-22-13-35-1-2\/#main\" class=\"wp-image-12081\" srcset=\"https:\/\/ens9002-infd.mendoza.edu.ar\/sitio\/wp-content\/uploads\/2022\/11\/WhatsApp-Image-2022-11-07-at-22.13.35-1.jpg 1280w, https:\/\/ens9002-infd.mendoza.edu.ar\/sitio\/wp-content\/uploads\/2022\/11\/WhatsApp-Image-2022-11-07-at-22.13.35-1-1000x727.jpg 1000w, https:\/\/ens9002-infd.mendoza.edu.ar\/sitio\/wp-content\/uploads\/2022\/11\/WhatsApp-Image-2022-11-07-at-22.13.35-1-768x558.jpg 768w\" sizes=\"(max-width: 1280px) 100vw, 1280px\" \/><\/figure><\/li><li class=\"blocks-gallery-item\"><figure><img decoding=\"async\" loading=\"lazy\" width=\"1280\" height=\"905\" src=\"https:\/\/ens9002-infd.mendoza.edu.ar\/sitio\/wp-content\/uploads\/2022\/11\/WhatsApp-Image-2022-11-07-at-22.13.35.jpeg\" alt=\"\" data-id=\"12080\" data-link=\"https:\/\/ens9002-infd.mendoza.edu.ar\/sitio\/jornadas-anuales-de-biologia\/whatsapp-image-2022-11-07-at-22-13-35\/#main\" class=\"wp-image-12080\" srcset=\"https:\/\/ens9002-infd.mendoza.edu.ar\/sitio\/wp-content\/uploads\/2022\/11\/WhatsApp-Image-2022-11-07-at-22.13.35.jpeg 1280w, https:\/\/ens9002-infd.mendoza.edu.ar\/sitio\/wp-content\/uploads\/2022\/11\/WhatsApp-Image-2022-11-07-at-22.13.35-1000x707.jpeg 1000w, https:\/\/ens9002-infd.mendoza.edu.ar\/sitio\/wp-content\/uploads\/2022\/11\/WhatsApp-Image-2022-11-07-at-22.13.35-768x543.jpeg 768w\" sizes=\"(max-width: 1280px) 100vw, 1280px\" \/><\/figure><\/li><li class=\"blocks-gallery-item\"><figure><img decoding=\"async\" loading=\"lazy\" width=\"879\" height=\"1280\" src=\"https:\/\/ens9002-infd.mendoza.edu.ar\/sitio\/wp-content\/uploads\/2022\/11\/WhatsApp-Image-2022-11-07-at-22.13.35-2.jpeg\" alt=\"\" data-id=\"12078\" data-link=\"https:\/\/ens9002-infd.mendoza.edu.ar\/sitio\/jornadas-anuales-de-biologia\/whatsapp-image-2022-11-07-at-22-13-35-2\/#main\" class=\"wp-image-12078\" srcset=\"https:\/\/ens9002-infd.mendoza.edu.ar\/sitio\/wp-content\/uploads\/2022\/11\/WhatsApp-Image-2022-11-07-at-22.13.35-2.jpeg 879w, https:\/\/ens9002-infd.mendoza.edu.ar\/sitio\/wp-content\/uploads\/2022\/11\/WhatsApp-Image-2022-11-07-at-22.13.35-2-687x1000.jpeg 687w, https:\/\/ens9002-infd.mendoza.edu.ar\/sitio\/wp-content\/uploads\/2022\/11\/WhatsApp-Image-2022-11-07-at-22.13.35-2-768x1118.jpeg 768w\" sizes=\"(max-width: 879px) 100vw, 879px\" \/><\/figure><\/li><li class=\"blocks-gallery-item\"><figure><img decoding=\"async\" loading=\"lazy\" width=\"1280\" height=\"904\" src=\"https:\/\/ens9002-infd.mendoza.edu.ar\/sitio\/wp-content\/uploads\/2022\/11\/WhatsApp-Image-2022-11-07-at-22.13.36.jpeg\" alt=\"\" data-id=\"12077\" data-link=\"https:\/\/ens9002-infd.mendoza.edu.ar\/sitio\/jornadas-anuales-de-biologia\/whatsapp-image-2022-11-07-at-22-13-36\/#main\" class=\"wp-image-12077\" srcset=\"https:\/\/ens9002-infd.mendoza.edu.ar\/sitio\/wp-content\/uploads\/2022\/11\/WhatsApp-Image-2022-11-07-at-22.13.36.jpeg 1280w, https:\/\/ens9002-infd.mendoza.edu.ar\/sitio\/wp-content\/uploads\/2022\/11\/WhatsApp-Image-2022-11-07-at-22.13.36-1000x706.jpeg 1000w, https:\/\/ens9002-infd.mendoza.edu.ar\/sitio\/wp-content\/uploads\/2022\/11\/WhatsApp-Image-2022-11-07-at-22.13.36-768x542.jpeg 768w\" sizes=\"(max-width: 1280px) 100vw, 1280px\" \/><\/figure><\/li><li class=\"blocks-gallery-item\"><figure><img decoding=\"async\" loading=\"lazy\" width=\"1280\" height=\"904\" src=\"https:\/\/ens9002-infd.mendoza.edu.ar\/sitio\/wp-content\/uploads\/2022\/11\/WhatsApp-Image-2022-11-07-at-22.13.37.jpeg\" alt=\"\" data-id=\"12076\" data-link=\"https:\/\/ens9002-infd.mendoza.edu.ar\/sitio\/jornadas-anuales-de-biologia\/whatsapp-image-2022-11-07-at-22-13-37\/#main\" class=\"wp-image-12076\" srcset=\"https:\/\/ens9002-infd.mendoza.edu.ar\/sitio\/wp-content\/uploads\/2022\/11\/WhatsApp-Image-2022-11-07-at-22.13.37.jpeg 1280w, https:\/\/ens9002-infd.mendoza.edu.ar\/sitio\/wp-content\/uploads\/2022\/11\/WhatsApp-Image-2022-11-07-at-22.13.37-1000x706.jpeg 1000w, https:\/\/ens9002-infd.mendoza.edu.ar\/sitio\/wp-content\/uploads\/2022\/11\/WhatsApp-Image-2022-11-07-at-22.13.37-768x542.jpeg 768w\" sizes=\"(max-width: 1280px) 100vw, 1280px\" \/><\/figure><\/li><li class=\"blocks-gallery-item\"><figure><img decoding=\"async\" loading=\"lazy\" width=\"1280\" height=\"989\" src=\"https:\/\/ens9002-infd.mendoza.edu.ar\/sitio\/wp-content\/uploads\/2022\/11\/WhatsApp-Image-2022-11-07-at-22.13.37-1.jpeg\" alt=\"\" data-id=\"12074\" data-link=\"https:\/\/ens9002-infd.mendoza.edu.ar\/sitio\/jornadas-anuales-de-biologia\/whatsapp-image-2022-11-07-at-22-13-37-1\/#main\" class=\"wp-image-12074\" srcset=\"https:\/\/ens9002-infd.mendoza.edu.ar\/sitio\/wp-content\/uploads\/2022\/11\/WhatsApp-Image-2022-11-07-at-22.13.37-1.jpeg 1280w, https:\/\/ens9002-infd.mendoza.edu.ar\/sitio\/wp-content\/uploads\/2022\/11\/WhatsApp-Image-2022-11-07-at-22.13.37-1-1000x773.jpeg 1000w, https:\/\/ens9002-infd.mendoza.edu.ar\/sitio\/wp-content\/uploads\/2022\/11\/WhatsApp-Image-2022-11-07-at-22.13.37-1-768x593.jpeg 768w\" sizes=\"(max-width: 1280px) 100vw, 1280px\" \/><\/figure><\/li><li class=\"blocks-gallery-item\"><figure><img decoding=\"async\" loading=\"lazy\" width=\"1280\" height=\"904\" src=\"https:\/\/ens9002-infd.mendoza.edu.ar\/sitio\/wp-content\/uploads\/2022\/11\/WhatsApp-Image-2022-11-10-at-17.46.29-1.jpeg\" alt=\"\" data-id=\"12090\" data-full-url=\"https:\/\/ens9002-infd.mendoza.edu.ar\/sitio\/wp-content\/uploads\/2022\/11\/WhatsApp-Image-2022-11-10-at-17.46.29-1.jpeg\" data-link=\"https:\/\/ens9002-infd.mendoza.edu.ar\/sitio\/jornadas-anuales-de-biologia\/whatsapp-image-2022-11-10-at-17-46-29-1\/#main\" class=\"wp-image-12090\" srcset=\"https:\/\/ens9002-infd.mendoza.edu.ar\/sitio\/wp-content\/uploads\/2022\/11\/WhatsApp-Image-2022-11-10-at-17.46.29-1.jpeg 1280w, https:\/\/ens9002-infd.mendoza.edu.ar\/sitio\/wp-content\/uploads\/2022\/11\/WhatsApp-Image-2022-11-10-at-17.46.29-1-1000x706.jpeg 1000w, https:\/\/ens9002-infd.mendoza.edu.ar\/sitio\/wp-content\/uploads\/2022\/11\/WhatsApp-Image-2022-11-10-at-17.46.29-1-768x542.jpeg 768w\" sizes=\"(max-width: 1280px) 100vw, 1280px\" \/><\/figure><\/li><li class=\"blocks-gallery-item\"><figure><img decoding=\"async\" loading=\"lazy\" width=\"1280\" height=\"905\" src=\"https:\/\/ens9002-infd.mendoza.edu.ar\/sitio\/wp-content\/uploads\/2022\/11\/WhatsApp-Image-2022-11-10-at-17.46.29.jpeg\" alt=\"\" data-id=\"12091\" data-full-url=\"https:\/\/ens9002-infd.mendoza.edu.ar\/sitio\/wp-content\/uploads\/2022\/11\/WhatsApp-Image-2022-11-10-at-17.46.29.jpeg\" data-link=\"https:\/\/ens9002-infd.mendoza.edu.ar\/sitio\/jornadas-anuales-de-biologia\/whatsapp-image-2022-11-10-at-17-46-29\/#main\" class=\"wp-image-12091\" srcset=\"https:\/\/ens9002-infd.mendoza.edu.ar\/sitio\/wp-content\/uploads\/2022\/11\/WhatsApp-Image-2022-11-10-at-17.46.29.jpeg 1280w, https:\/\/ens9002-infd.mendoza.edu.ar\/sitio\/wp-content\/uploads\/2022\/11\/WhatsApp-Image-2022-11-10-at-17.46.29-1000x707.jpeg 1000w, https:\/\/ens9002-infd.mendoza.edu.ar\/sitio\/wp-content\/uploads\/2022\/11\/WhatsApp-Image-2022-11-10-at-17.46.29-768x543.jpeg 768w\" sizes=\"(max-width: 1280px) 100vw, 1280px\" \/><\/figure><\/li><\/ul><\/figure>\n\n\n\n<p class=\"has-white-color has-vivid-green-cyan-background-color has-text-color has-background\" style=\"font-size:18px\"><strong>INSCRIPCIONES A LAS JORNADAS<\/strong> &#8211; <a rel=\"noreferrer noopener\" href=\"https:\/\/docs.google.com\/forms\/d\/e\/1FAIpQLSdCzdtRWF5j8yxqBhNhj8iMhZJccwwCGERXwW86pEkVgQy59Q\/viewform\" data-type=\"URL\" data-id=\"https:\/\/docs.google.com\/forms\/d\/e\/1FAIpQLSdCzdtRWF5j8yxqBhNhj8iMhZJccwwCGERXwW86pEkVgQy59Q\/viewform\" target=\"_blank\">clic aqu\u00ed<\/a><\/p>\n\n\n\n<p class=\"has-white-color has-text-color has-background\" style=\"background-color:#2dd35f;font-size:18px\"><strong>CRONOGRAMA DE LAS JORNADAS <\/strong>&#8211; <a href=\"https:\/\/ens9002-infd.mendoza.edu.ar\/sitio\/wp-content\/uploads\/2022\/11\/WhatsApp-Image-2022-11-09-at-10.33.24.jpeg\" data-type=\"URL\" data-id=\"https:\/\/ens9002-infd.mendoza.edu.ar\/sitio\/wp-content\/uploads\/2022\/11\/WhatsApp-Image-2022-11-09-at-10.33.24.jpeg\" target=\"_blank\" rel=\"noreferrer noopener\">clic aqu\u00ed<\/a><\/p>\n\n\n\n<p><\/p>\n","protected":false},"excerpt":{"rendered":"<p>JORNADAS ANUALES DE BIOLOG\u00cdA 2022 El Equipo de Gesti\u00f3n del Instituto de Formaci\u00f3n Docente y T\u00e9cnica N\u00b0 9-002 Tom\u00e1s Godoy Cruz comunica que se encuentra abierta la convocatoria de propuestas para participar en la JORNADA ANUAL DE BIOLOG\u00cdA 2022 que se realizar\u00e1 el 11 y 12 de noviembre de 2022. En una sociedad caracterizada por &#8230; <a title=\"JORNADAS ANUALES DE BIOLOG\u00cdA\" class=\"read-more\" href=\"https:\/\/ens9002-infd.mendoza.edu.ar\/sitio\/jornadas-anuales-de-biologia\/\" aria-label=\"More on JORNADAS ANUALES DE BIOLOG\u00cdA\">[+]<\/a><\/p>\n","protected":false},"author":10055,"featured_media":0,"parent":0,"menu_order":0,"comment_status":"closed","ping_status":"closed","template":"","meta":[],"acf":[],"_links":{"self":[{"href":"https:\/\/ens9002-infd.mendoza.edu.ar\/sitio\/wp-json\/wp\/v2\/pages\/11980"}],"collection":[{"href":"https:\/\/ens9002-infd.mendoza.edu.ar\/sitio\/wp-json\/wp\/v2\/pages"}],"about":[{"href":"https:\/\/ens9002-infd.mendoza.edu.ar\/sitio\/wp-json\/wp\/v2\/types\/page"}],"author":[{"embeddable":true,"href":"https:\/\/ens9002-infd.mendoza.edu.ar\/sitio\/wp-json\/wp\/v2\/users\/10055"}],"replies":[{"embeddable":true,"href":"https:\/\/ens9002-infd.mendoza.edu.ar\/sitio\/wp-json\/wp\/v2\/comments?post=11980"}],"version-history":[{"count":7,"href":"https:\/\/ens9002-infd.mendoza.edu.ar\/sitio\/wp-json\/wp\/v2\/pages\/11980\/revisions"}],"predecessor-version":[{"id":12092,"href":"https:\/\/ens9002-infd.mendoza.edu.ar\/sitio\/wp-json\/wp\/v2\/pages\/11980\/revisions\/12092"}],"wp:attachment":[{"href":"https:\/\/ens9002-infd.mendoza.edu.ar\/sitio\/wp-json\/wp\/v2\/media?parent=11980"}],"curies":[{"name":"wp","href":"https:\/\/api.w.org\/{rel}","templated":true}]}}