{"id":12119,"date":"2022-11-15T16:33:16","date_gmt":"2022-11-15T19:33:16","guid":{"rendered":"https:\/\/ens9002-infd.mendoza.edu.ar\/sitio\/?page_id=12119"},"modified":"2025-10-07T14:21:38","modified_gmt":"2025-10-07T17:21:38","slug":"semana-de-la-inclusion-2022","status":"publish","type":"page","link":"https:\/\/ens9002-infd.mendoza.edu.ar\/sitio\/semana-de-la-inclusion-2022\/","title":{"rendered":"Creando Espacios de Inclusi\u00f3n"},"content":{"rendered":"\n<figure class=\"wp-block-image size-large\"><img decoding=\"async\" loading=\"lazy\" width=\"1900\" height=\"543\" src=\"https:\/\/ens9002-infd.mendoza.edu.ar\/sitio\/wp-content\/uploads\/2025\/08\/INGRESO-2025-1-1900x543.png\" alt=\"\" class=\"wp-image-19134\" srcset=\"https:\/\/ens9002-infd.mendoza.edu.ar\/sitio\/wp-content\/uploads\/2025\/08\/INGRESO-2025-1-1900x543.png 1900w, https:\/\/ens9002-infd.mendoza.edu.ar\/sitio\/wp-content\/uploads\/2025\/08\/INGRESO-2025-1-1000x286.png 1000w, https:\/\/ens9002-infd.mendoza.edu.ar\/sitio\/wp-content\/uploads\/2025\/08\/INGRESO-2025-1-768x219.png 768w, https:\/\/ens9002-infd.mendoza.edu.ar\/sitio\/wp-content\/uploads\/2025\/08\/INGRESO-2025-1-1536x439.png 1536w, https:\/\/ens9002-infd.mendoza.edu.ar\/sitio\/wp-content\/uploads\/2025\/08\/INGRESO-2025-1-2048x585.png 2048w\" sizes=\"(max-width: 1900px) 100vw, 1900px\" \/><\/figure>\n\n\n\n<div style=\"height:21px\" aria-hidden=\"true\" class=\"wp-block-spacer\"><\/div>\n\n\n\n<p style=\"font-style:italic;font-weight:400\">Desde el profesorado de Educaci\u00f3n Especial y en trabajo conjunto con las dem\u00e1s carreras y el acompa\u00f1amiento de la gesti\u00f3n institucional, se desarrollan diversas actividades bajo el lema <em>Creando Espacios de Inclusi\u00f3n<\/em>. Los objetivos estas acciones tienen que ver con crear conciencia de inclusi\u00f3n dentro del TGC 9002 y las escuelas asociadas, generar intervenciones edilicias a los fines de provocar preguntas acerca de la inclusi\u00f3n y hacer visible c\u00f3mo acompa\u00f1ar en la discapacidad a una persona. Adem\u00e1s, se busca posibilitar espacios de di\u00e1logo sobre inclusi\u00f3n as\u00ed como dar a conocer programas y resoluciones vigentes sobre discapacidad y derechos.<\/p>\n\n\n\n<div style=\"height:25px\" aria-hidden=\"true\" class=\"wp-block-spacer\"><\/div>\n\n\n\n<div class=\"wp-block-buttons is-content-justification-center is-layout-flex wp-container-1\">\n<div class=\"wp-block-button\"><a class=\"wp-block-button__link has-background wp-element-button\" href=\"https:\/\/ens9002-infd.mendoza.edu.ar\/sitio\/home-nuevo\/\" style=\"border-radius:24px;background-color:#b8732a\">volver al inicio<\/a><\/div>\n<\/div>\n\n\n\n<div style=\"height:40px\" aria-hidden=\"true\" class=\"wp-block-spacer\"><\/div>\n\n\n\n<p class=\"has-base-3-color has-text-color has-background has-medium-font-size\" style=\"background-color:#ff5757\"><strong>CROGRAMA DE ACTIVIDADES 2025<\/strong><\/p>\n\n\n\n<ul>\n<li>08\/10 &#8211; 18.30 h | <strong>Taller: Articulando pr\u00e1cticas inclusivas en la diversidad escolar<\/strong> | A cargo de las profesoras Pamela Aliquo, Eliana S\u00e1nchez y Mariana Visconti | Destinado a docentes de CEBJAS y del IES 9002 | Mitre y Montevideo, Ciudad de Mendoza -aula 11- | Inscripciones desde <a rel=\"noreferrer noopener\" href=\"https:\/\/docs.google.com\/forms\/u\/1\/d\/e\/1FAIpQLSf_UYqV_TZpUssoNAfGSpHoPGAwNhXjt6mLqwmfIzlk7bCLpg\/viewform?usp=header\" data-type=\"URL\" data-id=\"https:\/\/docs.google.com\/forms\/u\/1\/d\/e\/1FAIpQLSf_UYqV_TZpUssoNAfGSpHoPGAwNhXjt6mLqwmfIzlk7bCLpg\/viewform?usp=header\" target=\"_blank\">aqu\u00ed<\/a>.<\/li>\n\n\n\n<li>23\/10 &#8211; 18.30 h | <strong>Show de talentos en el mes de la inclusi\u00f3n | <\/strong>Participar\u00e1n escuelas asociadas, centros terap\u00e9uticos y la comunidad del IES 9002 | Sal\u00f3n de actos de la escuela secundaria Tom\u00e1s Godoy Cruz | Contacto: 2616045114 |<strong> <\/strong>Inscripciones desde <a rel=\"noreferrer noopener\" href=\"https:\/\/forms.gle\/7m6xZX86od1t2N4p7\" data-type=\"URL\" data-id=\"https:\/\/forms.gle\/7m6xZX86od1t2N4p7\" target=\"_blank\">aqu\u00ed<\/a>.<\/li>\n\n\n\n<li>04\/11 &#8211; 18.30 a 20.30 h | <strong>Expo anual &#8211; Talleres de materiales terap\u00e9uticos y materiales pedag\u00f3gicos: Recursos para la inclusi\u00f3n<\/strong> | Boulevard de calle Mitre, Ciudad de Mendoza<\/li>\n<\/ul>\n\n\n\n<p class=\"has-base-3-color has-contrast-2-background-color has-text-color has-background has-medium-font-size\"><strong>CROGRAMA DE ACTIVIDADES 2024<\/strong><\/p>\n\n\n\n<ul>\n<li>30\/10 &#8211; 18.30 h | Charla: Conexiones Equinas: Introducci\u00f3n a la Terapia Asistida con Caballos. A cargo de la profesora Griselda Gil, la licenciada Victoria Marc\u00f3n y la ingeniera Silvia Bianchi. Sal\u00f3n de actos del edificio de escuela secundaria Tom\u00e1s Godoy Cruz. <\/li>\n\n\n\n<li>31\/10 &#8211; 18.30 h | Charla: Hablemos de inclusi\u00f3n. A cargo de las profesoras Pamela Aliquo y Mariana Visconti. Aula 9, edificio de calle Montevideo. <\/li>\n\n\n\n<li>31\/10: Exposici\u00f3n de recursos pedag\u00f3gicos\/terap\u00e9uticos y herramientas orientadas a valorar la creatividad en la pr\u00e1ctica profesional. Espacio de arte Tom\u00e1s Godoy Cruz. <\/li>\n\n\n\n<li>05\/11 &#8211; 18.30 h | Encuentro: Invitaci\u00f3n a un Espacio de Movimiento. A cargo de las profesoras Ver\u00f3nica Se\u00f1orans, Gabriela Garro y del profesor Leonardo Mart\u00ednez. Patio de escuela secundaria Tom\u00e1s Godoy Cruz.<\/li>\n<\/ul>\n\n\n\n<hr class=\"wp-block-separator has-alpha-channel-opacity\"\/>\n\n\n\n<figure class=\"wp-block-image size-full\"><img decoding=\"async\" loading=\"lazy\" width=\"1080\" height=\"1080\" src=\"https:\/\/ens9002-infd.mendoza.edu.ar\/sitio\/wp-content\/uploads\/2023\/06\/CRONOGRAMA.png\" alt=\"\" class=\"wp-image-13382\" srcset=\"https:\/\/ens9002-infd.mendoza.edu.ar\/sitio\/wp-content\/uploads\/2023\/06\/CRONOGRAMA.png 1080w, https:\/\/ens9002-infd.mendoza.edu.ar\/sitio\/wp-content\/uploads\/2023\/06\/CRONOGRAMA-1000x1000.png 1000w, https:\/\/ens9002-infd.mendoza.edu.ar\/sitio\/wp-content\/uploads\/2023\/06\/CRONOGRAMA-500x500.png 500w, https:\/\/ens9002-infd.mendoza.edu.ar\/sitio\/wp-content\/uploads\/2023\/06\/CRONOGRAMA-768x768.png 768w\" sizes=\"(max-width: 1080px) 100vw, 1080px\" \/><\/figure>\n\n\n\n<p class=\"has-medium-font-size\"><strong>\u00a1DESCARG\u00c1 LOS FONDOS DE PANTALLA PARA TU CELULAR!<\/strong><\/p>\n\n\n\n<figure class=\"wp-block-gallery has-nested-images columns-default is-cropped wp-block-gallery-2 is-layout-flex\">\n<figure class=\"wp-block-image size-large\"><img decoding=\"async\" loading=\"lazy\" width=\"1069\" height=\"1900\" data-id=\"13338\"  src=\"https:\/\/ens9002-infd.mendoza.edu.ar\/sitio\/wp-content\/uploads\/2023\/06\/Inclusion-historias-2-1069x1900.png\" alt=\"\" class=\"wp-image-13338\" srcset=\"https:\/\/ens9002-infd.mendoza.edu.ar\/sitio\/wp-content\/uploads\/2023\/06\/Inclusion-historias-2-1069x1900.png 1069w, https:\/\/ens9002-infd.mendoza.edu.ar\/sitio\/wp-content\/uploads\/2023\/06\/Inclusion-historias-2-563x1000.png 563w, https:\/\/ens9002-infd.mendoza.edu.ar\/sitio\/wp-content\/uploads\/2023\/06\/Inclusion-historias-2-768x1365.png 768w, https:\/\/ens9002-infd.mendoza.edu.ar\/sitio\/wp-content\/uploads\/2023\/06\/Inclusion-historias-2-864x1536.png 864w, https:\/\/ens9002-infd.mendoza.edu.ar\/sitio\/wp-content\/uploads\/2023\/06\/Inclusion-historias-2.png 1080w\" sizes=\"(max-width: 1069px) 100vw, 1069px\" \/><\/figure>\n\n\n\n<figure class=\"wp-block-image size-large\"><img decoding=\"async\" loading=\"lazy\" width=\"1069\" height=\"1900\" data-id=\"13340\"  src=\"https:\/\/ens9002-infd.mendoza.edu.ar\/sitio\/wp-content\/uploads\/2023\/06\/Inclusion-historias-1-1069x1900.png\" alt=\"\" class=\"wp-image-13340\" srcset=\"https:\/\/ens9002-infd.mendoza.edu.ar\/sitio\/wp-content\/uploads\/2023\/06\/Inclusion-historias-1-1069x1900.png 1069w, https:\/\/ens9002-infd.mendoza.edu.ar\/sitio\/wp-content\/uploads\/2023\/06\/Inclusion-historias-1-563x1000.png 563w, https:\/\/ens9002-infd.mendoza.edu.ar\/sitio\/wp-content\/uploads\/2023\/06\/Inclusion-historias-1-768x1365.png 768w, https:\/\/ens9002-infd.mendoza.edu.ar\/sitio\/wp-content\/uploads\/2023\/06\/Inclusion-historias-1-864x1536.png 864w, https:\/\/ens9002-infd.mendoza.edu.ar\/sitio\/wp-content\/uploads\/2023\/06\/Inclusion-historias-1.png 1080w\" sizes=\"(max-width: 1069px) 100vw, 1069px\" \/><\/figure>\n\n\n\n<figure class=\"wp-block-image size-large\"><img decoding=\"async\" loading=\"lazy\" width=\"1069\" height=\"1900\" data-id=\"13339\"  src=\"https:\/\/ens9002-infd.mendoza.edu.ar\/sitio\/wp-content\/uploads\/2023\/06\/Inclusion-historias-1069x1900.png\" alt=\"\" class=\"wp-image-13339\" srcset=\"https:\/\/ens9002-infd.mendoza.edu.ar\/sitio\/wp-content\/uploads\/2023\/06\/Inclusion-historias-1069x1900.png 1069w, https:\/\/ens9002-infd.mendoza.edu.ar\/sitio\/wp-content\/uploads\/2023\/06\/Inclusion-historias-563x1000.png 563w, https:\/\/ens9002-infd.mendoza.edu.ar\/sitio\/wp-content\/uploads\/2023\/06\/Inclusion-historias-768x1365.png 768w, https:\/\/ens9002-infd.mendoza.edu.ar\/sitio\/wp-content\/uploads\/2023\/06\/Inclusion-historias-864x1536.png 864w, https:\/\/ens9002-infd.mendoza.edu.ar\/sitio\/wp-content\/uploads\/2023\/06\/Inclusion-historias.png 1080w\" sizes=\"(max-width: 1069px) 100vw, 1069px\" \/><\/figure>\n<\/figure>\n\n\n\n<p class=\"has-medium-font-size\"><strong>TRABAJOS AUDIOVISUALES DE ESTUDIANTES<\/strong><\/p>\n\n\n\n<figure class=\"wp-block-embed is-type-video is-provider-tiktok wp-block-embed-tiktok\"><div class=\"wp-block-embed__wrapper\">\n<blockquote class=\"tiktok-embed\" cite=\"https:\/\/www.tiktok.com\/@lolita_2207\/video\/7240614053494803718\" data-video-id=\"7240614053494803718\" data-embed-from=\"oembed\" style=\"max-width:605px; min-width:325px;\"> <section> <a target=\"_blank\" title=\"@lolita_2207\" href=\"https:\/\/www.tiktok.com\/@lolita_2207?refer=embed\">@lolita_2207<\/a> <p><a title=\"pedagogiapee\" target=\"_blank\" href=\"https:\/\/www.tiktok.com\/tag\/pedagogiapee?refer=embed\">#PedagogiaPEE<\/a> TGC9-002<a title=\"2023\" target=\"_blank\" href=\"https:\/\/www.tiktok.com\/tag\/2023?refer=embed\">#2023<\/a> <\/p> <a target=\"_blank\" title=\"\u266c sonido original - Andrea Sosa\" href=\"https:\/\/www.tiktok.com\/music\/sonido-original-7240614055597738757?refer=embed\">\u266c sonido original &#8211; Andrea Sosa<\/a> <\/section> <\/blockquote> <script async src=\"https:\/\/www.tiktok.com\/embed.js\"><\/script>\n<\/div><\/figure>\n\n\n\n<figure class=\"wp-block-embed is-type-video is-provider-tiktok wp-block-embed-tiktok\"><div class=\"wp-block-embed__wrapper\">\n<blockquote class=\"tiktok-embed\" cite=\"https:\/\/www.tiktok.com\/@cele_01000\/video\/7242142152120159494\" data-video-id=\"7242142152120159494\" data-embed-from=\"oembed\" style=\"max-width:605px; min-width:325px;\"> <section> <a target=\"_blank\" title=\"@cele_01000\" href=\"https:\/\/www.tiktok.com\/@cele_01000?refer=embed\">@cele_01000<\/a> <p> Ecopedagog\u00eda Vida VERDE  saludable inclusi\u00f3n sin barreras Naturaleza  concientizaci\u00f3n del cuidado del medio ambiente <a title=\"todos\" target=\"_blank\" href=\"https:\/\/www.tiktok.com\/tag\/todos?refer=embed\">#TODOS<\/a> SOMOS IMPORTANTES <\/p> <a target=\"_blank\" title=\"\u266c Color Esperanza - Compa\u00f1\u00eda Los 40 El Musical M\u00e9xico\" href=\"https:\/\/www.tiktok.com\/music\/Color-Esperanza-6704971342359300098?refer=embed\">\u266c Color Esperanza &#8211; Compa\u00f1\u00eda Los 40 El Musical M\u00e9xico<\/a> <\/section> <\/blockquote> <script async src=\"https:\/\/www.tiktok.com\/embed.js\"><\/script>\n<\/div><\/figure>\n\n\n\n<hr class=\"wp-block-separator has-alpha-channel-opacity\"\/>\n\n\n\n<figure class=\"wp-block-image size-large\"><img decoding=\"async\" loading=\"lazy\" width=\"1640\" height=\"330\" src=\"https:\/\/ens9002-infd.mendoza.edu.ar\/sitio\/wp-content\/uploads\/2022\/11\/Inclusion-1.jpg\" alt=\"\" class=\"wp-image-12128\" srcset=\"https:\/\/ens9002-infd.mendoza.edu.ar\/sitio\/wp-content\/uploads\/2022\/11\/Inclusion-1.jpg 1640w, https:\/\/ens9002-infd.mendoza.edu.ar\/sitio\/wp-content\/uploads\/2022\/11\/Inclusion-1-1000x201.jpg 1000w, https:\/\/ens9002-infd.mendoza.edu.ar\/sitio\/wp-content\/uploads\/2022\/11\/Inclusion-1-768x155.jpg 768w, https:\/\/ens9002-infd.mendoza.edu.ar\/sitio\/wp-content\/uploads\/2022\/11\/Inclusion-1-1536x309.jpg 1536w\" sizes=\"(max-width: 1640px) 100vw, 1640px\" \/><\/figure>\n\n\n\n<p class=\"has-medium-font-size\"><strong>CRONOGRAMA DE ACTIVIDADES<\/strong><\/p>\n\n\n\n<ul>\n<li><strong>15\/11<\/strong>: Firmado de planillas para solicitar arreglo de ascensor de edificio de calle Montevideo durante la muestra de arte 2022. <\/li>\n<\/ul>\n\n\n\n<ul>\n<li><strong>16\/11 y 17\/11<\/strong>: Estudiantes de 4\u00b0 a\u00f1o del Profesorado de Educaci\u00f3n Especial -espacio Problem\u00e1ticas&nbsp;contempor\u00e1neas de la Educaci\u00f3n&nbsp;Especial- junto a la profesora Eliana S\u00e1nchez llevar\u00e1n adelante acciones de comunicaci\u00f3n para con todos los profesorados sobre el evento del 22\/11 ( Nos encontramos en el Normal, encuentro de merienda compartida y contar experiencias).<strong>&nbsp;<\/strong><\/li>\n<\/ul>\n\n\n\n<ul>\n<li><strong>18\/11:<\/strong> Encuentro en instituto terap\u00e9utico <em>Sol Naciente<\/em> ( estudiantes de PEE -UDIE Recursos Did\u00e1cticos para personas con Multidiscapacidad- compartir\u00e1n&nbsp;merienda y actividades. Se les ofrecer\u00e1 como regalo un recurso para su instituci\u00f3n. Acompa\u00f1an prof. Sergio Mu\u00f1oz, profa. Eliana Sanchez, Bienestar Estudiantil y profa.&nbsp; Gabriela Segura.<\/li>\n<\/ul>\n\n\n\n<ul>\n<li><strong>22\/11:<\/strong> Estudiantes de 4\u00b0 a\u00f1o de Problem\u00e1ticas&nbsp;Contempor\u00e1neas de la Educaci\u00f3n Especial compartir\u00e1n&nbsp;campa\u00f1a de concientizaci\u00f3n y comunicaci\u00f3n sobre discapacidad e inclusi\u00f3n.&nbsp;Directivos de Escuela Especial, profesoras Andrea Pelleriti,&nbsp;Centro terap\u00e9utico y Valeria Gori de Centro de Formaci\u00f3n laboral pondr\u00e1n en com\u00fan&nbsp;experiencias y actividades realizadas con sus estudiantes durante el a\u00f1o.&nbsp;Cierre del evento, merienda compartida y espacio de intercambio.<\/li>\n<\/ul>\n\n\n\n<p class=\"has-contrast-color has-base-3-background-color has-text-color has-background has-medium-font-size\"><strong>EXPERIENCIAS DE PR\u00c1CTICA PROFESIONAL DOCENTE III &#8211; PROFESORADO DE EDUCACI\u00d3N ESPECIAL<\/strong><\/p>\n\n\n\n<figure class=\"wp-block-embed is-type-video is-provider-youtube wp-block-embed-youtube wp-embed-aspect-4-3 wp-has-aspect-ratio\"><div class=\"wp-block-embed__wrapper\">\n<iframe loading=\"lazy\" title=\"Profesorado de Educaci\u00f3n Especial | Pr\u00e1ctica Profesional Docente III - 2022\" width=\"1200\" height=\"900\" src=\"https:\/\/www.youtube.com\/embed\/s7SaHH14LR4?feature=oembed\" frameborder=\"0\" allow=\"accelerometer; autoplay; clipboard-write; encrypted-media; gyroscope; picture-in-picture; web-share\" referrerpolicy=\"strict-origin-when-cross-origin\" allowfullscreen><\/iframe>\n<\/div><\/figure>\n\n\n\n<div class=\"wp-block-buttons is-layout-flex\">\n<div class=\"wp-block-button\"><a class=\"wp-block-button__link wp-element-button\" href=\"https:\/\/ens9002-infd.mendoza.edu.ar\/sitio\/\">volver al inicio<\/a><\/div>\n<\/div>\n","protected":false},"excerpt":{"rendered":"<p>Desde el profesorado de Educaci\u00f3n Especial y en trabajo conjunto con las dem\u00e1s carreras y el acompa\u00f1amiento de la gesti\u00f3n institucional, se desarrollan diversas actividades bajo el lema Creando Espacios de Inclusi\u00f3n. Los objetivos estas acciones tienen que ver con crear conciencia de inclusi\u00f3n dentro del TGC 9002 y las escuelas asociadas, generar intervenciones edilicias &#8230; <a title=\"Creando Espacios de Inclusi\u00f3n\" class=\"read-more\" href=\"https:\/\/ens9002-infd.mendoza.edu.ar\/sitio\/semana-de-la-inclusion-2022\/\" aria-label=\"More on Creando Espacios de Inclusi\u00f3n\">[+]<\/a><\/p>\n","protected":false},"author":10055,"featured_media":0,"parent":0,"menu_order":0,"comment_status":"closed","ping_status":"closed","template":"","meta":[],"acf":[],"_links":{"self":[{"href":"https:\/\/ens9002-infd.mendoza.edu.ar\/sitio\/wp-json\/wp\/v2\/pages\/12119"}],"collection":[{"href":"https:\/\/ens9002-infd.mendoza.edu.ar\/sitio\/wp-json\/wp\/v2\/pages"}],"about":[{"href":"https:\/\/ens9002-infd.mendoza.edu.ar\/sitio\/wp-json\/wp\/v2\/types\/page"}],"author":[{"embeddable":true,"href":"https:\/\/ens9002-infd.mendoza.edu.ar\/sitio\/wp-json\/wp\/v2\/users\/10055"}],"replies":[{"embeddable":true,"href":"https:\/\/ens9002-infd.mendoza.edu.ar\/sitio\/wp-json\/wp\/v2\/comments?post=12119"}],"version-history":[{"count":20,"href":"https:\/\/ens9002-infd.mendoza.edu.ar\/sitio\/wp-json\/wp\/v2\/pages\/12119\/revisions"}],"predecessor-version":[{"id":19532,"href":"https:\/\/ens9002-infd.mendoza.edu.ar\/sitio\/wp-json\/wp\/v2\/pages\/12119\/revisions\/19532"}],"wp:attachment":[{"href":"https:\/\/ens9002-infd.mendoza.edu.ar\/sitio\/wp-json\/wp\/v2\/media?parent=12119"}],"curies":[{"name":"wp","href":"https:\/\/api.w.org\/{rel}","templated":true}]}}