{"id":13803,"date":"2023-09-14T09:45:40","date_gmt":"2023-09-14T12:45:40","guid":{"rendered":"https:\/\/ens9002-infd.mendoza.edu.ar\/sitio\/?page_id=13803"},"modified":"2025-11-06T12:10:19","modified_gmt":"2025-11-06T15:10:19","slug":"ingreso-2024","status":"publish","type":"page","link":"https:\/\/ens9002-infd.mendoza.edu.ar\/sitio\/ingreso-2024\/","title":{"rendered":"INGRESO 2026"},"content":{"rendered":"<div class=\"wp-block-image\">\n<figure class=\"alignleft size-full is-resized\"><img decoding=\"async\" loading=\"lazy\" src=\"https:\/\/ens9002-infd.mendoza.edu.ar\/sitio\/wp-content\/uploads\/2023\/08\/Diseno-sin-titulo-2-e1691079127428.png\" alt=\"\" class=\"wp-image-13550\" width=\"136\" height=\"136\"\/><\/figure><\/div>\n\n\n<p><strong>INSCRIPCI\u00d3N<\/strong><br>Para ser aspirante al ciclo 2026, ante todo deber\u00e1s inscribirte en el instituto de modo presencial a partir del 15 de septiembre en Mitre y Montevideo, Ciudad de Mendoza.&nbsp;<\/p>\n\n\n\n<p>Para inscribirte a cualquiera de los profesorados, es necesario que hayas terminado el nivel secundario o lo hagas en los pr\u00f3ximos meses y presentes el certificado anal\u00edtico antes de la finalizaci\u00f3n del primer cuatrimestre de 2026 (en caso de que ingreses al instituto como estudiante). No hay l\u00edmite m\u00e1ximo de edad para inscribirte en ninguna de las carreras.<\/p>\n\n\n\n<p><strong><em>\u00a1ATENCI\u00d3N!<\/em><\/strong><\/p>\n\n\n\n<ul>\n<li>Si quer\u00e9s finalizar la secundaria a trav\u00e9s del <strong>programa TEM<\/strong> (Terminalidad Educativa Mendoza &#8211; ex Plan Fines), <a rel=\"noreferrer noopener\" href=\"https:\/\/ens9002-infd.mendoza.edu.ar\/sitio\/tem\/\" data-type=\"URL\" data-id=\"https:\/\/ens9002-infd.mendoza.edu.ar\/sitio\/tem\/\" target=\"_blank\">acced\u00e9 aqu\u00ed.<\/a><\/li>\n<\/ul>\n\n\n\n<ul>\n<li>Si no terminaste el secundario, ten\u00e9s 25 a\u00f1os o m\u00e1s y quer\u00e9s cursar la tecnicatura en Producci\u00f3n Art\u00edstica y Artesanal, <a href=\"https:\/\/ens9002-infd.mendoza.edu.ar\/sitio\/aspirantes-articulo-7-2026\/\" data-type=\"URL\" data-id=\"https:\/\/ens9002-infd.mendoza.edu.ar\/sitio\/aspirantes-articulo-7-2026\/\" target=\"_blank\" rel=\"noreferrer noopener\">acced\u00e9 aqu\u00ed. <\/a><\/li>\n<\/ul>\n\n\n\n<p>Para inscribirte como aspirante al ciclo 2026, podr\u00e1s acercarte de lunes a viernes de 8.30 a 17 y de 18.30 a 22 h. a Mitre y Montevideo, Ciudad de Mendoza. No es necesario que presentes ninguna documentaci\u00f3n. Ten\u00e9s que dirigirte a la Asociaci\u00f3n Civil Cooperadora del instituto (primer piso, edificio situado en calle Montevideo, esquina Mitre). Al completar el formulario, tendr\u00e1s la posibilidad de elegir el turno de cursado (solo en aquellas carreras que se cursan en m\u00e1s de una franja horaria). Luego te entregaremos la <em>Agenda de Aspirantes 202<\/em>6, que contiene informaci\u00f3n imprescindible para tu desempe\u00f1o y ser\u00e1 tambi\u00e9n tu ayudamemoria.<\/p>\n\n\n\n<p>Para ingresar al instituto, tendr\u00e1s que rendir tres ex\u00e1menes:<\/p>\n\n\n\n<p><em>INSTANCIA JURISDICCIONAL<\/em><\/p>\n\n\n\n<ul>\n<li><em>Comprensi\u00f3n y producci\u00f3n de textos<\/em><\/li>\n\n\n\n<li><em>Razonamiento l\u00f3gico y resoluci\u00f3n de problemas<\/em><\/li>\n<\/ul>\n\n\n\n<p>Tanto los y las estudiantes <em>que quieran comenzar a cursar una nueva carrera<\/em> que sean o no parte del instituto deben rendir la instancia de ingreso jurisdiccional. Solo se exime a aquellas personas que ya tengan un t\u00edtulo de nivel superior. <\/p>\n\n\n\n<p><em>INSTANCIA INSTITUCIONAL<\/em><\/p>\n\n\n\n<ul>\n<li><em>Formaci\u00f3n espec\u00edfica de la carrera<\/em><\/li>\n<\/ul>\n\n\n\n<p>Este examen deben rendirlo todos los y las aspirantes. Los y las estudiantes que realicen reinscripci\u00f3n dentro de la misma carrera no deber\u00edan rendir el examen de ingreso como lo expresa la normativa vigente (Res. 1286\/24 RAM).<\/p>\n\n\n\n<p><\/p>\n\n\n\n<div class=\"wp-block-buttons is-layout-flex\">\n<div class=\"wp-block-button aligncenter\"><a class=\"wp-block-button__link wp-element-button\" href=\"https:\/\/ens9002-infd.mendoza.edu.ar\/sitio\/inscripciones-2024\/\">INICIO<\/a><\/div>\n<\/div>\n","protected":false},"excerpt":{"rendered":"<p>INSCRIPCI\u00d3NPara ser aspirante al ciclo 2026, ante todo deber\u00e1s inscribirte en el instituto de modo presencial a partir del 15 de septiembre en Mitre y Montevideo, Ciudad de Mendoza.&nbsp; Para inscribirte a cualquiera de los profesorados, es necesario que hayas terminado el nivel secundario o lo hagas en los pr\u00f3ximos meses y presentes el certificado &#8230; <a title=\"INGRESO 2026\" class=\"read-more\" href=\"https:\/\/ens9002-infd.mendoza.edu.ar\/sitio\/ingreso-2024\/\" aria-label=\"More on INGRESO 2026\">[+]<\/a><\/p>\n","protected":false},"author":4776,"featured_media":0,"parent":0,"menu_order":0,"comment_status":"closed","ping_status":"closed","template":"","meta":[],"acf":[],"_links":{"self":[{"href":"https:\/\/ens9002-infd.mendoza.edu.ar\/sitio\/wp-json\/wp\/v2\/pages\/13803"}],"collection":[{"href":"https:\/\/ens9002-infd.mendoza.edu.ar\/sitio\/wp-json\/wp\/v2\/pages"}],"about":[{"href":"https:\/\/ens9002-infd.mendoza.edu.ar\/sitio\/wp-json\/wp\/v2\/types\/page"}],"author":[{"embeddable":true,"href":"https:\/\/ens9002-infd.mendoza.edu.ar\/sitio\/wp-json\/wp\/v2\/users\/4776"}],"replies":[{"embeddable":true,"href":"https:\/\/ens9002-infd.mendoza.edu.ar\/sitio\/wp-json\/wp\/v2\/comments?post=13803"}],"version-history":[{"count":41,"href":"https:\/\/ens9002-infd.mendoza.edu.ar\/sitio\/wp-json\/wp\/v2\/pages\/13803\/revisions"}],"predecessor-version":[{"id":19727,"href":"https:\/\/ens9002-infd.mendoza.edu.ar\/sitio\/wp-json\/wp\/v2\/pages\/13803\/revisions\/19727"}],"wp:attachment":[{"href":"https:\/\/ens9002-infd.mendoza.edu.ar\/sitio\/wp-json\/wp\/v2\/media?parent=13803"}],"curies":[{"name":"wp","href":"https:\/\/api.w.org\/{rel}","templated":true}]}}

<div class="wp-block-image">
<figure class="alignleft size-full is-resized"><img decoding="async" loading="lazy" src="https://ens9002-infd.mendoza.edu.ar/sitio/wp-content/uploads/2023/08/Diseno-sin-titulo-2-e1691079127428.png" alt="" class="wp-image-13550" width="136" height="136"/></figure></div>


<p><strong>INSCRIPCIÓN</strong><br>Para ser aspirante al ciclo 2026, ante todo deberás inscribirte en el instituto de modo presencial a partir del 15 de septiembre en Mitre y Montevideo, Ciudad de Mendoza.&nbsp;</p>



<p>Para inscribirte a cualquiera de los profesorados, es necesario que hayas terminado el nivel secundario o lo hagas en los próximos meses y presentes el certificado analítico antes de la finalización del primer cuatrimestre de 2026 (en caso de que ingreses al instituto como estudiante). No hay límite máximo de edad para inscribirte en ninguna de las carreras.</p>



<p><strong><em>¡ATENCIÓN!</em></strong></p>



<ul>
<li>Si querés finalizar la secundaria a través del <strong>programa TEM</strong> (Terminalidad Educativa Mendoza &#8211; ex Plan Fines), <a rel="noreferrer noopener" href="https://ens9002-infd.mendoza.edu.ar/sitio/tem/" data-type="URL" data-id="https://ens9002-infd.mendoza.edu.ar/sitio/tem/" target="_blank">accedé aquí.</a></li>
</ul>



<ul>
<li>Si no terminaste el secundario, tenés 25 años o más y querés cursar la tecnicatura en Producción Artística y Artesanal, <a href="https://ens9002-infd.mendoza.edu.ar/sitio/aspirantes-articulo-7-2026/" data-type="URL" data-id="https://ens9002-infd.mendoza.edu.ar/sitio/aspirantes-articulo-7-2026/" target="_blank" rel="noreferrer noopener">accedé aquí. </a></li>
</ul>



<p>Para inscribirte como aspirante al ciclo 2026, podrás acercarte de lunes a viernes de 8.30 a 17 y de 18.30 a 22 h. a Mitre y Montevideo, Ciudad de Mendoza. No es necesario que presentes ninguna documentación. Tenés que dirigirte a la Asociación Civil Cooperadora del instituto (primer piso, edificio situado en calle Montevideo, esquina Mitre). Al completar el formulario, tendrás la posibilidad de elegir el turno de cursado (solo en aquellas carreras que se cursan en más de una franja horaria). Luego te entregaremos la <em>Agenda de Aspirantes 202</em>6, que contiene información imprescindible para tu desempeño y será también tu ayudamemoria.</p>



<p>Para ingresar al instituto, tendrás que rendir tres exámenes:</p>



<p><em>INSTANCIA JURISDICCIONAL</em></p>



<ul>
<li><em>Comprensión y producción de textos</em></li>



<li><em>Razonamiento lógico y resolución de problemas</em></li>
</ul>



<p>Tanto los y las estudiantes <em>que quieran comenzar a cursar una nueva carrera</em> que sean o no parte del instituto deben rendir la instancia de ingreso jurisdiccional. Solo se exime a aquellas personas que ya tengan un título de nivel superior. </p>



<p><em>INSTANCIA INSTITUCIONAL</em></p>



<ul>
<li><em>Formación específica de la carrera</em></li>
</ul>



<p>Este examen deben rendirlo todos los y las aspirantes. Los y las estudiantes que realicen reinscripción dentro de la misma carrera no deberían rendir el examen de ingreso como lo expresa la normativa vigente (Res. 1286/24 RAM).</p>



<p></p>



<div class="wp-block-buttons is-layout-flex">
<div class="wp-block-button aligncenter"><a class="wp-block-button__link wp-element-button" href="https://ens9002-infd.mendoza.edu.ar/sitio/inscripciones-2024/">INICIO</a></div>
</div>

<p>INSCRIPCIÓNPara ser aspirante al ciclo 2026, ante todo deberás inscribirte en el instituto de modo presencial a partir del 15 de septiembre en Mitre y Montevideo, Ciudad de Mendoza.&nbsp; Para inscribirte a cualquiera de los profesorados, es necesario que hayas terminado el nivel secundario o lo hagas en los próximos meses y presentes el certificado &#8230; <a title="INGRESO 2026" class="read-more" href="https://ens9002-infd.mendoza.edu.ar/sitio/ingreso-2024/" aria-label="More on INGRESO 2026">[+]</a></p>
