{"id":13822,"date":"2023-09-14T10:13:31","date_gmt":"2023-09-14T13:13:31","guid":{"rendered":"https:\/\/ens9002-infd.mendoza.edu.ar\/sitio\/?page_id=13822"},"modified":"2025-11-19T14:48:30","modified_gmt":"2025-11-19T17:48:30","slug":"cuadernillos-ingreso-2024","status":"publish","type":"page","link":"https:\/\/ens9002-infd.mendoza.edu.ar\/sitio\/cuadernillos-ingreso-2024\/","title":{"rendered":"Cuadernillos Ingreso 2026"},"content":{"rendered":"<div class=\"wp-block-image\">\n<figure class=\"aligncenter size-full is-resized\"><img decoding=\"async\" loading=\"lazy\" src=\"https:\/\/ens9002-infd.mendoza.edu.ar\/sitio\/wp-content\/uploads\/2023\/08\/Diseno-sin-titulo-6-e1691079223811.png\" alt=\"\" class=\"wp-image-13546\" width=\"282\" height=\"282\"\/><\/figure><\/div>\n\n\n<div style=\"height:36px\" aria-hidden=\"true\" class=\"wp-block-spacer\"><\/div>\n\n\n\n<p>Los cuadernillos ser\u00e1n material de apoyo durante el ciclo de ingreso y fuente de informaci\u00f3n y formaci\u00f3n para rendir. Record\u00e1 que <em>cualquiera sea la carrera que <\/em>elijas,, tendr\u00e1s que rendir ex\u00e1menes jurisdiccionales de <em>Comprensi\u00f3n y producci\u00f3n de textos<\/em> y de <em>Razonamiento l\u00f3gico y resoluci\u00f3n de problemas<\/em> a la vez que el <em>examen espec\u00edfico de tu carrera<\/em>.<em> <\/em>En virtud de esto, deb\u00e9s descargar los siguientes cuadernillos:<\/p>\n\n\n\n<ul>\n<li><em>Formaci\u00f3n general<\/em>: aqu\u00ed encontrar\u00e1s materiales que te servir\u00e1n para conocer qu\u00e9 significa estudiar en el nivel superior.<\/li>\n\n\n\n<li><em>Comprensi\u00f3n y producci\u00f3n de textos<\/em>: contiene teor\u00eda y pr\u00e1ctica de Lengua.<\/li>\n\n\n\n<li><em>Razonamiento l\u00f3gico y resoluci\u00f3n de problema<\/em>s: desarrolla teor\u00eda y pr\u00e1ctica de Matem\u00e1tica.<\/li>\n\n\n\n<li><em>Espec\u00edfico de la carrera<\/em>: con textos y ejercicios relativos a la carrera que decidiste estudiar.<\/li>\n<\/ul>\n\n\n\n<p>Para abordar todos los cuadernillos, habr\u00e1 talleres y clases de consulta pero es necesario que los leas y trabajes de manera aut\u00f3noma. De esta forma, luego asistir\u00e1s a los encuentros con dudas puntuales para salvar. <\/p>\n\n\n\n<p><\/p>\n\n\n\n<div style=\"height:32px\" aria-hidden=\"true\" class=\"wp-block-spacer\"><\/div>\n\n\n\n<div class=\"wp-block-columns is-layout-flex wp-container-4\">\n<div class=\"wp-block-column is-layout-flow\">\n<figure class=\"wp-block-image size-large\"><a href=\"https:\/\/drive.google.com\/file\/d\/1TeFM5n34LQ4yd8VkmKu4B7-kd9_sMepT\/view?usp=sharing\"><img decoding=\"async\" loading=\"lazy\" width=\"1343\" height=\"1900\" src=\"https:\/\/ens9002-infd.mendoza.edu.ar\/sitio\/wp-content\/uploads\/2025\/10\/3-1-1343x1900.jpg\" alt=\"\" class=\"wp-image-19589\" srcset=\"https:\/\/ens9002-infd.mendoza.edu.ar\/sitio\/wp-content\/uploads\/2025\/10\/3-1-1343x1900.jpg 1343w, https:\/\/ens9002-infd.mendoza.edu.ar\/sitio\/wp-content\/uploads\/2025\/10\/3-1-707x1000.jpg 707w, https:\/\/ens9002-infd.mendoza.edu.ar\/sitio\/wp-content\/uploads\/2025\/10\/3-1-768x1086.jpg 768w, https:\/\/ens9002-infd.mendoza.edu.ar\/sitio\/wp-content\/uploads\/2025\/10\/3-1-1086x1536.jpg 1086w, https:\/\/ens9002-infd.mendoza.edu.ar\/sitio\/wp-content\/uploads\/2025\/10\/3-1.jpg 1414w\" sizes=\"(max-width: 1343px) 100vw, 1343px\" \/><\/a><\/figure>\n<\/div>\n\n\n\n<div class=\"wp-block-column is-layout-flow\">\n<figure class=\"wp-block-image size-large\"><a href=\"https:\/\/drive.google.com\/file\/d\/1MrHoqiC4W_eSTcFuAygq1w-Nsp_mCOhT\/view?usp=sharing\"><img decoding=\"async\" loading=\"lazy\" width=\"1343\" height=\"1900\" src=\"https:\/\/ens9002-infd.mendoza.edu.ar\/sitio\/wp-content\/uploads\/2025\/10\/1-1343x1900.jpg\" alt=\"\" class=\"wp-image-19584\" srcset=\"https:\/\/ens9002-infd.mendoza.edu.ar\/sitio\/wp-content\/uploads\/2025\/10\/1-1343x1900.jpg 1343w, https:\/\/ens9002-infd.mendoza.edu.ar\/sitio\/wp-content\/uploads\/2025\/10\/1-707x1000.jpg 707w, https:\/\/ens9002-infd.mendoza.edu.ar\/sitio\/wp-content\/uploads\/2025\/10\/1-768x1086.jpg 768w, https:\/\/ens9002-infd.mendoza.edu.ar\/sitio\/wp-content\/uploads\/2025\/10\/1-1086x1536.jpg 1086w, https:\/\/ens9002-infd.mendoza.edu.ar\/sitio\/wp-content\/uploads\/2025\/10\/1.jpg 1414w\" sizes=\"(max-width: 1343px) 100vw, 1343px\" \/><\/a><\/figure>\n<\/div>\n\n\n\n<div class=\"wp-block-column is-layout-flow\">\n<figure class=\"wp-block-image size-large\"><a href=\"https:\/\/drive.google.com\/file\/d\/174Na9LmHYFKYPN3xUZjZti5OAfFR6c3P\/view?usp=sharing\"><img decoding=\"async\" loading=\"lazy\" width=\"1343\" height=\"1900\" src=\"https:\/\/ens9002-infd.mendoza.edu.ar\/sitio\/wp-content\/uploads\/2025\/10\/2-1343x1900.jpg\" alt=\"\" class=\"wp-image-19585\" srcset=\"https:\/\/ens9002-infd.mendoza.edu.ar\/sitio\/wp-content\/uploads\/2025\/10\/2-1343x1900.jpg 1343w, https:\/\/ens9002-infd.mendoza.edu.ar\/sitio\/wp-content\/uploads\/2025\/10\/2-707x1000.jpg 707w, https:\/\/ens9002-infd.mendoza.edu.ar\/sitio\/wp-content\/uploads\/2025\/10\/2-768x1086.jpg 768w, https:\/\/ens9002-infd.mendoza.edu.ar\/sitio\/wp-content\/uploads\/2025\/10\/2-1086x1536.jpg 1086w, https:\/\/ens9002-infd.mendoza.edu.ar\/sitio\/wp-content\/uploads\/2025\/10\/2.jpg 1414w\" sizes=\"(max-width: 1343px) 100vw, 1343px\" \/><\/a><\/figure>\n<\/div>\n<\/div>\n\n\n\n<p class=\"has-text-align-center\"><em><strong>SI QUER\u00c9S REALIZAR A\u00daN M\u00c1S EJERCITACI\u00d3N SOBRE RAZONAMIENTO L\u00d3GICO Y RESOLUCI\u00d3N DE PROBLEMAS, INGRES\u00c1 <a href=\"https:\/\/drive.google.com\/file\/d\/1Iyw2ygOW1W95q3W1F__ZZr4Cm-Wa7M6g\/view?usp=sharing\" data-type=\"URL\" data-id=\"https:\/\/drive.google.com\/file\/d\/1Iyw2ygOW1W95q3W1F__ZZr4Cm-Wa7M6g\/view?usp=sharing\" target=\"_blank\" rel=\"noreferrer noopener\">AQU\u00cd<\/a>.<\/strong><\/em><\/p>\n\n\n\n<div style=\"height:40px\" aria-hidden=\"true\" class=\"wp-block-spacer\"><\/div>\n\n\n\n<p class=\"has-base-2-color has-text-color has-background has-medium-font-size\" style=\"background-color:#233d72\">FORMACI\u00d3N ESPEC\u00cdFICA<\/p>\n\n\n\n<div style=\"height:37px\" aria-hidden=\"true\" class=\"wp-block-spacer\"><\/div>\n\n\n\n<div class=\"wp-block-columns is-layout-flex wp-container-8\">\n<div class=\"wp-block-column is-layout-flow\">\n<figure class=\"wp-block-image size-large\"><a href=\"https:\/\/drive.google.com\/file\/d\/1LD1sVwEsOug9GvAP-4fwUYzmcwPouZeK\/view?usp=sharing\"><img decoding=\"async\" loading=\"lazy\" width=\"1343\" height=\"1900\" src=\"https:\/\/ens9002-infd.mendoza.edu.ar\/sitio\/wp-content\/uploads\/2025\/10\/4-1-1343x1900.jpg\" alt=\"\" class=\"wp-image-19590\" srcset=\"https:\/\/ens9002-infd.mendoza.edu.ar\/sitio\/wp-content\/uploads\/2025\/10\/4-1-1343x1900.jpg 1343w, https:\/\/ens9002-infd.mendoza.edu.ar\/sitio\/wp-content\/uploads\/2025\/10\/4-1-707x1000.jpg 707w, https:\/\/ens9002-infd.mendoza.edu.ar\/sitio\/wp-content\/uploads\/2025\/10\/4-1-768x1086.jpg 768w, https:\/\/ens9002-infd.mendoza.edu.ar\/sitio\/wp-content\/uploads\/2025\/10\/4-1-1086x1536.jpg 1086w, https:\/\/ens9002-infd.mendoza.edu.ar\/sitio\/wp-content\/uploads\/2025\/10\/4-1.jpg 1414w\" sizes=\"(max-width: 1343px) 100vw, 1343px\" \/><\/a><\/figure>\n<\/div>\n\n\n\n<div class=\"wp-block-column is-layout-flow\">\n<figure class=\"wp-block-image size-large\"><a href=\"https:\/\/drive.google.com\/file\/d\/1wVWzLsxwXahnKuSxtZquvlRvjKt-AbQS\/view?usp=sharing\"><img decoding=\"async\" loading=\"lazy\" width=\"1343\" height=\"1900\" src=\"https:\/\/ens9002-infd.mendoza.edu.ar\/sitio\/wp-content\/uploads\/2025\/10\/5-1343x1900.jpg\" alt=\"\" class=\"wp-image-19591\" srcset=\"https:\/\/ens9002-infd.mendoza.edu.ar\/sitio\/wp-content\/uploads\/2025\/10\/5-1343x1900.jpg 1343w, https:\/\/ens9002-infd.mendoza.edu.ar\/sitio\/wp-content\/uploads\/2025\/10\/5-707x1000.jpg 707w, https:\/\/ens9002-infd.mendoza.edu.ar\/sitio\/wp-content\/uploads\/2025\/10\/5-768x1086.jpg 768w, https:\/\/ens9002-infd.mendoza.edu.ar\/sitio\/wp-content\/uploads\/2025\/10\/5-1086x1536.jpg 1086w, https:\/\/ens9002-infd.mendoza.edu.ar\/sitio\/wp-content\/uploads\/2025\/10\/5.jpg 1414w\" sizes=\"(max-width: 1343px) 100vw, 1343px\" \/><\/a><\/figure>\n<\/div>\n\n\n\n<div class=\"wp-block-column is-layout-flow\">\n<figure class=\"wp-block-image size-large\"><a href=\"https:\/\/drive.google.com\/file\/d\/1xUEFyllOdOR89sAjW1Nf4Kazjtx5FIxQ\/view?usp=sharing\"><img decoding=\"async\" loading=\"lazy\" width=\"1343\" height=\"1900\" src=\"https:\/\/ens9002-infd.mendoza.edu.ar\/sitio\/wp-content\/uploads\/2025\/10\/6-1343x1900.jpg\" alt=\"\" class=\"wp-image-19592\" srcset=\"https:\/\/ens9002-infd.mendoza.edu.ar\/sitio\/wp-content\/uploads\/2025\/10\/6-1343x1900.jpg 1343w, https:\/\/ens9002-infd.mendoza.edu.ar\/sitio\/wp-content\/uploads\/2025\/10\/6-707x1000.jpg 707w, https:\/\/ens9002-infd.mendoza.edu.ar\/sitio\/wp-content\/uploads\/2025\/10\/6-768x1086.jpg 768w, https:\/\/ens9002-infd.mendoza.edu.ar\/sitio\/wp-content\/uploads\/2025\/10\/6-1086x1536.jpg 1086w, https:\/\/ens9002-infd.mendoza.edu.ar\/sitio\/wp-content\/uploads\/2025\/10\/6.jpg 1414w\" sizes=\"(max-width: 1343px) 100vw, 1343px\" \/><\/a><\/figure>\n<\/div>\n<\/div>\n\n\n\n<p><\/p>\n\n\n\n<div class=\"wp-block-columns is-layout-flex wp-container-12\">\n<div class=\"wp-block-column is-layout-flow\">\n<figure class=\"wp-block-image size-large\"><a href=\"https:\/\/drive.google.com\/file\/d\/1txyKmz9Maei6sbuO4xKrnLKKqfMOo2nq\/view?usp=sharing\"><img decoding=\"async\" loading=\"lazy\" width=\"1343\" height=\"1900\" src=\"https:\/\/ens9002-infd.mendoza.edu.ar\/sitio\/wp-content\/uploads\/2025\/10\/7-1343x1900.jpg\" alt=\"\" class=\"wp-image-19593\" srcset=\"https:\/\/ens9002-infd.mendoza.edu.ar\/sitio\/wp-content\/uploads\/2025\/10\/7-1343x1900.jpg 1343w, https:\/\/ens9002-infd.mendoza.edu.ar\/sitio\/wp-content\/uploads\/2025\/10\/7-707x1000.jpg 707w, https:\/\/ens9002-infd.mendoza.edu.ar\/sitio\/wp-content\/uploads\/2025\/10\/7-768x1086.jpg 768w, https:\/\/ens9002-infd.mendoza.edu.ar\/sitio\/wp-content\/uploads\/2025\/10\/7-1086x1536.jpg 1086w, https:\/\/ens9002-infd.mendoza.edu.ar\/sitio\/wp-content\/uploads\/2025\/10\/7.jpg 1414w\" sizes=\"(max-width: 1343px) 100vw, 1343px\" \/><\/a><\/figure>\n<\/div>\n\n\n\n<div class=\"wp-block-column is-layout-flow\">\n<figure class=\"wp-block-image size-large\"><a href=\"https:\/\/drive.google.com\/file\/d\/1-Exxr7SaukdqKy-z8xcXct39pltScwUV\/view?usp=sharing\"><img decoding=\"async\" loading=\"lazy\" width=\"1343\" height=\"1900\" src=\"https:\/\/ens9002-infd.mendoza.edu.ar\/sitio\/wp-content\/uploads\/2025\/10\/8-1343x1900.jpg\" alt=\"\" class=\"wp-image-19594\" srcset=\"https:\/\/ens9002-infd.mendoza.edu.ar\/sitio\/wp-content\/uploads\/2025\/10\/8-1343x1900.jpg 1343w, https:\/\/ens9002-infd.mendoza.edu.ar\/sitio\/wp-content\/uploads\/2025\/10\/8-707x1000.jpg 707w, https:\/\/ens9002-infd.mendoza.edu.ar\/sitio\/wp-content\/uploads\/2025\/10\/8-768x1086.jpg 768w, https:\/\/ens9002-infd.mendoza.edu.ar\/sitio\/wp-content\/uploads\/2025\/10\/8-1086x1536.jpg 1086w, https:\/\/ens9002-infd.mendoza.edu.ar\/sitio\/wp-content\/uploads\/2025\/10\/8.jpg 1414w\" sizes=\"(max-width: 1343px) 100vw, 1343px\" \/><\/a><\/figure>\n<\/div>\n\n\n\n<div class=\"wp-block-column is-layout-flow\">\n<figure class=\"wp-block-image size-large\"><a href=\"https:\/\/drive.google.com\/file\/d\/10Kcpz4qRNSkUmZ9wDWWJCXKv_tG580mX\/view?usp=sharing\"><img decoding=\"async\" loading=\"lazy\" width=\"1343\" height=\"1900\" src=\"https:\/\/ens9002-infd.mendoza.edu.ar\/sitio\/wp-content\/uploads\/2025\/10\/9-1343x1900.jpg\" alt=\"\" class=\"wp-image-19595\" srcset=\"https:\/\/ens9002-infd.mendoza.edu.ar\/sitio\/wp-content\/uploads\/2025\/10\/9-1343x1900.jpg 1343w, https:\/\/ens9002-infd.mendoza.edu.ar\/sitio\/wp-content\/uploads\/2025\/10\/9-707x1000.jpg 707w, https:\/\/ens9002-infd.mendoza.edu.ar\/sitio\/wp-content\/uploads\/2025\/10\/9-768x1086.jpg 768w, https:\/\/ens9002-infd.mendoza.edu.ar\/sitio\/wp-content\/uploads\/2025\/10\/9-1086x1536.jpg 1086w, https:\/\/ens9002-infd.mendoza.edu.ar\/sitio\/wp-content\/uploads\/2025\/10\/9.jpg 1414w\" sizes=\"(max-width: 1343px) 100vw, 1343px\" \/><\/a><\/figure>\n<\/div>\n<\/div>\n\n\n\n<p><\/p>\n\n\n\n<div class=\"wp-block-columns is-layout-flex wp-container-16\">\n<div class=\"wp-block-column is-layout-flow\">\n<figure class=\"wp-block-image size-large\"><a href=\"https:\/\/drive.google.com\/file\/d\/1yM7Vvnw7WFztg3gMJkZxpJOdH2Uy1zPb\/view?usp=sharing\"><img decoding=\"async\" loading=\"lazy\" width=\"1343\" height=\"1900\" src=\"https:\/\/ens9002-infd.mendoza.edu.ar\/sitio\/wp-content\/uploads\/2025\/10\/10-1343x1900.jpg\" alt=\"\" class=\"wp-image-19596\" srcset=\"https:\/\/ens9002-infd.mendoza.edu.ar\/sitio\/wp-content\/uploads\/2025\/10\/10-1343x1900.jpg 1343w, https:\/\/ens9002-infd.mendoza.edu.ar\/sitio\/wp-content\/uploads\/2025\/10\/10-707x1000.jpg 707w, https:\/\/ens9002-infd.mendoza.edu.ar\/sitio\/wp-content\/uploads\/2025\/10\/10-768x1086.jpg 768w, https:\/\/ens9002-infd.mendoza.edu.ar\/sitio\/wp-content\/uploads\/2025\/10\/10-1086x1536.jpg 1086w, https:\/\/ens9002-infd.mendoza.edu.ar\/sitio\/wp-content\/uploads\/2025\/10\/10.jpg 1414w\" sizes=\"(max-width: 1343px) 100vw, 1343px\" \/><\/a><\/figure>\n<\/div>\n\n\n\n<div class=\"wp-block-column is-layout-flow\">\n<figure class=\"wp-block-image size-large\"><a href=\"https:\/\/drive.google.com\/file\/d\/1gqXrXkEF9YgIibg7m6CxcAL9mLxKSGCp\/view?usp=sharing\"><img decoding=\"async\" loading=\"lazy\" width=\"1343\" height=\"1900\" src=\"https:\/\/ens9002-infd.mendoza.edu.ar\/sitio\/wp-content\/uploads\/2025\/10\/11-1343x1900.jpg\" alt=\"\" class=\"wp-image-19597\" srcset=\"https:\/\/ens9002-infd.mendoza.edu.ar\/sitio\/wp-content\/uploads\/2025\/10\/11-1343x1900.jpg 1343w, https:\/\/ens9002-infd.mendoza.edu.ar\/sitio\/wp-content\/uploads\/2025\/10\/11-707x1000.jpg 707w, https:\/\/ens9002-infd.mendoza.edu.ar\/sitio\/wp-content\/uploads\/2025\/10\/11-768x1086.jpg 768w, https:\/\/ens9002-infd.mendoza.edu.ar\/sitio\/wp-content\/uploads\/2025\/10\/11-1086x1536.jpg 1086w, https:\/\/ens9002-infd.mendoza.edu.ar\/sitio\/wp-content\/uploads\/2025\/10\/11.jpg 1414w\" sizes=\"(max-width: 1343px) 100vw, 1343px\" \/><\/a><\/figure>\n<\/div>\n\n\n\n<div class=\"wp-block-column is-layout-flow\">\n<figure class=\"wp-block-image size-large\"><a href=\"https:\/\/drive.google.com\/file\/d\/1uRfABqtRdNvmVi8e-oPRmzCBER7oU4be\/view?usp=sharing\"><img decoding=\"async\" loading=\"lazy\" width=\"1343\" height=\"1900\" src=\"https:\/\/ens9002-infd.mendoza.edu.ar\/sitio\/wp-content\/uploads\/2025\/10\/12-1343x1900.jpg\" alt=\"\" class=\"wp-image-19598\" srcset=\"https:\/\/ens9002-infd.mendoza.edu.ar\/sitio\/wp-content\/uploads\/2025\/10\/12-1343x1900.jpg 1343w, https:\/\/ens9002-infd.mendoza.edu.ar\/sitio\/wp-content\/uploads\/2025\/10\/12-707x1000.jpg 707w, https:\/\/ens9002-infd.mendoza.edu.ar\/sitio\/wp-content\/uploads\/2025\/10\/12-768x1086.jpg 768w, https:\/\/ens9002-infd.mendoza.edu.ar\/sitio\/wp-content\/uploads\/2025\/10\/12-1086x1536.jpg 1086w, https:\/\/ens9002-infd.mendoza.edu.ar\/sitio\/wp-content\/uploads\/2025\/10\/12.jpg 1414w\" sizes=\"(max-width: 1343px) 100vw, 1343px\" \/><\/a><\/figure>\n<\/div>\n<\/div>\n\n\n\n<div class=\"wp-block-columns is-layout-flex wp-container-20\">\n<div class=\"wp-block-column is-layout-flow\">\n<figure class=\"wp-block-image size-large\"><a href=\"https:\/\/drive.google.com\/file\/d\/1FR2qESoCBWQvCL1ThUR2v2zWVdU5kw-d\/view?usp=sharing\"><img decoding=\"async\" loading=\"lazy\" width=\"1343\" height=\"1900\" src=\"https:\/\/ens9002-infd.mendoza.edu.ar\/sitio\/wp-content\/uploads\/2025\/10\/14-1343x1900.jpg\" alt=\"\" class=\"wp-image-19599\" srcset=\"https:\/\/ens9002-infd.mendoza.edu.ar\/sitio\/wp-content\/uploads\/2025\/10\/14-1343x1900.jpg 1343w, https:\/\/ens9002-infd.mendoza.edu.ar\/sitio\/wp-content\/uploads\/2025\/10\/14-707x1000.jpg 707w, https:\/\/ens9002-infd.mendoza.edu.ar\/sitio\/wp-content\/uploads\/2025\/10\/14-768x1086.jpg 768w, https:\/\/ens9002-infd.mendoza.edu.ar\/sitio\/wp-content\/uploads\/2025\/10\/14-1086x1536.jpg 1086w, https:\/\/ens9002-infd.mendoza.edu.ar\/sitio\/wp-content\/uploads\/2025\/10\/14.jpg 1414w\" sizes=\"(max-width: 1343px) 100vw, 1343px\" \/><\/a><\/figure>\n<\/div>\n\n\n\n<div class=\"wp-block-column is-layout-flow\">\n<figure class=\"wp-block-image size-large\"><a href=\"https:\/\/drive.google.com\/file\/d\/1i6eHbD5Zx8rOozi28JqjqLh6js2IywtY\/view?usp=sharing\"><img decoding=\"async\" loading=\"lazy\" width=\"1343\" height=\"1900\" src=\"https:\/\/ens9002-infd.mendoza.edu.ar\/sitio\/wp-content\/uploads\/2025\/10\/13-1343x1900.jpg\" alt=\"\" class=\"wp-image-19600\" srcset=\"https:\/\/ens9002-infd.mendoza.edu.ar\/sitio\/wp-content\/uploads\/2025\/10\/13-1343x1900.jpg 1343w, https:\/\/ens9002-infd.mendoza.edu.ar\/sitio\/wp-content\/uploads\/2025\/10\/13-707x1000.jpg 707w, https:\/\/ens9002-infd.mendoza.edu.ar\/sitio\/wp-content\/uploads\/2025\/10\/13-768x1086.jpg 768w, https:\/\/ens9002-infd.mendoza.edu.ar\/sitio\/wp-content\/uploads\/2025\/10\/13-1086x1536.jpg 1086w, https:\/\/ens9002-infd.mendoza.edu.ar\/sitio\/wp-content\/uploads\/2025\/10\/13.jpg 1414w\" sizes=\"(max-width: 1343px) 100vw, 1343px\" \/><\/a><\/figure>\n<\/div>\n\n\n\n<div class=\"wp-block-column is-layout-flow\"><\/div>\n<\/div>\n\n\n\n<div class=\"wp-block-buttons is-layout-flex\">\n<div class=\"wp-block-button aligncenter\"><a class=\"wp-block-button__link wp-element-button\" href=\"https:\/\/ens9002-infd.mendoza.edu.ar\/sitio\/inscripciones-2024\/\">INCIO<\/a><\/div>\n<\/div>\n","protected":false},"excerpt":{"rendered":"<p>Los cuadernillos ser\u00e1n material de apoyo durante el ciclo de ingreso y fuente de informaci\u00f3n y formaci\u00f3n para rendir. Record\u00e1 que cualquiera sea la carrera que elijas,, tendr\u00e1s que rendir ex\u00e1menes jurisdiccionales de Comprensi\u00f3n y producci\u00f3n de textos y de Razonamiento l\u00f3gico y resoluci\u00f3n de problemas a la vez que el examen espec\u00edfico de tu &#8230; <a title=\"Cuadernillos Ingreso 2026\" class=\"read-more\" href=\"https:\/\/ens9002-infd.mendoza.edu.ar\/sitio\/cuadernillos-ingreso-2024\/\" aria-label=\"More on Cuadernillos Ingreso 2026\">[+]<\/a><\/p>\n","protected":false},"author":4776,"featured_media":0,"parent":0,"menu_order":0,"comment_status":"closed","ping_status":"closed","template":"","meta":[],"acf":[],"_links":{"self":[{"href":"https:\/\/ens9002-infd.mendoza.edu.ar\/sitio\/wp-json\/wp\/v2\/pages\/13822"}],"collection":[{"href":"https:\/\/ens9002-infd.mendoza.edu.ar\/sitio\/wp-json\/wp\/v2\/pages"}],"about":[{"href":"https:\/\/ens9002-infd.mendoza.edu.ar\/sitio\/wp-json\/wp\/v2\/types\/page"}],"author":[{"embeddable":true,"href":"https:\/\/ens9002-infd.mendoza.edu.ar\/sitio\/wp-json\/wp\/v2\/users\/4776"}],"replies":[{"embeddable":true,"href":"https:\/\/ens9002-infd.mendoza.edu.ar\/sitio\/wp-json\/wp\/v2\/comments?post=13822"}],"version-history":[{"count":78,"href":"https:\/\/ens9002-infd.mendoza.edu.ar\/sitio\/wp-json\/wp\/v2\/pages\/13822\/revisions"}],"predecessor-version":[{"id":19777,"href":"https:\/\/ens9002-infd.mendoza.edu.ar\/sitio\/wp-json\/wp\/v2\/pages\/13822\/revisions\/19777"}],"wp:attachment":[{"href":"https:\/\/ens9002-infd.mendoza.edu.ar\/sitio\/wp-json\/wp\/v2\/media?parent=13822"}],"curies":[{"name":"wp","href":"https:\/\/api.w.org\/{rel}","templated":true}]}}