{"id":14856,"date":"2024-03-14T11:20:55","date_gmt":"2024-03-14T14:20:55","guid":{"rendered":"https:\/\/ens9002-infd.mendoza.edu.ar\/sitio\/?page_id=14856"},"modified":"2026-04-21T22:19:46","modified_gmt":"2026-04-22T01:19:46","slug":"informacion-bedelia","status":"publish","type":"page","link":"https:\/\/ens9002-infd.mendoza.edu.ar\/sitio\/informacion-bedelia\/","title":{"rendered":"Informaci\u00f3n Bedel\u00eda"},"content":{"rendered":"<div class=\"wp-block-image\">\n<figure class=\"aligncenter size-full is-resized\"><img decoding=\"async\" loading=\"lazy\" src=\"https:\/\/ens9002-infd.mendoza.edu.ar\/sitio\/wp-content\/uploads\/2024\/03\/3.png\" alt=\"\" class=\"wp-image-14768\" width=\"266\" height=\"266\" srcset=\"https:\/\/ens9002-infd.mendoza.edu.ar\/sitio\/wp-content\/uploads\/2024\/03\/3.png 1080w, https:\/\/ens9002-infd.mendoza.edu.ar\/sitio\/wp-content\/uploads\/2024\/03\/3-1000x1000.png 1000w, https:\/\/ens9002-infd.mendoza.edu.ar\/sitio\/wp-content\/uploads\/2024\/03\/3-500x500.png 500w, https:\/\/ens9002-infd.mendoza.edu.ar\/sitio\/wp-content\/uploads\/2024\/03\/3-768x768.png 768w\" sizes=\"(max-width: 266px) 100vw, 266px\" \/><\/figure><\/div>\n\n\n<h4 class=\"wp-block-heading\">Informaci\u00f3n Bedel\u00eda<\/h4>\n\n\n\n<ul>\n<li>Profesorado de Artes Visuales | Bedel: Sof\u00eda Ferrer  &#8211; Horario de atenci\u00f3n: martes a viernes 18.30 a 22 horas.<\/li>\n\n\n\n<li>Profesorado de Educaci\u00f3n Secundaria en Biolog\u00eda | Bedel: Jorge Gonz\u00e1lez &#8211; Horario de atenci\u00f3n: lunes a viernes de 18 a 22 horas.<\/li>\n\n\n\n<li>Profesorado de Educaci\u00f3n Especial | Bedel: Luc\u00eda Fagetti &#8211; Horario de atenci\u00f3n: lunes a viernes de 13 a 23 horas.<\/li>\n\n\n\n<li>Profesorado de Educaci\u00f3n Inicial | Bedel: Jorgelina D&#8217;Angelo (turno ma\u00f1ana) &#8211; Horario de atenci\u00f3n: lunes a viernes de 8 a 15 horas | Laura Pacini (turno tarde) &#8211; Horario de atenci\u00f3n: lunes a viernes de 12.30 a 17 horas.<\/li>\n\n\n\n<li>Profesorado de Educaci\u00f3n Primaria | Bedeles: Fernanda Blanquer (turno ma\u00f1ana) &#8211; Horario de atenci\u00f3n: lunes a viernes de 8.30 a 13 horas | Gisel Lupati (turno vespertino) &#8211; Horario de atenci\u00f3n: lunes a viernes de 18.30 a 23 horas.<\/li>\n\n\n\n<li>Profesorado de Educaci\u00f3n Secundaria en F\u00edsica | Bedel: Antonella Baielli &#8211; Horario de atenci\u00f3n: lunes a viernes de 18.30 a 23 horas<\/li>\n\n\n\n<li>Profesorado de Educaci\u00f3n Secundaria en Lengua y Literatura | Bedel: Luc\u00eda Fagetti &#8211; Horario de atenci\u00f3n: lunes a viernes de 13 a 22 horas.<\/li>\n\n\n\n<li>Profesorado de Educaci\u00f3n Secundaria en Matem\u00e1tica | Bedel: Luc\u00eda Fagetti (turno tarde) &#8211; Horario de atenci\u00f3n: lunes a viernes de 13 a 23 horas | Bedel (turno vespertino) | Bedel: Franco Fontana (turno vespertino) &#8211; Horario de atenci\u00f3n: lunes a viernes de 18.30 a 22.30 horas.<\/li>\n\n\n\n<li>Profesorado de Educaci\u00f3n Secundaria en Qu\u00edmica | Bedel: Antonella Baielli &#8211; Horario de atenci\u00f3n: lunes a viernes de 18.30 a 23 horas.<\/li>\n\n\n\n<li>Profesorado de Ingl\u00e9s | Bedel: Antonella Baielli &#8211; Horario de atenci\u00f3n: martes a viernes de 18.30 a 23 horas.<\/li>\n\n\n\n<li>Tecnicatura en Producci\u00f3n Art\u00edstica y Artesanal | Bedel: Mario Rub\u00edn &#8211; Horario de atenci\u00f3n: lunes a viernes desde las 18 horas.<\/li>\n<\/ul>\n\n\n\n<div class=\"wp-block-buttons is-content-justification-center is-layout-flex wp-container-1\">\n<div class=\"wp-block-button\"><a class=\"wp-block-button__link wp-element-button\" href=\"https:\/\/ens9002-infd.mendoza.edu.ar\/sitio\/informacion-para-alumnos\/\">volver a info estudiantes<\/a><\/div>\n<\/div>\n\n\n\n<figure class=\"wp-block-image\"><img alt=\"\"\/><\/figure>\n\n\n\n<figure class=\"wp-block-image\"><img alt=\"\"\/><\/figure>\n\n\n\n<figure class=\"wp-block-image\"><img alt=\"\"\/><\/figure>\n","protected":false},"excerpt":{"rendered":"<p>Informaci\u00f3n Bedel\u00eda<\/p>\n","protected":false},"author":4776,"featured_media":0,"parent":0,"menu_order":0,"comment_status":"closed","ping_status":"closed","template":"","meta":[],"acf":[],"_links":{"self":[{"href":"https:\/\/ens9002-infd.mendoza.edu.ar\/sitio\/wp-json\/wp\/v2\/pages\/14856"}],"collection":[{"href":"https:\/\/ens9002-infd.mendoza.edu.ar\/sitio\/wp-json\/wp\/v2\/pages"}],"about":[{"href":"https:\/\/ens9002-infd.mendoza.edu.ar\/sitio\/wp-json\/wp\/v2\/types\/page"}],"author":[{"embeddable":true,"href":"https:\/\/ens9002-infd.mendoza.edu.ar\/sitio\/wp-json\/wp\/v2\/users\/4776"}],"replies":[{"embeddable":true,"href":"https:\/\/ens9002-infd.mendoza.edu.ar\/sitio\/wp-json\/wp\/v2\/comments?post=14856"}],"version-history":[{"count":8,"href":"https:\/\/ens9002-infd.mendoza.edu.ar\/sitio\/wp-json\/wp\/v2\/pages\/14856\/revisions"}],"predecessor-version":[{"id":20514,"href":"https:\/\/ens9002-infd.mendoza.edu.ar\/sitio\/wp-json\/wp\/v2\/pages\/14856\/revisions\/20514"}],"wp:attachment":[{"href":"https:\/\/ens9002-infd.mendoza.edu.ar\/sitio\/wp-json\/wp\/v2\/media?parent=14856"}],"curies":[{"name":"wp","href":"https:\/\/api.w.org\/{rel}","templated":true}]}}

Información Bedelía

<div class="wp-block-image">
<figure class="aligncenter size-full is-resized"><img decoding="async" loading="lazy" src="https://ens9002-infd.mendoza.edu.ar/sitio/wp-content/uploads/2024/03/3.png" alt="" class="wp-image-14768" width="266" height="266" srcset="https://ens9002-infd.mendoza.edu.ar/sitio/wp-content/uploads/2024/03/3.png 1080w, https://ens9002-infd.mendoza.edu.ar/sitio/wp-content/uploads/2024/03/3-1000x1000.png 1000w, https://ens9002-infd.mendoza.edu.ar/sitio/wp-content/uploads/2024/03/3-500x500.png 500w, https://ens9002-infd.mendoza.edu.ar/sitio/wp-content/uploads/2024/03/3-768x768.png 768w" sizes="(max-width: 266px) 100vw, 266px" /></figure></div>


<h4 class="wp-block-heading">Información Bedelía</h4>



<ul>
<li>Profesorado de Artes Visuales | Bedel: Sofía Ferrer  &#8211; Horario de atención: martes a viernes 18.30 a 22 horas.</li>



<li>Profesorado de Educación Secundaria en Biología | Bedel: Jorge González &#8211; Horario de atención: lunes a viernes de 18 a 22 horas.</li>



<li>Profesorado de Educación Especial | Bedel: Lucía Fagetti &#8211; Horario de atención: lunes a viernes de 13 a 23 horas.</li>



<li>Profesorado de Educación Inicial | Bedel: Jorgelina D&#8217;Angelo (turno mañana) &#8211; Horario de atención: lunes a viernes de 8 a 15 horas | Laura Pacini (turno tarde) &#8211; Horario de atención: lunes a viernes de 12.30 a 17 horas.</li>



<li>Profesorado de Educación Primaria | Bedeles: Fernanda Blanquer (turno mañana) &#8211; Horario de atención: lunes a viernes de 8.30 a 13 horas | Gisel Lupati (turno vespertino) &#8211; Horario de atención: lunes a viernes de 18.30 a 23 horas.</li>



<li>Profesorado de Educación Secundaria en Física | Bedel: Antonella Baielli &#8211; Horario de atención: lunes a viernes de 18.30 a 23 horas</li>



<li>Profesorado de Educación Secundaria en Lengua y Literatura | Bedel: Lucía Fagetti &#8211; Horario de atención: lunes a viernes de 13 a 22 horas.</li>



<li>Profesorado de Educación Secundaria en Matemática | Bedel: Lucía Fagetti (turno tarde) &#8211; Horario de atención: lunes a viernes de 13 a 23 horas | Bedel (turno vespertino) | Bedel: Franco Fontana (turno vespertino) &#8211; Horario de atención: lunes a viernes de 18.30 a 22.30 horas.</li>



<li>Profesorado de Educación Secundaria en Química | Bedel: Antonella Baielli &#8211; Horario de atención: lunes a viernes de 18.30 a 23 horas.</li>



<li>Profesorado de Inglés | Bedel: Antonella Baielli &#8211; Horario de atención: martes a viernes de 18.30 a 23 horas.</li>



<li>Tecnicatura en Producción Artística y Artesanal | Bedel: Mario Rubín &#8211; Horario de atención: lunes a viernes desde las 18 horas.</li>
</ul>



<div class="wp-block-buttons is-content-justification-center is-layout-flex wp-container-1">
<div class="wp-block-button"><a class="wp-block-button__link wp-element-button" href="https://ens9002-infd.mendoza.edu.ar/sitio/informacion-para-alumnos/">volver a info estudiantes</a></div>
</div>



<figure class="wp-block-image"><img alt=""/></figure>



<figure class="wp-block-image"><img alt=""/></figure>



<figure class="wp-block-image"><img alt=""/></figure>

<p>Información Bedelía</p>
