{"id":15219,"date":"2024-04-12T20:32:17","date_gmt":"2024-04-12T23:32:17","guid":{"rendered":"https:\/\/ens9002-infd.mendoza.edu.ar\/sitio\/?page_id=15219"},"modified":"2026-03-26T16:30:19","modified_gmt":"2026-03-26T19:30:19","slug":"planes-de-terminalidad","status":"publish","type":"page","link":"https:\/\/ens9002-infd.mendoza.edu.ar\/sitio\/planes-de-terminalidad\/","title":{"rendered":"PLANES DE TERMINALIDAD"},"content":{"rendered":"\n<p class=\"has-base-3-color has-text-color has-background\" style=\"background-color:#0b4766;font-size:25px\"><strong><em>PLANES DE TERMINALIDAD<\/em><\/strong><\/p>\n\n\n\n<p class=\"has-medium-font-size\"><em><strong>ATENCI\u00d3N PRESENCIAL<\/strong> <strong>DEL \u00c1REA<\/strong>: <\/em><\/p>\n\n\n\n<ul>\n<li><strong>Referente institucional de Terminalidad<\/strong>: profa. Mariela Magni | Jueves de 13.30 a 16.30 h<\/li>\n\n\n\n<li><strong>Acompa\u00f1amiento a las trayectorias estudiantiles<\/strong>: lic. Martina Vega | Martes de 9 a 11 hs y jueves de 13.30 a 16.30 hs<\/li>\n<\/ul>\n\n\n\n<p>La atenci\u00f3n presencial es en la oficina de Coordinaci\u00f3n ubicada  en la plata baja frente a la direcci\u00f3n. Por dudas y consultas escribir a <a href=\"mailto:plandeterminalidadtgc@gmail.com\">plandeterminalidadtgc@gmail.com<\/a><\/p>\n\n\n\n<p>Seg\u00fan se trate de las caracter\u00edsticas de la situaci\u00f3n, los planes de terminalidad se encuadran en distintos puntos del RAM y por tanto cambiar\u00e1n las condiciones para acceder y a qui\u00e9nes se destina.<\/p>\n\n\n\n<p class=\"has-accent-color has-text-color has-medium-font-size\"><strong>VENCIMIENTO DEL PLAZO PARA FINALIZACI\u00d3N DE LA CARRERA<\/strong><\/p>\n\n\n\n<ul>\n<li><strong>Objetivo:<\/strong> tiene como prop\u00f3sito brindar al\/la estudiante que haya agotado el tiempo m\u00e1ximo para la finalizaci\u00f3n de la carrera (<a href=\"https:\/\/ens9002-infd.mendoza.edu.ar\/sitio\/wp-content\/uploads\/2024\/04\/ANEXO-RS-2024-01591536-GDEMZA-DGE-RAM-NIV.SUP_.pdf\" data-type=\"URL\" data-id=\"https:\/\/ens9002-infd.mendoza.edu.ar\/sitio\/wp-content\/uploads\/2024\/04\/ANEXO-RS-2024-01591536-GDEMZA-DGE-RAM-NIV.SUP_.pdf\" target=\"_blank\" rel=\"noreferrer noopener\">art 78 y 79 RAM<\/a>) una opci\u00f3n para concluirla. <\/li>\n<\/ul>\n\n\n\n<ul>\n<li><strong>A qui\u00e9n se destina<\/strong>: estudiantes que ingresaron en 2018 y -a marzo del 2026- tienen aprobado el 90% de su plan de estudios. <br>&#8211; Profesorado de Educaci\u00f3n Primaria<br>&#8211; Profesorado de Educaci\u00f3n Inicial<br>&#8211; Profesorado de Educaci\u00f3n Especial<br>&#8211; Profesorado de Lengua y Literatura<br>&#8211; Profesorado de Matem\u00e1tica<br>&#8211; Profesorado de Biolog\u00eda<br>&#8211; Profesorado de F\u00edsica<br>&#8211; Profesorado de Qu\u00edmica<br>&#8211; Profesorado de Artes Visuales<br>&#8211; Tecnicatura en Producci\u00f3n Art\u00edstica<br><\/li>\n\n\n\n<li>Consideraciones importantes: en los profesorados de Biolog\u00eda y Artes Visuales pueden adeudar hasta 5 unidades curriculares a marzo del 2026. En los profesorados de Educaci\u00f3n Primaria, Inicial, Especial, Lengua y Literatura, Matem\u00e1tica, F\u00edsica, Qu\u00edmica, hasta 4 unidades curriculares a marzo del 2026. Estudiantes de cohorte 2018 de Tecnicatura en Artes Visuales pueden adeudar hasta 3 unidades curriculares a marzo del 2026.<\/li>\n<\/ul>\n\n\n\n<p class=\"has-accent-color has-base-3-background-color has-text-color has-background has-medium-font-size\"><strong>PLAN EN CIERRE<\/strong><\/p>\n\n\n\n<ul>\n<li><strong>Objetivo<\/strong>: est\u00e1 encuadrado en el <a href=\"https:\/\/ens9002-infd.mendoza.edu.ar\/sitio\/wp-content\/uploads\/2024\/04\/ANEXO-RS-2024-01591536-GDEMZA-DGE-RAM-NIV.SUP_.pdf\" data-type=\"URL\" data-id=\"https:\/\/ens9002-infd.mendoza.edu.ar\/sitio\/wp-content\/uploads\/2024\/04\/ANEXO-RS-2024-01591536-GDEMZA-DGE-RAM-NIV.SUP_.pdf\" target=\"_blank\" rel=\"noreferrer noopener\">art. 77 del RAM<\/a>: cuando el plan de estudios pierda vigencia por actualizaci\u00f3n y\/o cambio de dise\u00f1o, se deber\u00e1 evaluar la condici\u00f3n acad\u00e9mica del estudiante, brind\u00e1ndole la posibilidad de acceder a un plan de terminalidad o a la opci\u00f3n de inscribirse en el nuevo plan de estudios, con la aplicaci\u00f3n de reconocimiento de saberes, sistema de cr\u00e9ditos<\/li>\n<\/ul>\n\n\n\n<p><\/p>\n\n\n\n<p><\/p>\n\n\n\n<div class=\"wp-block-columns is-layout-flex wp-container-3\">\n<div class=\"wp-block-column is-layout-flow\" style=\"flex-basis:100%\">\n<div class=\"wp-block-columns is-layout-flex wp-container-1\"><\/div>\n<\/div>\n<\/div>\n\n\n\n<p class=\"has-text-align-center has-medium-font-size\"><\/p>\n\n\n\n<hr class=\"wp-block-separator has-alpha-channel-opacity\"\/>\n\n\n\n<p class=\"has-text-align-center has-accent-color has-text-color has-medium-font-size\"><strong><em>PARA ACCEDER A LAS TABLAS DE HOMOLOGACI\u00d3N, TOC\u00c1<a href=\"https:\/\/drive.google.com\/drive\/folders\/1cziWnE79NXB-orkacRms58EhcF4E-xEy\" data-type=\"URL\" data-id=\"https:\/\/drive.google.com\/drive\/folders\/1cziWnE79NXB-orkacRms58EhcF4E-xEy\" target=\"_blank\" rel=\"noreferrer noopener\"> AQU\u00cd<\/a><\/em><\/strong><\/p>\n\n\n\n<p class=\"has-base-3-color has-text-color has-background has-medium-font-size\" style=\"background-color:#0b4766\"><strong><em>TUTOR\u00cdAS<\/em><\/strong> <\/p>\n\n\n\n<p>Compartiremos informaci\u00f3n oportunamente.<\/p>\n\n\n\n<p><\/p>\n\n\n\n<div class=\"wp-block-buttons alignwide is-content-justification-center is-layout-flex wp-container-4\">\n<div class=\"wp-block-button has-custom-width wp-block-button__width-25 has-custom-font-size has-medium-font-size\"><a class=\"wp-block-button__link has-background has-text-align-center wp-element-button\" href=\"https:\/\/ens9002-infd.mendoza.edu.ar\/sitio\/home-nuevo\/\" style=\"border-radius:26px;background-color:#0b4766\">INICIO<\/a><\/div>\n<\/div>\n","protected":false},"excerpt":{"rendered":"<p>PLANES DE TERMINALIDAD ATENCI\u00d3N PRESENCIAL DEL \u00c1REA: La atenci\u00f3n presencial es en la oficina de Coordinaci\u00f3n ubicada en la plata baja frente a la direcci\u00f3n. Por dudas y consultas escribir a plandeterminalidadtgc@gmail.com Seg\u00fan se trate de las caracter\u00edsticas de la situaci\u00f3n, los planes de terminalidad se encuadran en distintos puntos del RAM y por tanto &#8230; <a title=\"PLANES DE TERMINALIDAD\" class=\"read-more\" href=\"https:\/\/ens9002-infd.mendoza.edu.ar\/sitio\/planes-de-terminalidad\/\" aria-label=\"More on PLANES DE TERMINALIDAD\">[+]<\/a><\/p>\n","protected":false},"author":4776,"featured_media":0,"parent":0,"menu_order":0,"comment_status":"closed","ping_status":"closed","template":"","meta":[],"acf":[],"_links":{"self":[{"href":"https:\/\/ens9002-infd.mendoza.edu.ar\/sitio\/wp-json\/wp\/v2\/pages\/15219"}],"collection":[{"href":"https:\/\/ens9002-infd.mendoza.edu.ar\/sitio\/wp-json\/wp\/v2\/pages"}],"about":[{"href":"https:\/\/ens9002-infd.mendoza.edu.ar\/sitio\/wp-json\/wp\/v2\/types\/page"}],"author":[{"embeddable":true,"href":"https:\/\/ens9002-infd.mendoza.edu.ar\/sitio\/wp-json\/wp\/v2\/users\/4776"}],"replies":[{"embeddable":true,"href":"https:\/\/ens9002-infd.mendoza.edu.ar\/sitio\/wp-json\/wp\/v2\/comments?post=15219"}],"version-history":[{"count":67,"href":"https:\/\/ens9002-infd.mendoza.edu.ar\/sitio\/wp-json\/wp\/v2\/pages\/15219\/revisions"}],"predecessor-version":[{"id":20391,"href":"https:\/\/ens9002-infd.mendoza.edu.ar\/sitio\/wp-json\/wp\/v2\/pages\/15219\/revisions\/20391"}],"wp:attachment":[{"href":"https:\/\/ens9002-infd.mendoza.edu.ar\/sitio\/wp-json\/wp\/v2\/media?parent=15219"}],"curies":[{"name":"wp","href":"https:\/\/api.w.org\/{rel}","templated":true}]}}