{"id":16415,"date":"2024-09-13T19:32:10","date_gmt":"2024-09-13T22:32:10","guid":{"rendered":"https:\/\/ens9002-infd.mendoza.edu.ar\/sitio\/?page_id=16415"},"modified":"2025-06-23T16:41:24","modified_gmt":"2025-06-23T19:41:24","slug":"tem","status":"publish","type":"page","link":"https:\/\/ens9002-infd.mendoza.edu.ar\/sitio\/tem\/","title":{"rendered":"TEM"},"content":{"rendered":"\n<figure class=\"wp-block-image\"><img decoding=\"async\" src=\"https:\/\/www.mendoza.edu.ar\/wp-content\/uploads\/2018\/08\/banner-plan-fines-01.png\" alt=\"Educaci\u00f3n Sexual Integral\"\/><\/figure>\n\n\n\n<p class=\"has-base-3-color has-text-color has-background has-medium-font-size\" style=\"background-color:#029861\"><strong><em>PREINSCRIPCIONES ABIERTAS DESDE EL 13 DE JUNIO HASTA EL 31 DE JULIO<\/em><\/strong><\/p>\n\n\n\n<p>El Programa <em>Terminalidad Educativa Mendoza<\/em> (ex Plan Fines) -TEM- se implementa en Mendoza con el objetivo de desarrollar &nbsp;acciones &nbsp;para la terminalidad educativa secundaria destinada a j\u00f3venes y personas adultas.&nbsp;Esta instancia permite garantizar su ingreso, permanencia y egreso de la educaci\u00f3n obligatoria como tambi\u00e9n condiciones de equidad en el acceso a aprendizajes socialmente significativos para los y las estudiantes.<\/p>\n\n\n\n<p><strong>A QUI\u00c9N EST\u00c1 DESTINADO<\/strong><\/p>\n\n\n\n<ul>\n<li>J\u00f3venes y personas adultas de 18 a\u00f1os o m\u00e1s al momento de la inscripci\u00f3n,\u00a0provenientes de Centros Educativos de J\u00f3venes y Adultos, de Escuelas Secundarias Orientadas de Gesti\u00f3n Estatal y Privada y de escuelas t\u00e9cnicas que no completaron su educaci\u00f3n secundaria.<\/li>\n\n\n\n<li>Haber&nbsp;<strong>finalizado el cursado del \u00faltimo a\u00f1o del secundario hasta el 2023<\/strong>.<\/li>\n\n\n\n<li>J\u00f3venes y personas que adeudan espacios curriculares y cursaron el \u00faltimo a\u00f1o de la educaci\u00f3n secundaria como estudiantes regulares,&nbsp;sin haber alcanzado el t\u00edtulo. Podr\u00e1n acceder al programa TEM luego de transcurridos dos a\u00f1os o m\u00e1s de haber terminado de cursar el \u00faltimo a\u00f1o de la educaci\u00f3n secundaria (es decir, haber perdido la condici\u00f3n de <em>regular<\/em>). En ninguno de los casos se aplica para quienes hayan cursado en escuelas t\u00e9cnicas.<\/li>\n<\/ul>\n\n\n\n<p>Quienes egresaron de una escuela que cerr\u00f3, deben gestionar la documentaci\u00f3n a trav\u00e9s de un correo a colegios.cerrados@gmail.com<\/p>\n\n\n\n<p><strong>MODALIDAD<\/strong><\/p>\n\n\n\n<p>Ante todo, la persona interesada debe preinscribirse en el TEM. Luego la DGE le asignar\u00e1 un centro para que curse los espacios adeudados y se la contactar\u00e1 oportunamente para brindarle m\u00e1s informaci\u00f3n. All\u00ed deber\u00e1 presentar: <\/p>\n\n\n\n<ul>\n<li>Fotocopia autenticada (sello de la escuela de origen y firma de una autoridad) del libro matriz.<\/li>\n\n\n\n<li>Fotocopia de CUIL<\/li>\n\n\n\n<li>Fotocopia del DNI <\/li>\n<\/ul>\n\n\n\n<p>Se podr\u00e1n cursar hasta 5 espacios (materias) por etapa ya sea en modalidad presencial o virtual. En el caso de que posean m\u00e1s materias adeudadas podr\u00e1n rendir el resto en su escuela de origen o bien aguardar hasta una pr\u00f3xima etapa del programa TEM. Cada materia incluye 8 tutor\u00edas (a partir del 8 de septiembre hasta el 31 de octubre) en la que se elaborar\u00e1n trabajos pr\u00e1cticos, que se evaluar\u00e1n al final de la cursada mediante un examen. Las mesas de ex\u00e1menes ser\u00e1n del 3 al 14 de noviembre. Si es necesario, se tomar\u00e1n recuperatorios.  <\/p>\n\n\n\n<p><strong>Para preinscribirte en el programa de Terminalidad Educativa Mendoza, <a rel=\"noreferrer noopener\" href=\"https:\/\/docs.google.com\/forms\/d\/e\/1FAIpQLSeUacad-kPJHRWLPQAHgQHND52I4lMDZVYxfmQoPE9WiVAaBg\/viewform\" data-type=\"URL\" data-id=\"https:\/\/docs.google.com\/forms\/d\/e\/1FAIpQLSeUacad-kPJHRWLPQAHgQHND52I4lMDZVYxfmQoPE9WiVAaBg\/viewform\" target=\"_blank\">toc\u00e1 aqu\u00ed<\/a>.<\/strong><\/p>\n\n\n\n<p>Una vez completada la preinscripci\u00f3n, cada instituci\u00f3n deber\u00e1 validar los datos y confirmar la inscripci\u00f3n definitiva del estudiante. Los equipos directivos y docentes de los&nbsp;<strong>CENS<\/strong>&nbsp;ser\u00e1n responsables de organizar el acompa\u00f1amiento pedag\u00f3gico y la presentaci\u00f3n de mesas evaluadoras.<\/p>\n\n\n\n<p>Esta nueva etapa se implementa en el marco de la&nbsp;<strong><a rel=\"noreferrer noopener\" href=\"https:\/\/www.mendoza.edu.ar\/resolucion-1259-implementacion-programa-terminalidad-educativa-mendoza-plan-fines-2025\/\" target=\"_blank\">Resoluci\u00f3n N.\u00ba 1259\/2025-DGE<\/a><\/strong>, que establece los lineamientos para el ciclo lectivo 2025 del Programa TEM. Descargar el memor\u00e1ndum desde<a href=\"https:\/\/ens9002-infd.mendoza.edu.ar\/sitio\/wp-content\/uploads\/2025\/06\/MEMOE-2025-133-E-GDEMZA-DEPJADGE-Preinscripcion-2da-Etapa-TEM-2025.pdf\" data-type=\"URL\" data-id=\"https:\/\/ens9002-infd.mendoza.edu.ar\/sitio\/wp-content\/uploads\/2025\/06\/MEMOE-2025-133-E-GDEMZA-DEPJADGE-Preinscripcion-2da-Etapa-TEM-2025.pdf\" target=\"_blank\" rel=\"noreferrer noopener\"> aqu\u00ed<\/a>.<\/p>\n","protected":false},"excerpt":{"rendered":"<p>PREINSCRIPCIONES ABIERTAS DESDE EL 13 DE JUNIO HASTA EL 31 DE JULIO El Programa Terminalidad Educativa Mendoza (ex Plan Fines) -TEM- se implementa en Mendoza con el objetivo de desarrollar &nbsp;acciones &nbsp;para la terminalidad educativa secundaria destinada a j\u00f3venes y personas adultas.&nbsp;Esta instancia permite garantizar su ingreso, permanencia y egreso de la educaci\u00f3n obligatoria como &#8230; <a title=\"TEM\" class=\"read-more\" href=\"https:\/\/ens9002-infd.mendoza.edu.ar\/sitio\/tem\/\" aria-label=\"More on TEM\">[+]<\/a><\/p>\n","protected":false},"author":10055,"featured_media":0,"parent":0,"menu_order":0,"comment_status":"closed","ping_status":"closed","template":"","meta":[],"acf":[],"_links":{"self":[{"href":"https:\/\/ens9002-infd.mendoza.edu.ar\/sitio\/wp-json\/wp\/v2\/pages\/16415"}],"collection":[{"href":"https:\/\/ens9002-infd.mendoza.edu.ar\/sitio\/wp-json\/wp\/v2\/pages"}],"about":[{"href":"https:\/\/ens9002-infd.mendoza.edu.ar\/sitio\/wp-json\/wp\/v2\/types\/page"}],"author":[{"embeddable":true,"href":"https:\/\/ens9002-infd.mendoza.edu.ar\/sitio\/wp-json\/wp\/v2\/users\/10055"}],"replies":[{"embeddable":true,"href":"https:\/\/ens9002-infd.mendoza.edu.ar\/sitio\/wp-json\/wp\/v2\/comments?post=16415"}],"version-history":[{"count":10,"href":"https:\/\/ens9002-infd.mendoza.edu.ar\/sitio\/wp-json\/wp\/v2\/pages\/16415\/revisions"}],"predecessor-version":[{"id":18522,"href":"https:\/\/ens9002-infd.mendoza.edu.ar\/sitio\/wp-json\/wp\/v2\/pages\/16415\/revisions\/18522"}],"wp:attachment":[{"href":"https:\/\/ens9002-infd.mendoza.edu.ar\/sitio\/wp-json\/wp\/v2\/media?parent=16415"}],"curies":[{"name":"wp","href":"https:\/\/api.w.org\/{rel}","templated":true}]}}

<figure class="wp-block-image"><img decoding="async" src="https://www.mendoza.edu.ar/wp-content/uploads/2018/08/banner-plan-fines-01.png" alt="Educación Sexual Integral"/></figure>



<p class="has-base-3-color has-text-color has-background has-medium-font-size" style="background-color:#029861"><strong><em>PREINSCRIPCIONES ABIERTAS DESDE EL 13 DE JUNIO HASTA EL 31 DE JULIO</em></strong></p>



<p>El Programa <em>Terminalidad Educativa Mendoza</em> (ex Plan Fines) -TEM- se implementa en Mendoza con el objetivo de desarrollar &nbsp;acciones &nbsp;para la terminalidad educativa secundaria destinada a jóvenes y personas adultas.&nbsp;Esta instancia permite garantizar su ingreso, permanencia y egreso de la educación obligatoria como también condiciones de equidad en el acceso a aprendizajes socialmente significativos para los y las estudiantes.</p>



<p><strong>A QUIÉN ESTÁ DESTINADO</strong></p>



<ul>
<li>Jóvenes y personas adultas de 18 años o más al momento de la inscripción, provenientes de Centros Educativos de Jóvenes y Adultos, de Escuelas Secundarias Orientadas de Gestión Estatal y Privada y de escuelas técnicas que no completaron su educación secundaria.</li>



<li>Haber&nbsp;<strong>finalizado el cursado del último año del secundario hasta el 2023</strong>.</li>



<li>Jóvenes y personas que adeudan espacios curriculares y cursaron el último año de la educación secundaria como estudiantes regulares,&nbsp;sin haber alcanzado el título. Podrán acceder al programa TEM luego de transcurridos dos años o más de haber terminado de cursar el último año de la educación secundaria (es decir, haber perdido la condición de <em>regular</em>). En ninguno de los casos se aplica para quienes hayan cursado en escuelas técnicas.</li>
</ul>



<p>Quienes egresaron de una escuela que cerró, deben gestionar la documentación a través de un correo a colegios.cerrados@gmail.com</p>



<p><strong>MODALIDAD</strong></p>



<p>Ante todo, la persona interesada debe preinscribirse en el TEM. Luego la DGE le asignará un centro para que curse los espacios adeudados y se la contactará oportunamente para brindarle más información. Allí deberá presentar: </p>



<ul>
<li>Fotocopia autenticada (sello de la escuela de origen y firma de una autoridad) del libro matriz.</li>



<li>Fotocopia de CUIL</li>



<li>Fotocopia del DNI </li>
</ul>



<p>Se podrán cursar hasta 5 espacios (materias) por etapa ya sea en modalidad presencial o virtual. En el caso de que posean más materias adeudadas podrán rendir el resto en su escuela de origen o bien aguardar hasta una próxima etapa del programa TEM. Cada materia incluye 8 tutorías (a partir del 8 de septiembre hasta el 31 de octubre) en la que se elaborarán trabajos prácticos, que se evaluarán al final de la cursada mediante un examen. Las mesas de exámenes serán del 3 al 14 de noviembre. Si es necesario, se tomarán recuperatorios.  </p>



<p><strong>Para preinscribirte en el programa de Terminalidad Educativa Mendoza, <a rel="noreferrer noopener" href="https://docs.google.com/forms/d/e/1FAIpQLSeUacad-kPJHRWLPQAHgQHND52I4lMDZVYxfmQoPE9WiVAaBg/viewform" data-type="URL" data-id="https://docs.google.com/forms/d/e/1FAIpQLSeUacad-kPJHRWLPQAHgQHND52I4lMDZVYxfmQoPE9WiVAaBg/viewform" target="_blank">tocá aquí</a>.</strong></p>



<p>Una vez completada la preinscripción, cada institución deberá validar los datos y confirmar la inscripción definitiva del estudiante. Los equipos directivos y docentes de los&nbsp;<strong>CENS</strong>&nbsp;serán responsables de organizar el acompañamiento pedagógico y la presentación de mesas evaluadoras.</p>



<p>Esta nueva etapa se implementa en el marco de la&nbsp;<strong><a rel="noreferrer noopener" href="https://www.mendoza.edu.ar/resolucion-1259-implementacion-programa-terminalidad-educativa-mendoza-plan-fines-2025/" target="_blank">Resolución N.º 1259/2025-DGE</a></strong>, que establece los lineamientos para el ciclo lectivo 2025 del Programa TEM. Descargar el memorándum desde<a href="https://ens9002-infd.mendoza.edu.ar/sitio/wp-content/uploads/2025/06/MEMOE-2025-133-E-GDEMZA-DEPJADGE-Preinscripcion-2da-Etapa-TEM-2025.pdf" data-type="URL" data-id="https://ens9002-infd.mendoza.edu.ar/sitio/wp-content/uploads/2025/06/MEMOE-2025-133-E-GDEMZA-DEPJADGE-Preinscripcion-2da-Etapa-TEM-2025.pdf" target="_blank" rel="noreferrer noopener"> aquí</a>.</p>

<p>PREINSCRIPCIONES ABIERTAS DESDE EL 13 DE JUNIO HASTA EL 31 DE JULIO El Programa Terminalidad Educativa Mendoza (ex Plan Fines) -TEM- se implementa en Mendoza con el objetivo de desarrollar &nbsp;acciones &nbsp;para la terminalidad educativa secundaria destinada a jóvenes y personas adultas.&nbsp;Esta instancia permite garantizar su ingreso, permanencia y egreso de la educación obligatoria como &#8230; <a title="TEM" class="read-more" href="https://ens9002-infd.mendoza.edu.ar/sitio/tem/" aria-label="More on TEM">[+]</a></p>
