{"id":17718,"date":"2025-03-07T01:38:02","date_gmt":"2025-03-07T04:38:02","guid":{"rendered":"https:\/\/ens9002-infd.mendoza.edu.ar\/sitio\/?page_id=17718"},"modified":"2025-03-20T10:39:10","modified_gmt":"2025-03-20T13:39:10","slug":"becas-carreras-prioritarias","status":"publish","type":"page","link":"https:\/\/ens9002-infd.mendoza.edu.ar\/sitio\/becas-carreras-prioritarias\/","title":{"rendered":"BECAS CARRERAS PRIORITARIAS"},"content":{"rendered":"\n<p class=\"has-base-3-color has-accent-background-color has-text-color has-background\" style=\"font-size:25px\"><strong><em>BECAS CARRERAS PRIORITARIAS <\/em><\/strong><\/p>\n\n\n\n<p class=\"has-text-color has-medium-font-size\" style=\"color:#145da0\"><strong><em>DESTINADAS A ESTUDIANTES DE LOS PROFESORADOS DE EDUCACI\u00d3N SECUNDARIA EN MATEM\u00c1TICA, F\u00cdSICA Y QU\u00cdMICA<\/em><\/strong><\/p>\n\n\n\n<p>La Direcci\u00f3n General de Escuelas (DGE) pone a disposici\u00f3n de la comunidad educativa el <em>Programa Provincial Becas 2025<\/em>, destinado a estudiantes de nivel superior en carreras de formaci\u00f3n docente en especialidades prioritarias. Estas especialidades ser\u00e1n determinadas anualmente por la DGE, en funci\u00f3n de las \u00e1reas vacantes del sistema educativo provincial. El programa se dirige a quienes cursen sus estudios en institutos de gesti\u00f3n estatal o privada.<\/p>\n\n\n\n<p class=\"has-text-color\" style=\"color:#347287\"><em><strong>PARA CONOCER EN DETALLE LOS DIVERSOS ASPECTOS DE LAS BECAS Y SABER SI POD\u00c9S PARTICIPAR<\/strong><\/em><strong><em>, LE\u00c9 AMBOS DOCUMENTOS:<\/em><\/strong><\/p>\n\n\n\n<div class=\"wp-block-buttons is-layout-flex\">\n<div class=\"wp-block-button\"><a class=\"wp-block-button__link has-accent-background-color has-background wp-element-button\" href=\"https:\/\/ens9002-infd.mendoza.edu.ar\/sitio\/wp-content\/uploads\/2025\/02\/Resolucion-6322-24-BECAS-para-Materias-Esenciales-por-DGE-a-Docentes-C-Electivo-2025-1.pdf\" target=\"_blank\" rel=\"noreferrer noopener\"><em>RESOLUCI\u00d3N 6322<\/em><\/a><\/div>\n\n\n\n<div class=\"wp-block-button\"><a class=\"wp-block-button__link has-background wp-element-button\" href=\"https:\/\/ens9002-infd.mendoza.edu.ar\/sitio\/wp-content\/uploads\/2025\/02\/ABEXO-Resolucion-6322-24-BECAS-en-Materias-Esenciales-a-Docentes-determinadas-por-DGE-C-Electivo-2025-1.pdf\" style=\"background-color:#0cb8c4\" target=\"_blank\" rel=\"noreferrer noopener\"><em>Anexo Res. 6322<\/em><\/a><\/div>\n<\/div>\n\n\n\n<p style=\"font-size:26px\"><strong>Consideraciones y retribuciones<\/strong><\/p>\n\n\n\n<p>Luego de que el\/la estudiante egrese deber\u00e1 permanecer en el sistema educativo provincial, ya sea en una suplencia o en los programas complementarios que determine el gobierno escolar. Si la beca se otorga por cuatro a\u00f1os, su permanencia tendr\u00e1 que ser por dos a\u00f1os en el sistema; si se concede por dos a\u00f1os, deber\u00e1 permanecer un a\u00f1o. En cada caso, se respetar\u00e1 la proporcionalidad. Cuando la beca se otorgue por menos de un a\u00f1o, podr\u00e1 realizar tutor\u00edas y\/o voluntariados seg\u00fan lo disponga el programa.<\/p>\n\n\n<div class=\"wp-block-image\">\n<figure class=\"alignright size-full is-resized\"><img decoding=\"async\" loading=\"lazy\" src=\"https:\/\/ens9002-infd.mendoza.edu.ar\/sitio\/wp-content\/uploads\/2024\/12\/del_7712-700x481-1-e1733781500482.png\" alt=\"\" class=\"wp-image-17345\" width=\"341\" height=\"234\"\/><\/figure><\/div>\n\n\n<p><\/p>\n\n\n\n<p style=\"font-size:26px\"><strong>Requisitos y condiciones m\u00ednimas para acceder a la beca<\/strong> <\/p>\n\n\n\n<ul>\n<li>Ser argentino\/a nativo\/a o naturalizado\/a y residir en la provincia de Mendoza.<\/li>\n\n\n\n<li>Ser egresado\/a del nivel medio y no adeudar materias de nivel secundario al momento de la inscripci\u00f3n.<\/li>\n\n\n\n<li>Estar inscripto\/a o cursando como estudiante regular una carrera de formaci\u00f3n docente, en este caso F\u00edsica, Qu\u00edmica o Matem\u00e1tica en un instituto de educaci\u00f3n superior dependiente de la Direcci\u00f3n General de Escuelas de la provincia de Mendoza, de gesti\u00f3n estatal o privada.<\/li>\n\n\n\n<li>Solicitar la beca dentro de los plazos fijados.<\/li>\n\n\n\n<li>Los\/las estudiantes deber\u00e1n haber cumplido dieciocho a\u00f1os hasta el 1 de julio del corriente a\u00f1o.<\/li>\n<\/ul>\n\n\n\n<p><\/p>\n\n\n\n<p class=\"has-base-3-color has-text-color has-background has-medium-font-size\" style=\"background-color:#1fbf93\"><strong><em>PROCESO DE INSCRIPCI\u00d3N<\/em><\/strong> <em>DISPONIBLE DEL 10\/03 AL 31\/03<\/em><\/p>\n\n\n\n<p><strong><em>RECOMENDACIONES PARA TENER EN CUENTA PARA INSCRIPCI\u00d3N Y PARA QUE ESTA SE HAGA EFECTIVA EN CUATRO PASOS<\/em><\/strong><\/p>\n\n\n\n<p>1) Le\u00e9 toda la informaci\u00f3n precedente, incluida la Resoluci\u00f3n 6322 y el Anexo Res. 6322.<\/p>\n\n\n\n<p>2) La inscripci\u00f3n se realizar\u00e1 de manera ON-LINE. Para ello tendr\u00e1s que <em>completar<\/em> el <strong>FORMULARIO<\/strong> disponible <a rel=\"noreferrer noopener\" href=\"https:\/\/forms.gle\/Yei7NqkyJ58sHKGg6\" data-type=\"URL\" data-id=\"https:\/\/forms.gle\/Yei7NqkyJ58sHKGg6\" target=\"_blank\">aqu\u00ed<\/a>. Cuando lo hag\u00e1s, te pedir\u00e1 tambi\u00e9n <em>adjuntar <\/em>el Acta Compromiso DES (Direcci\u00f3n de Educaci\u00f3n Superior). Descarg\u00e1 el acta <a rel=\"noreferrer noopener\" href=\"https:\/\/ens9002-infd.mendoza.edu.ar\/sitio\/wp-content\/uploads\/2025\/03\/ACTA-COMPROMISO-BECAS-DGE-2025.pdf\" data-type=\"URL\" data-id=\"https:\/\/ens9002-infd.mendoza.edu.ar\/sitio\/wp-content\/uploads\/2025\/03\/ACTA-COMPROMISO-BECAS-DGE-2025.pdf\" target=\"_blank\">desde aqu\u00ed<\/a>. Imprimila, completala con tus datos, firmala de pu\u00f1o y letra (con tu firma) escaneala y subila al formulario en formato PDF, en el campo correspondiente.<\/p>\n\n\n<div class=\"wp-block-image\">\n<figure class=\"alignright size-full is-resized\"><img decoding=\"async\" loading=\"lazy\" src=\"https:\/\/ens9002-infd.mendoza.edu.ar\/sitio\/wp-content\/uploads\/2024\/08\/foto-noticia-2.png\" alt=\"\" class=\"wp-image-15990\" width=\"210\" height=\"210\" srcset=\"https:\/\/ens9002-infd.mendoza.edu.ar\/sitio\/wp-content\/uploads\/2024\/08\/foto-noticia-2.png 825w, https:\/\/ens9002-infd.mendoza.edu.ar\/sitio\/wp-content\/uploads\/2024\/08\/foto-noticia-2-500x500.png 500w, https:\/\/ens9002-infd.mendoza.edu.ar\/sitio\/wp-content\/uploads\/2024\/08\/foto-noticia-2-768x768.png 768w\" sizes=\"(max-width: 210px) 100vw, 210px\" \/><\/figure><\/div>\n\n\n<p>3) Por otra parte, deber\u00e1s descargar el Acta Compromiso Institucional <a rel=\"noreferrer noopener\" href=\"https:\/\/ens9002-infd.mendoza.edu.ar\/sitio\/wp-content\/uploads\/2025\/03\/Acta-acuerdo-carreras-prioritarias.pdf\" data-type=\"URL\" data-id=\"https:\/\/ens9002-infd.mendoza.edu.ar\/sitio\/wp-content\/uploads\/2025\/03\/Acta-acuerdo-carreras-prioritarias.pdf\" target=\"_blank\">desde aqu\u00ed. <\/a>Imprimila. Tambi\u00e9n ten\u00e9s que completarla con tus datos y firmarla.<\/p>\n\n\n\n<p>4) Luego de realizar los pasos que arriba te mencionamos, AMBAS ACTAS EN FORMATO PAPEL, deb\u00e9s acercarlas y entregarlas en la oficina de Bienestar Estudiantil (edificio de calle Montevideo y Mitre, segundo piso, ala oeste). Los horarios de atenci\u00f3n est\u00e1n disponibles en Mesa de Entrada del instituto o <a rel=\"noreferrer noopener\" href=\"https:\/\/ens9002-infd.mendoza.edu.ar\/sitio\/bienestar-estudiantil\/\" data-type=\"URL\" data-id=\"https:\/\/ens9002-infd.mendoza.edu.ar\/sitio\/bienestar-estudiantil\/\" target=\"_blank\">aqu\u00ed<\/a>.<\/p>\n\n\n\n<p class=\"has-text-color\" style=\"color:#249aac\"><strong><em>SIN EL CUMPLIMIENTO DE ESTOS PASOS NO PODR\u00c1 HACERSE EFECTIVA LA INSCRIPCI\u00d3N A LA BECA.<\/em><\/strong><\/p>\n\n\n\n<p><strong><em>ACLARACI\u00d3N PARA QUIEN EST\u00c9 INTERESADO\/A EN REALIZAR LA INSCRIPCI\u00d3N:<\/em><\/strong><\/p>\n\n\n\n<p>Al momento de la inscripci\u00f3n necesitar\u00e1s facilitar un n\u00famero de CBU BANCARIO PERSONAL, preferentemente del Banco Naci\u00f3n &#8211;<a rel=\"noreferrer noopener\" href=\"https:\/\/www.bna.com.ar\/Personas\/CajaDeAhorrosEnPesosYDolares\/PreguntasFrecuentesCajaDeAhorrosEnPesosYDolares\" target=\"_blank\">toc\u00e1 aqu\u00ed<\/a> para conocer m\u00e1s informaci\u00f3n-. NO SE ACEPTAN CBU DE BILLETERAS VIRTUALES.<\/p>\n\n\n\n<p><strong><em>ACLARACI\u00d3N S\u00d3LO PARA ESTUDIANTES INGRESANTES:<\/em><\/strong><\/p>\n\n\n\n<p>Al momento de realizar la inscripci\u00f3n saber el CUE, nombre y n\u00famero de la escuela secundaria, ya que estos datos ten\u00e9s que colocarlos de manera obligatoria en el formulario de inscripci\u00f3n &#8211;<a rel=\"noreferrer noopener\" href=\"https:\/\/bases.mendoza.edu.ar\/intranet2\/portal_con_esc2.asp\" target=\"_blank\">toc\u00e1 aqu\u00ed<\/a> para consultar el CUE de la escuela-.<\/p>\n\n\n\n<p><strong><em>ACLARACI\u00d3N SOLO PARA ESTUDIANTES AVANZADOS (de 2do a 4to):<\/em><\/strong><\/p>\n\n\n\n<p>En el caso que de que est\u00e9s cursando materias de dos a\u00f1os en simult\u00e1neo, realiz\u00e1 la inscripci\u00f3n en el a\u00f1o en el cual cursar\u00e1s m\u00e1s materias.<\/p>\n\n\n\n<p><strong>SOLO POR ESTE A\u00d1O NO SE TE PEDIR\u00c1N REQUISITOS DE PERMANENCIA PARA QUE PUEDAS PONERTE AL D\u00cdA: EL 80% DE MATERIAS REGULARES Y 50% DE MATERIAS APROBADAS DEL A\u00d1O ANTERIOR.<\/strong><\/p>\n\n\n\n<p style=\"font-size:18px\"><strong>Para realizar consultas, comunicate por correo electr\u00f3nico a <a rel=\"noreferrer noopener\" href=\"mailto:becascarrerasprioritariastgc@gmail.com\" target=\"_blank\">becascarrerasprioritariastgc@gmail.com<\/a><\/strong><\/p>\n\n\n\n<p><\/p>\n\n\n\n<p><\/p>\n\n\n\n<p><\/p>\n\n\n\n<p><\/p>\n\n\n\n<p><\/p>\n\n\n\n<p><\/p>\n","protected":false},"excerpt":{"rendered":"<p>BECAS CARRERAS PRIORITARIAS DESTINADAS A ESTUDIANTES DE LOS PROFESORADOS DE EDUCACI\u00d3N SECUNDARIA EN MATEM\u00c1TICA, F\u00cdSICA Y QU\u00cdMICA La Direcci\u00f3n General de Escuelas (DGE) pone a disposici\u00f3n de la comunidad educativa el Programa Provincial Becas 2025, destinado a estudiantes de nivel superior en carreras de formaci\u00f3n docente en especialidades prioritarias. Estas especialidades ser\u00e1n determinadas anualmente por &#8230; <a title=\"BECAS CARRERAS PRIORITARIAS\" class=\"read-more\" href=\"https:\/\/ens9002-infd.mendoza.edu.ar\/sitio\/becas-carreras-prioritarias\/\" aria-label=\"More on BECAS CARRERAS PRIORITARIAS\">[+]<\/a><\/p>\n","protected":false},"author":10055,"featured_media":0,"parent":0,"menu_order":0,"comment_status":"closed","ping_status":"closed","template":"","meta":[],"acf":[],"_links":{"self":[{"href":"https:\/\/ens9002-infd.mendoza.edu.ar\/sitio\/wp-json\/wp\/v2\/pages\/17718"}],"collection":[{"href":"https:\/\/ens9002-infd.mendoza.edu.ar\/sitio\/wp-json\/wp\/v2\/pages"}],"about":[{"href":"https:\/\/ens9002-infd.mendoza.edu.ar\/sitio\/wp-json\/wp\/v2\/types\/page"}],"author":[{"embeddable":true,"href":"https:\/\/ens9002-infd.mendoza.edu.ar\/sitio\/wp-json\/wp\/v2\/users\/10055"}],"replies":[{"embeddable":true,"href":"https:\/\/ens9002-infd.mendoza.edu.ar\/sitio\/wp-json\/wp\/v2\/comments?post=17718"}],"version-history":[{"count":24,"href":"https:\/\/ens9002-infd.mendoza.edu.ar\/sitio\/wp-json\/wp\/v2\/pages\/17718\/revisions"}],"predecessor-version":[{"id":17919,"href":"https:\/\/ens9002-infd.mendoza.edu.ar\/sitio\/wp-json\/wp\/v2\/pages\/17718\/revisions\/17919"}],"wp:attachment":[{"href":"https:\/\/ens9002-infd.mendoza.edu.ar\/sitio\/wp-json\/wp\/v2\/media?parent=17718"}],"curies":[{"name":"wp","href":"https:\/\/api.w.org\/{rel}","templated":true}]}}