{"id":18752,"date":"2025-08-11T18:55:22","date_gmt":"2025-08-11T21:55:22","guid":{"rendered":"https:\/\/ens9002-infd.mendoza.edu.ar\/sitio\/?page_id=18752"},"modified":"2025-08-12T00:33:03","modified_gmt":"2025-08-12T03:33:03","slug":"especializacion-docente-de-nivel-superior-en-neurociencias-aplicadas-a-la-educacion","status":"publish","type":"page","link":"https:\/\/ens9002-infd.mendoza.edu.ar\/sitio\/especializacion-docente-de-nivel-superior-en-neurociencias-aplicadas-a-la-educacion\/","title":{"rendered":"Especializaci\u00f3n Docente de Nivel Superior en Neurociencias Aplicadas a la Educaci\u00f3n\u00a0"},"content":{"rendered":"\n<div class=\"wp-block-columns is-layout-flex wp-container-5\">\n<div class=\"wp-block-column is-layout-flow\">\n<figure class=\"wp-block-image size-full\"><img decoding=\"async\" loading=\"lazy\" width=\"1620\" height=\"1620\" src=\"https:\/\/ens9002-infd.mendoza.edu.ar\/sitio\/wp-content\/uploads\/2025\/08\/formacio\u0301n-continua-2-1.png\" alt=\"\" class=\"wp-image-18753\" srcset=\"https:\/\/ens9002-infd.mendoza.edu.ar\/sitio\/wp-content\/uploads\/2025\/08\/formacio\u0301n-continua-2-1.png 1620w, https:\/\/ens9002-infd.mendoza.edu.ar\/sitio\/wp-content\/uploads\/2025\/08\/formacio\u0301n-continua-2-1-1000x1000.png 1000w, https:\/\/ens9002-infd.mendoza.edu.ar\/sitio\/wp-content\/uploads\/2025\/08\/formacio\u0301n-continua-2-1-500x500.png 500w, https:\/\/ens9002-infd.mendoza.edu.ar\/sitio\/wp-content\/uploads\/2025\/08\/formacio\u0301n-continua-2-1-768x768.png 768w, https:\/\/ens9002-infd.mendoza.edu.ar\/sitio\/wp-content\/uploads\/2025\/08\/formacio\u0301n-continua-2-1-1536x1536.png 1536w\" sizes=\"(max-width: 1620px) 100vw, 1620px\" \/><\/figure>\n<\/div>\n\n\n\n<div class=\"wp-block-column is-layout-flow\">\n<p>A&nbsp;lo  largo de la cursada -que ser\u00e1&nbsp;<em>semipresencial<\/em>&nbsp;e inicia en&nbsp;<em>septiembre-<\/em>&nbsp;se proporcionar\u00e1 a los y las docentes estrategias conceptuales y metodol\u00f3gicas que les permitan fortalecer sus capacidades profesionales en el marco de una ense\u00f1anza cerebro compatible. A su vez, se profundizar\u00e1 sobre el concepto de inteligencia emocional y su impacto en el aprendizaje del sujeto neurodivergente, al mismo tiempo que procurar\u00e1 la apropiaci\u00f3n de conceptos esenciales respecto de la modificabilidad estructural cognitiva, el aprendizaje mediado y la neurodiversidad y su relaci\u00f3n con sus pr\u00e1cticas de ense\u00f1anza.&nbsp;<\/p>\n<\/div>\n\n\n\n<div class=\"wp-block-column is-layout-flow\">\n<div class=\"wp-block-buttons is-layout-flex\">\n<div class=\"wp-block-button\"><a class=\"wp-block-button__link has-background wp-element-button\" href=\"https:\/\/ens9002-infd.mendoza.edu.ar\/sitio\/wp-content\/uploads\/2025\/08\/Postitulo-Especializacion-Docente-de-Nivel-Superior-en-neurociencias-aplicadas-a-la-educacion-2025.pdf\" style=\"background-color:#18957c\" target=\"_blank\" rel=\"noreferrer noopener\">M\u00c1S INFORMACI\u00d3N<\/a><\/div>\n\n\n\n<div class=\"wp-block-button\"><a class=\"wp-block-button__link has-background wp-element-button\" href=\"https:\/\/ens9002-infd.mendoza.edu.ar\/sitio\/wp-content\/uploads\/2025\/08\/RESOL-2025-4166-GDEMZA-DGE-Diseno-Curricular-del-Postitulo-Docente-Especializacion-Docente-de-Nivel-Superior-en-Neurociencias-Aplicadas-a-la-Educacion-2.pdf\" style=\"background-color:#55c1f1\" target=\"_blank\" rel=\"noreferrer noopener\">RESOLUCI\u00d3N<\/a><\/div>\n<\/div>\n<\/div>\n<\/div>\n","protected":false},"excerpt":{"rendered":"<p>A&nbsp;lo largo de la cursada -que ser\u00e1&nbsp;semipresencial&nbsp;e inicia en&nbsp;septiembre-&nbsp;se proporcionar\u00e1 a los y las docentes estrategias conceptuales y metodol\u00f3gicas que les permitan fortalecer sus capacidades profesionales en el marco de una ense\u00f1anza cerebro compatible. A su vez, se profundizar\u00e1 sobre el concepto de inteligencia emocional y su impacto en el aprendizaje del sujeto neurodivergente, al &#8230; <a title=\"Especializaci\u00f3n Docente de Nivel Superior en Neurociencias Aplicadas a la Educaci\u00f3n\u00a0\" class=\"read-more\" href=\"https:\/\/ens9002-infd.mendoza.edu.ar\/sitio\/especializacion-docente-de-nivel-superior-en-neurociencias-aplicadas-a-la-educacion\/\" aria-label=\"More on Especializaci\u00f3n Docente de Nivel Superior en Neurociencias Aplicadas a la Educaci\u00f3n\u00a0\">[+]<\/a><\/p>\n","protected":false},"author":4776,"featured_media":0,"parent":0,"menu_order":0,"comment_status":"closed","ping_status":"closed","template":"","meta":[],"acf":[],"_links":{"self":[{"href":"https:\/\/ens9002-infd.mendoza.edu.ar\/sitio\/wp-json\/wp\/v2\/pages\/18752"}],"collection":[{"href":"https:\/\/ens9002-infd.mendoza.edu.ar\/sitio\/wp-json\/wp\/v2\/pages"}],"about":[{"href":"https:\/\/ens9002-infd.mendoza.edu.ar\/sitio\/wp-json\/wp\/v2\/types\/page"}],"author":[{"embeddable":true,"href":"https:\/\/ens9002-infd.mendoza.edu.ar\/sitio\/wp-json\/wp\/v2\/users\/4776"}],"replies":[{"embeddable":true,"href":"https:\/\/ens9002-infd.mendoza.edu.ar\/sitio\/wp-json\/wp\/v2\/comments?post=18752"}],"version-history":[{"count":2,"href":"https:\/\/ens9002-infd.mendoza.edu.ar\/sitio\/wp-json\/wp\/v2\/pages\/18752\/revisions"}],"predecessor-version":[{"id":18758,"href":"https:\/\/ens9002-infd.mendoza.edu.ar\/sitio\/wp-json\/wp\/v2\/pages\/18752\/revisions\/18758"}],"wp:attachment":[{"href":"https:\/\/ens9002-infd.mendoza.edu.ar\/sitio\/wp-json\/wp\/v2\/media?parent=18752"}],"curies":[{"name":"wp","href":"https:\/\/api.w.org\/{rel}","templated":true}]}}