{"id":18916,"date":"2025-08-13T14:19:48","date_gmt":"2025-08-13T17:19:48","guid":{"rendered":"https:\/\/ens9002-infd.mendoza.edu.ar\/sitio\/?page_id=18916"},"modified":"2025-08-14T01:16:02","modified_gmt":"2025-08-14T04:16:02","slug":"recreandonos-como-optimizar-nuestra-disponibilidad-corporal-docente","status":"publish","type":"page","link":"https:\/\/ens9002-infd.mendoza.edu.ar\/sitio\/recreandonos-como-optimizar-nuestra-disponibilidad-corporal-docente\/","title":{"rendered":"\u00abRecre\u00e1ndonos \u00bfC\u00f3mo optimizar nuestra disponibilidad corporal docente?"},"content":{"rendered":"\n<div class=\"wp-block-columns is-layout-flex wp-container-5\">\n<div class=\"wp-block-column is-layout-flow\">\n<figure class=\"wp-block-image size-full\"><img decoding=\"async\" loading=\"lazy\" width=\"1080\" height=\"1080\" src=\"https:\/\/ens9002-infd.mendoza.edu.ar\/sitio\/wp-content\/uploads\/2025\/08\/formacio\u0301n-continua-3.png\" alt=\"\" class=\"wp-image-18913\" srcset=\"https:\/\/ens9002-infd.mendoza.edu.ar\/sitio\/wp-content\/uploads\/2025\/08\/formacio\u0301n-continua-3.png 1080w, https:\/\/ens9002-infd.mendoza.edu.ar\/sitio\/wp-content\/uploads\/2025\/08\/formacio\u0301n-continua-3-1000x1000.png 1000w, https:\/\/ens9002-infd.mendoza.edu.ar\/sitio\/wp-content\/uploads\/2025\/08\/formacio\u0301n-continua-3-500x500.png 500w, https:\/\/ens9002-infd.mendoza.edu.ar\/sitio\/wp-content\/uploads\/2025\/08\/formacio\u0301n-continua-3-768x768.png 768w\" sizes=\"(max-width: 1080px) 100vw, 1080px\" \/><\/figure>\n<\/div>\n\n\n\n<div class=\"wp-block-column is-layout-flow\">\n<p>En este taller se abordar\u00e1n tem\u00e1ticas espec\u00edficas sobre la disponibilidad corporal y l\u00fadica<br>docente en situaciones cotidianas; priorizando la realizaci\u00f3n de las actividades pr\u00e1cticas,<br>mediante ejercicios, danzas, juegos y creatividad. Se propone la integraci\u00f3n de actividades<br>vivenciales en encuentros semanales presenciales a fin de redescubrir como docentes el valor<br>de las actividades sociorecreativas para el bienestar mental y emocional, profundizando el<br>conocimiento y valoraci\u00f3n de s\u00ed mismo\/a, con aportes de las neurociencias.<\/p>\n<\/div>\n\n\n\n<div class=\"wp-block-column is-layout-flow\">\n<div class=\"wp-block-buttons is-layout-flex\">\n<div class=\"wp-block-button\"><a class=\"wp-block-button__link has-background wp-element-button\" href=\"https:\/\/ens9002-infd.mendoza.edu.ar\/sitio\/wp-content\/uploads\/2025\/08\/Juego-1c.pdf\" style=\"background-color:#18957c\" target=\"_blank\" rel=\"noreferrer noopener\">M\u00c1S INFORMACI\u00d3N<\/a><\/div>\n\n\n\n<div class=\"wp-block-button\"><a class=\"wp-block-button__link has-background wp-element-button\" href=\"https:\/\/ens9002-infd.mendoza.edu.ar\/sitio\/wp-content\/uploads\/2025\/08\/p_66_resolucion.pdf\" style=\"background-color:#55c1f1\" target=\"_blank\" rel=\"noreferrer noopener\">RESOLUCI\u00d3N<\/a><\/div>\n<\/div>\n<\/div>\n<\/div>\n","protected":false},"excerpt":{"rendered":"<p>En este taller se abordar\u00e1n tem\u00e1ticas espec\u00edficas sobre la disponibilidad corporal y l\u00fadicadocente en situaciones cotidianas; priorizando la realizaci\u00f3n de las actividades pr\u00e1cticas,mediante ejercicios, danzas, juegos y creatividad. Se propone la integraci\u00f3n de actividadesvivenciales en encuentros semanales presenciales a fin de redescubrir como docentes el valorde las actividades sociorecreativas para el bienestar mental y emocional, &#8230; <a title=\"\u00abRecre\u00e1ndonos \u00bfC\u00f3mo optimizar nuestra disponibilidad corporal docente?\" class=\"read-more\" href=\"https:\/\/ens9002-infd.mendoza.edu.ar\/sitio\/recreandonos-como-optimizar-nuestra-disponibilidad-corporal-docente\/\" aria-label=\"More on \u00abRecre\u00e1ndonos \u00bfC\u00f3mo optimizar nuestra disponibilidad corporal docente?\">[+]<\/a><\/p>\n","protected":false},"author":4776,"featured_media":0,"parent":0,"menu_order":0,"comment_status":"closed","ping_status":"closed","template":"","meta":[],"acf":[],"_links":{"self":[{"href":"https:\/\/ens9002-infd.mendoza.edu.ar\/sitio\/wp-json\/wp\/v2\/pages\/18916"}],"collection":[{"href":"https:\/\/ens9002-infd.mendoza.edu.ar\/sitio\/wp-json\/wp\/v2\/pages"}],"about":[{"href":"https:\/\/ens9002-infd.mendoza.edu.ar\/sitio\/wp-json\/wp\/v2\/types\/page"}],"author":[{"embeddable":true,"href":"https:\/\/ens9002-infd.mendoza.edu.ar\/sitio\/wp-json\/wp\/v2\/users\/4776"}],"replies":[{"embeddable":true,"href":"https:\/\/ens9002-infd.mendoza.edu.ar\/sitio\/wp-json\/wp\/v2\/comments?post=18916"}],"version-history":[{"count":5,"href":"https:\/\/ens9002-infd.mendoza.edu.ar\/sitio\/wp-json\/wp\/v2\/pages\/18916\/revisions"}],"predecessor-version":[{"id":18961,"href":"https:\/\/ens9002-infd.mendoza.edu.ar\/sitio\/wp-json\/wp\/v2\/pages\/18916\/revisions\/18961"}],"wp:attachment":[{"href":"https:\/\/ens9002-infd.mendoza.edu.ar\/sitio\/wp-json\/wp\/v2\/media?parent=18916"}],"curies":[{"name":"wp","href":"https:\/\/api.w.org\/{rel}","templated":true}]}}