{"id":19557,"date":"2025-10-08T14:45:38","date_gmt":"2025-10-08T17:45:38","guid":{"rendered":"https:\/\/ens9002-infd.mendoza.edu.ar\/sitio\/?page_id=19557"},"modified":"2025-10-16T12:26:52","modified_gmt":"2025-10-16T15:26:52","slug":"tejiendo-redes-de-cuidado-educar-en-tiempos-violentos","status":"publish","type":"page","link":"https:\/\/ens9002-infd.mendoza.edu.ar\/sitio\/tejiendo-redes-de-cuidado-educar-en-tiempos-violentos\/","title":{"rendered":"Tejiendo redes de cuidado: educar en tiempos violentos"},"content":{"rendered":"\n<div class=\"wp-block-columns is-layout-flex wp-container-6\">\n<div class=\"wp-block-column is-layout-flow\">\n<figure class=\"wp-block-image size-full\"><img decoding=\"async\" loading=\"lazy\" width=\"1080\" height=\"1080\" src=\"https:\/\/ens9002-infd.mendoza.edu.ar\/sitio\/wp-content\/uploads\/2025\/10\/formacio\u0301n-continua-3.png\" alt=\"\" class=\"wp-image-19554\" srcset=\"https:\/\/ens9002-infd.mendoza.edu.ar\/sitio\/wp-content\/uploads\/2025\/10\/formacio\u0301n-continua-3.png 1080w, https:\/\/ens9002-infd.mendoza.edu.ar\/sitio\/wp-content\/uploads\/2025\/10\/formacio\u0301n-continua-3-1000x1000.png 1000w, https:\/\/ens9002-infd.mendoza.edu.ar\/sitio\/wp-content\/uploads\/2025\/10\/formacio\u0301n-continua-3-500x500.png 500w, https:\/\/ens9002-infd.mendoza.edu.ar\/sitio\/wp-content\/uploads\/2025\/10\/formacio\u0301n-continua-3-768x768.png 768w\" sizes=\"(max-width: 1080px) 100vw, 1080px\" \/><\/figure>\n<\/div>\n\n\n\n<div class=\"wp-block-column is-layout-flow\">\n<p>Con este taller se pretende brindar a los docentes herramientas necesarias para<br>la resoluci\u00f3n de conflictos y problem\u00e1ticas emergentes que se suceden en las<br>aulas en relaci\u00f3n a las violencias de g\u00e9nero.<\/p>\n\n\n\n<p>Ofrece a los y las profesionales de la educaci\u00f3n, desarrollar habilidades para el abordaje de la problem\u00e1tica de las m\u00faltiples violencias contra las mujeres y disidencias de manera creativa, colaborativa y significativa.<\/p>\n\n\n\n<p><\/p>\n\n\n\n<p><\/p>\n\n\n\n<p><\/p>\n\n\n\n<p><\/p>\n<\/div>\n\n\n\n<div class=\"wp-block-column is-layout-flow\">\n<div class=\"wp-block-buttons is-layout-flex\">\n<div class=\"wp-block-button\"><a class=\"wp-block-button__link has-accent-background-color has-background wp-element-button\" href=\"https:\/\/docs.google.com\/forms\/d\/e\/1FAIpQLSfqS7Cl5yveFS0Rr0y1aQR2Dl-tzfZDSHRvqmQNPj0Rl8j84Q\/viewform?usp=sharing&amp;ouid=109833175172900422305\" target=\"_blank\" rel=\"noreferrer noopener\">INSCRIPCI\u00d3N<\/a><\/div>\n<\/div>\n\n\n\n<div style=\"height:55px\" aria-hidden=\"true\" class=\"wp-block-spacer\"><\/div>\n\n\n\n<div class=\"wp-block-buttons is-layout-flex\">\n<div class=\"wp-block-button\"><a class=\"wp-block-button__link has-background wp-element-button\" href=\"https:\/\/ens9002-infd.mendoza.edu.ar\/sitio\/wp-content\/uploads\/2025\/10\/RS-2025-05322595-GDEMZA-CGESDGE.pdf\" style=\"background-color:#1baeae\" target=\"_blank\" rel=\"noreferrer noopener\">RESOLUCI\u00d3N<\/a><\/div>\n<\/div>\n<\/div>\n<\/div>\n","protected":false},"excerpt":{"rendered":"<p>Con este taller se pretende brindar a los docentes herramientas necesarias parala resoluci\u00f3n de conflictos y problem\u00e1ticas emergentes que se suceden en lasaulas en relaci\u00f3n a las violencias de g\u00e9nero. Ofrece a los y las profesionales de la educaci\u00f3n, desarrollar habilidades para el abordaje de la problem\u00e1tica de las m\u00faltiples violencias contra las mujeres y &#8230; <a title=\"Tejiendo redes de cuidado: educar en tiempos violentos\" class=\"read-more\" href=\"https:\/\/ens9002-infd.mendoza.edu.ar\/sitio\/tejiendo-redes-de-cuidado-educar-en-tiempos-violentos\/\" aria-label=\"More on Tejiendo redes de cuidado: educar en tiempos violentos\">[+]<\/a><\/p>\n","protected":false},"author":4776,"featured_media":0,"parent":0,"menu_order":0,"comment_status":"closed","ping_status":"closed","template":"","meta":[],"acf":[],"_links":{"self":[{"href":"https:\/\/ens9002-infd.mendoza.edu.ar\/sitio\/wp-json\/wp\/v2\/pages\/19557"}],"collection":[{"href":"https:\/\/ens9002-infd.mendoza.edu.ar\/sitio\/wp-json\/wp\/v2\/pages"}],"about":[{"href":"https:\/\/ens9002-infd.mendoza.edu.ar\/sitio\/wp-json\/wp\/v2\/types\/page"}],"author":[{"embeddable":true,"href":"https:\/\/ens9002-infd.mendoza.edu.ar\/sitio\/wp-json\/wp\/v2\/users\/4776"}],"replies":[{"embeddable":true,"href":"https:\/\/ens9002-infd.mendoza.edu.ar\/sitio\/wp-json\/wp\/v2\/comments?post=19557"}],"version-history":[{"count":5,"href":"https:\/\/ens9002-infd.mendoza.edu.ar\/sitio\/wp-json\/wp\/v2\/pages\/19557\/revisions"}],"predecessor-version":[{"id":19583,"href":"https:\/\/ens9002-infd.mendoza.edu.ar\/sitio\/wp-json\/wp\/v2\/pages\/19557\/revisions\/19583"}],"wp:attachment":[{"href":"https:\/\/ens9002-infd.mendoza.edu.ar\/sitio\/wp-json\/wp\/v2\/media?parent=19557"}],"curies":[{"name":"wp","href":"https:\/\/api.w.org\/{rel}","templated":true}]}}