{"id":1983,"date":"2018-08-31T14:03:07","date_gmt":"2018-08-31T17:03:07","guid":{"rendered":"https:\/\/ens9002-mza.infd.edu.ar\/sitio\/capacitacion-actualizacion-y-perfeccionamiento-docente\/"},"modified":"2025-05-05T15:23:32","modified_gmt":"2025-05-05T18:23:32","slug":"capacitacion-actualizacion-y-perfeccionamiento-docente","status":"publish","type":"page","link":"https:\/\/ens9002-infd.mendoza.edu.ar\/sitio\/capacitacion-actualizacion-y-perfeccionamiento-docente\/","title":{"rendered":"Capacitaci\u00f3n Actualizaci\u00f3n y Perfeccionamiento Docente"},"content":{"rendered":"<p>\u00a0 \u00a0 \u00a0 \u00a0 \u00a0 \u00a0 <img decoding=\"async\" loading=\"lazy\" class=\"alignnone wp-image-15097 \" src=\"https:\/\/ens9002-infd.mendoza.edu.ar\/sitio\/wp-content\/uploads\/2024\/04\/FORMACIO\u0301N-CONTINUA-Isologotipo-Positivo-1000x400.png\" alt=\"\" width=\"420\" height=\"168\" srcset=\"https:\/\/ens9002-infd.mendoza.edu.ar\/sitio\/wp-content\/uploads\/2024\/04\/FORMACIO\u0301N-CONTINUA-Isologotipo-Positivo-1000x400.png 1000w, https:\/\/ens9002-infd.mendoza.edu.ar\/sitio\/wp-content\/uploads\/2024\/04\/FORMACIO\u0301N-CONTINUA-Isologotipo-Positivo-1900x759.png 1900w, https:\/\/ens9002-infd.mendoza.edu.ar\/sitio\/wp-content\/uploads\/2024\/04\/FORMACIO\u0301N-CONTINUA-Isologotipo-Positivo-768x307.png 768w, https:\/\/ens9002-infd.mendoza.edu.ar\/sitio\/wp-content\/uploads\/2024\/04\/FORMACIO\u0301N-CONTINUA-Isologotipo-Positivo-1536x614.png 1536w, https:\/\/ens9002-infd.mendoza.edu.ar\/sitio\/wp-content\/uploads\/2024\/04\/FORMACIO\u0301N-CONTINUA-Isologotipo-Positivo-2048x818.png 2048w\" sizes=\"(max-width: 420px) 100vw, 420px\" \/>\u00a0 \u00a0 \u00a0 \u00a0 \u00a0 \u00a0 \u00a0 \u00a0 \u00a0 \u00a0 \u00a0 \u00a0 \u00a0 \u00a0 \u00a0 \u00a0 \u00a0 \u00a0 \u00a0 \u00a0 \u00a0 \u00a0 \u00a0 \u00a0 \u00a0 \u00a0 \u00a0 \u00a0 \u00a0 \u00a0 \u00a0 \u00a0 \u00a0 \u00a0 \u00a0 \u00a0 \u00a0 \u00a0 \u00a0 \u00a0 \u00a0 \u00a0 \u00a0 \u00a0<img decoding=\"async\" loading=\"lazy\" class=\"alignnone wp-image-18313\" src=\"https:\/\/ens9002-infd.mendoza.edu.ar\/sitio\/wp-content\/uploads\/2025\/05\/WhatsApp-Image-2025-05-05-at-10.01.13-AM-2-880x1000.jpeg\" alt=\"\" width=\"211\" height=\"240\" srcset=\"https:\/\/ens9002-infd.mendoza.edu.ar\/sitio\/wp-content\/uploads\/2025\/05\/WhatsApp-Image-2025-05-05-at-10.01.13-AM-2-880x1000.jpeg 880w, https:\/\/ens9002-infd.mendoza.edu.ar\/sitio\/wp-content\/uploads\/2025\/05\/WhatsApp-Image-2025-05-05-at-10.01.13-AM-2-768x873.jpeg 768w, https:\/\/ens9002-infd.mendoza.edu.ar\/sitio\/wp-content\/uploads\/2025\/05\/WhatsApp-Image-2025-05-05-at-10.01.13-AM-2-1352x1536.jpeg 1352w, https:\/\/ens9002-infd.mendoza.edu.ar\/sitio\/wp-content\/uploads\/2025\/05\/WhatsApp-Image-2025-05-05-at-10.01.13-AM-2.jpeg 1408w\" sizes=\"(max-width: 211px) 100vw, 211px\" \/><\/p>\n<p><span style=\"color: #000000;\"><strong>\u00a0 \u00a0 \u00a0 \u00a0 \u00a0 \u00a0 \u00a0 \u00a0 \u00a0 \u00a0 \u00a0 \u00a0 \u00a0 \u00a0 \u00a0 \u00a0 \u00a0 \u00a0 \u00a0 \u00a0 \u00a0 \u00a0 \u00a0 \u00a0 \u00a0 \u00a0 \u00a0 \u00a0 \u00a0 \u00a0 \u00a0 \u00a0 \u00a0 \u00a0 \u00a0 \u00a0 \u00a0 \u00a0 \u00a0 \u00a0 \u00a0 \u00a0 \u00a0 \u00a0 \u00a0 \u00a0 \u00a0 \u00a0 \u00a0 \u00a0 \u00a0 \u00a0 \u00a0 \u00a0 \u00a0 \u00a0 \u00a0 \u00a0 \u00a0 \u00a0 \u00a0 \u00a0 \u00a0 \u00a0 \u00a0 \u00a0 \u00a0 \u00a0 \u00a0 \u00a0 \u00a0 \u00a0 \u00a0 \u00a0 \u00a0 \u00a0 \u00a0 \u00a0 \u00a0 \u00a0 \u00a0 \u00a0 \u00a0 \u00a0 \u00a0 \u00a0 \u00a0 \u00a0 \u00a0 \u00a0 \u00a0 \u00a0 \u00a0 \u00a0 \u00a0 \u00a0 \u00a0 \u00a0 \u00a0 \u00a0 Prof. Lic. Alejandra Sosa<\/strong><\/span><\/p>\n<p><strong>\u00a0 \u00a0 \u00a0 \u00a0 \u00a0 \u00a0 \u00a0 \u00a0 \u00a0 \u00a0 \u00a0 \u00a0 \u00a0 \u00a0 \u00a0 \u00a0 \u00a0 \u00a0 \u00a0 \u00a0 \u00a0 \u00a0 \u00a0 \u00a0 \u00a0 \u00a0 \u00a0 \u00a0 \u00a0 \u00a0 \u00a0 \u00a0 \u00a0 \u00a0 \u00a0 \u00a0 \u00a0 \u00a0 \u00a0 \u00a0 \u00a0 \u00a0 \u00a0 \u00a0 \u00a0 \u00a0 \u00a0 \u00a0 \u00a0 \u00a0 \u00a0 \u00a0 \u00a0 \u00a0 \u00a0 \u00a0 \u00a0 \u00a0 \u00a0 \u00a0 \u00a0 \u00a0 \u00a0 \u00a0 \u00a0 \u00a0 \u00a0 \u00a0 \u00a0 \u00a0 \u00a0 \u00a0 \u00a0 \u00a0 \u00a0 \u00a0 \u00a0 \u00a0 \u00a0 \u00a0 \u00a0 \u00a0 \u00a0 \u00a0 \u00a0 \u00a0 \u00a0 \u00a0 \u00a0 \u00a0 \u00a0 \u00a0 \u00a0J<\/strong><span style=\"color: #000000;\"><strong>efa de Capacitaci\u00f3n, Actualizaci\u00f3n y\u00a0 \u00a0 \u00a0 \u00a0 \u00a0 \u00a0 \u00a0 \u00a0 \u00a0 \u00a0 \u00a0 \u00a0 \u00a0 \u00a0 \u00a0 \u00a0 \u00a0 \u00a0 \u00a0 \u00a0 \u00a0 \u00a0 \u00a0 \u00a0 \u00a0 \u00a0 \u00a0 \u00a0 \u00a0 \u00a0 \u00a0 \u00a0 \u00a0 \u00a0 \u00a0 \u00a0 \u00a0 \u00a0 \u00a0 \u00a0 \u00a0 \u00a0 \u00a0 \u00a0 \u00a0 \u00a0 \u00a0 \u00a0 \u00a0 \u00a0 \u00a0 \u00a0 \u00a0 \u00a0 \u00a0 \u00a0 \u00a0 \u00a0 \u00a0 \u00a0 \u00a0 \u00a0 \u00a0 \u00a0 \u00a0 \u00a0 \u00a0 \u00a0 \u00a0 \u00a0 \u00a0 \u00a0 \u00a0 \u00a0 \u00a0 \u00a0 \u00a0 \u00a0 \u00a0 \u00a0 \u00a0 \u00a0 \u00a0 \u00a0 \u00a0 \u00a0 \u00a0 \u00a0 \u00a0 \u00a0 \u00a0 \u00a0 \u00a0 \u00a0 \u00a0 \u00a0 \u00a0 \u00a0 \u00a0 \u00a0 \u00a0 \u00a0 \u00a0 Perfeccionamiento Docente<\/strong><\/span><\/p>\n<p><\/p>\n<p>&nbsp;<\/p>\n<p style=\"text-align: left;\"><em><strong>HORARIO DE ATENCI\u00d3N:<\/strong><\/em><\/p>\n<p style=\"text-align: left;\">Lunes, mi\u00e9rcoles y jueves de 9 a 13 horas<\/p>\n<p style=\"text-align: left;\">Martes de 15.30 a 19.30<\/p>\n<p style=\"text-align: left;\">\u00a0<\/p>\n<p style=\"text-align: left;\"><span style=\"color: #000000;\">La Capacitaci\u00f3n, Actualizaci\u00f3n y Perfeccionamiento Docente es una de las funciones sustantivas de los Institutos de Educaci\u00f3n Superior. En nuestro Instituto se favorece la articulaci\u00f3n de los objetivos institucionales con las necesidades de todos los niveles del Sistema Educativo y de la comunidad en general al propiciar la resignificaci\u00f3n constante de los esquemas te\u00f3ricos a trav\u00e9s de acciones y decisiones contextualizadas que respondan a las actuales demandas sociales y educativas\u00a0 de permanente actualizaci\u00f3n acad\u00e9mica. Los objetivos planteados para el \u00e1rea de Formaci\u00f3n Continua son:<\/span><\/p>\n<p style=\"text-align: left;\"><span style=\"color: #000000;\"><strong><em>Contribuir<\/em><\/strong> al mejoramiento de las pr\u00e1cticas de ense\u00f1anzas en el contexto de la tarea docente, impulsando acciones que promocionen pr\u00e1cticas innovadoras, que mejoren las experiencias del aula y favorezcan los aprendizajes de los estudiantes.<\/span><\/p>\n<p style=\"text-align: left;\"><span style=\"color: #000000;\"><em><strong>Impulsar la construcci\u00f3n de comunidades activas de saber pedag\u00f3gico<\/strong><\/em>, que permita a los docentes resignificar y actualizar sus intervenciones educativas, profesionalizarlas y fortalecer su identidad.<\/span><\/p>\n<p style=\"text-align: left;\"><span style=\"color: #000000;\"><em><strong>Promover la actualizaci\u00f3n disciplinar, pedag\u00f3gica y \/o t\u00e9cnica de docentes en ejercicio<\/strong><\/em> en el marco de la formaci\u00f3n continua.<\/span><\/p>\n<p style=\"text-align: left;\"><span style=\"color: #000000;\"><em><strong>Favorecer la consolidaci\u00f3n al interior de la Instituci\u00f3n<\/strong><\/em>, de un espacio de Desarrollo Profesional de Nivel Superior que responda a las demandas actuales de la instituci\u00f3n, del Sistema Educativo y socio- productivo.<\/span><\/p>\n<p style=\"text-align: left;\"><span style=\"color: #000000;\"><em><strong>Promover acciones de articulaci\u00f3n acad\u00e9mica y cultural<\/strong><\/em> con instituciones de todos los niveles y modalidades del Sistema Educativo y con instituciones vinculadas con el entorno social y el sistema productivo, provincial, nacional y latinoamericano.\u00a0<\/span><\/p>\n<div class=\"entry-content\">\n<table border=\"10\">\n<tbody>\n<tr>\n<td colspan=\"2\"><strong>L\u00edneas de Trabajo\u00a0<\/strong><\/td>\n<\/tr>\n<tr>\n<td colspan=\"2\"><strong>a) Fortalecimiento interno del Instituto<\/strong> Promoci\u00f3n de \u00e1mbitos de trabajo intra e interinstitucional promoviendo la participaci\u00f3n de estudiantes en los equipos de trabajo, junto a los docentes.<\/td>\n<\/tr>\n<tr>\n<td colspan=\"2\"><strong>b) Apertura del Instituto al entorno educativo, cultural y social<\/strong> Realizaci\u00f3n de eventos acad\u00e9micos como jornadas, simposios, congresos que aborden tem\u00e1ticas disciplinares o pedag\u00f3gicas de relevancia; tambi\u00e9n muestras, exposiciones y paneles, entre otros, que permitan instalar a nuestra instituci\u00f3n en el ideario social como una usina de generaci\u00f3n de hechos culturales y art\u00edsticos.<\/td>\n<\/tr>\n<tr>\n<td colspan=\"2\"><strong>c) Acompa\u00f1amiento de Escuelas y otras Instituciones<\/strong> Promoci\u00f3n de ofertas coordinadas de formaci\u00f3n docente centradas en la escuela, con modalidades pedag\u00f3gicas diversificadas y de impacto en las instituciones escolares de todos los niveles modalidades.<\/td>\n<\/tr>\n<tr>\n<td colspan=\"2\"><strong>d) Fortalecimiento de las capacidades profesionales docentes.<\/strong> Promoci\u00f3n instancias formativas espec\u00edficas de desarrollo de capacidades profesionales que complementen y enriquezca la formaci\u00f3n inicial.<\/td>\n<\/tr>\n<\/tbody>\n<\/table>\n<\/div>\n<h4><a href=\"https:\/\/ens9002-infd.mendoza.edu.ar\/sitio\/formacion-continua\/\"><img decoding=\"async\" loading=\"lazy\" class=\"wp-image-16153  aligncenter\" src=\"https:\/\/ens9002-infd.mendoza.edu.ar\/sitio\/wp-content\/uploads\/2024\/08\/formacio\u0301n-continua-2.png\" alt=\"\" width=\"291\" height=\"291\" srcset=\"https:\/\/ens9002-infd.mendoza.edu.ar\/sitio\/wp-content\/uploads\/2024\/08\/formacio\u0301n-continua-2.png 1080w, https:\/\/ens9002-infd.mendoza.edu.ar\/sitio\/wp-content\/uploads\/2024\/08\/formacio\u0301n-continua-2-1000x1000.png 1000w, https:\/\/ens9002-infd.mendoza.edu.ar\/sitio\/wp-content\/uploads\/2024\/08\/formacio\u0301n-continua-2-500x500.png 500w, https:\/\/ens9002-infd.mendoza.edu.ar\/sitio\/wp-content\/uploads\/2024\/08\/formacio\u0301n-continua-2-768x768.png 768w\" sizes=\"(max-width: 291px) 100vw, 291px\" \/><\/a><\/h4>\n<h5 style=\"text-align: center;\">\u00a0<\/h5>\n<p style=\"text-align: center;\">\u00a0<\/p>\n<h4><span style=\"color: #333399;\">\u00a0<\/span><\/h4>\n","protected":false},"excerpt":{"rendered":"<p>\u00a0 \u00a0 \u00a0 \u00a0 \u00a0 \u00a0 \u00a0 \u00a0 \u00a0 \u00a0 \u00a0 \u00a0 \u00a0 \u00a0 \u00a0 \u00a0 \u00a0 \u00a0 \u00a0 \u00a0 \u00a0 \u00a0 \u00a0 \u00a0 \u00a0 \u00a0 \u00a0 \u00a0 \u00a0 \u00a0 \u00a0 \u00a0 \u00a0 \u00a0 \u00a0 \u00a0 \u00a0 \u00a0 \u00a0 \u00a0 \u00a0 \u00a0 \u00a0 \u00a0 \u00a0 \u00a0 \u00a0 \u00a0 \u00a0 \u00a0 \u00a0 \u00a0 \u00a0 \u00a0 \u00a0 &#8230; <a title=\"Capacitaci\u00f3n Actualizaci\u00f3n y Perfeccionamiento Docente\" class=\"read-more\" href=\"https:\/\/ens9002-infd.mendoza.edu.ar\/sitio\/capacitacion-actualizacion-y-perfeccionamiento-docente\/\" aria-label=\"More on Capacitaci\u00f3n Actualizaci\u00f3n y Perfeccionamiento Docente\">[+]<\/a><\/p>\n","protected":false},"author":5332,"featured_media":0,"parent":0,"menu_order":0,"comment_status":"closed","ping_status":"closed","template":"","meta":[],"acf":[],"_links":{"self":[{"href":"https:\/\/ens9002-infd.mendoza.edu.ar\/sitio\/wp-json\/wp\/v2\/pages\/1983"}],"collection":[{"href":"https:\/\/ens9002-infd.mendoza.edu.ar\/sitio\/wp-json\/wp\/v2\/pages"}],"about":[{"href":"https:\/\/ens9002-infd.mendoza.edu.ar\/sitio\/wp-json\/wp\/v2\/types\/page"}],"author":[{"embeddable":true,"href":"https:\/\/ens9002-infd.mendoza.edu.ar\/sitio\/wp-json\/wp\/v2\/users\/5332"}],"replies":[{"embeddable":true,"href":"https:\/\/ens9002-infd.mendoza.edu.ar\/sitio\/wp-json\/wp\/v2\/comments?post=1983"}],"version-history":[{"count":73,"href":"https:\/\/ens9002-infd.mendoza.edu.ar\/sitio\/wp-json\/wp\/v2\/pages\/1983\/revisions"}],"predecessor-version":[{"id":18315,"href":"https:\/\/ens9002-infd.mendoza.edu.ar\/sitio\/wp-json\/wp\/v2\/pages\/1983\/revisions\/18315"}],"wp:attachment":[{"href":"https:\/\/ens9002-infd.mendoza.edu.ar\/sitio\/wp-json\/wp\/v2\/media?parent=1983"}],"curies":[{"name":"wp","href":"https:\/\/api.w.org\/{rel}","templated":true}]}}

Capacitación Actualización y Perfeccionamiento Docente

<p>            <img decoding="async" loading="lazy" class="alignnone wp-image-15097 " src="https://ens9002-infd.mendoza.edu.ar/sitio/wp-content/uploads/2024/04/FORMACIÓN-CONTINUA-Isologotipo-Positivo-1000x400.png" alt="" width="420" height="168" srcset="https://ens9002-infd.mendoza.edu.ar/sitio/wp-content/uploads/2024/04/FORMACIÓN-CONTINUA-Isologotipo-Positivo-1000x400.png 1000w, https://ens9002-infd.mendoza.edu.ar/sitio/wp-content/uploads/2024/04/FORMACIÓN-CONTINUA-Isologotipo-Positivo-1900x759.png 1900w, https://ens9002-infd.mendoza.edu.ar/sitio/wp-content/uploads/2024/04/FORMACIÓN-CONTINUA-Isologotipo-Positivo-768x307.png 768w, https://ens9002-infd.mendoza.edu.ar/sitio/wp-content/uploads/2024/04/FORMACIÓN-CONTINUA-Isologotipo-Positivo-1536x614.png 1536w, https://ens9002-infd.mendoza.edu.ar/sitio/wp-content/uploads/2024/04/FORMACIÓN-CONTINUA-Isologotipo-Positivo-2048x818.png 2048w" sizes="(max-width: 420px) 100vw, 420px" />                                                                                       <img decoding="async" loading="lazy" class="alignnone wp-image-18313" src="https://ens9002-infd.mendoza.edu.ar/sitio/wp-content/uploads/2025/05/WhatsApp-Image-2025-05-05-at-10.01.13-AM-2-880x1000.jpeg" alt="" width="211" height="240" srcset="https://ens9002-infd.mendoza.edu.ar/sitio/wp-content/uploads/2025/05/WhatsApp-Image-2025-05-05-at-10.01.13-AM-2-880x1000.jpeg 880w, https://ens9002-infd.mendoza.edu.ar/sitio/wp-content/uploads/2025/05/WhatsApp-Image-2025-05-05-at-10.01.13-AM-2-768x873.jpeg 768w, https://ens9002-infd.mendoza.edu.ar/sitio/wp-content/uploads/2025/05/WhatsApp-Image-2025-05-05-at-10.01.13-AM-2-1352x1536.jpeg 1352w, https://ens9002-infd.mendoza.edu.ar/sitio/wp-content/uploads/2025/05/WhatsApp-Image-2025-05-05-at-10.01.13-AM-2.jpeg 1408w" sizes="(max-width: 211px) 100vw, 211px" /></p>
<p><span style="color: #000000;"><strong>                                                                                                                                                                                                        Prof. Lic. Alejandra Sosa</strong></span></p>
<p><strong>                                                                                                                                                                                         J</strong><span style="color: #000000;"><strong>efa de Capacitación, Actualización y                                                                                                                                                                                                              Perfeccionamiento Docente</strong></span></p>
<p></p>
<p>&nbsp;</p>
<p style="text-align: left;"><em><strong>HORARIO DE ATENCIÓN:</strong></em></p>
<p style="text-align: left;">Lunes, miércoles y jueves de 9 a 13 horas</p>
<p style="text-align: left;">Martes de 15.30 a 19.30</p>
<p style="text-align: left;"> </p>
<p style="text-align: left;"><span style="color: #000000;">La Capacitación, Actualización y Perfeccionamiento Docente es una de las funciones sustantivas de los Institutos de Educación Superior. En nuestro Instituto se favorece la articulación de los objetivos institucionales con las necesidades de todos los niveles del Sistema Educativo y de la comunidad en general al propiciar la resignificación constante de los esquemas teóricos a través de acciones y decisiones contextualizadas que respondan a las actuales demandas sociales y educativas  de permanente actualización académica. Los objetivos planteados para el área de Formación Continua son:</span></p>
<p style="text-align: left;"><span style="color: #000000;"><strong><em>Contribuir</em></strong> al mejoramiento de las prácticas de enseñanzas en el contexto de la tarea docente, impulsando acciones que promocionen prácticas innovadoras, que mejoren las experiencias del aula y favorezcan los aprendizajes de los estudiantes.</span></p>
<p style="text-align: left;"><span style="color: #000000;"><em><strong>Impulsar la construcción de comunidades activas de saber pedagógico</strong></em>, que permita a los docentes resignificar y actualizar sus intervenciones educativas, profesionalizarlas y fortalecer su identidad.</span></p>
<p style="text-align: left;"><span style="color: #000000;"><em><strong>Promover la actualización disciplinar, pedagógica y /o técnica de docentes en ejercicio</strong></em> en el marco de la formación continua.</span></p>
<p style="text-align: left;"><span style="color: #000000;"><em><strong>Favorecer la consolidación al interior de la Institución</strong></em>, de un espacio de Desarrollo Profesional de Nivel Superior que responda a las demandas actuales de la institución, del Sistema Educativo y socio- productivo.</span></p>
<p style="text-align: left;"><span style="color: #000000;"><em><strong>Promover acciones de articulación académica y cultural</strong></em> con instituciones de todos los niveles y modalidades del Sistema Educativo y con instituciones vinculadas con el entorno social y el sistema productivo, provincial, nacional y latinoamericano. </span></p>
<div class="entry-content">
<table border="10">
<tbody>
<tr>
<td colspan="2"><strong>Líneas de Trabajo </strong></td>
</tr>
<tr>
<td colspan="2"><strong>a) Fortalecimiento interno del Instituto</strong> Promoción de ámbitos de trabajo intra e interinstitucional promoviendo la participación de estudiantes en los equipos de trabajo, junto a los docentes.</td>
</tr>
<tr>
<td colspan="2"><strong>b) Apertura del Instituto al entorno educativo, cultural y social</strong> Realización de eventos académicos como jornadas, simposios, congresos que aborden temáticas disciplinares o pedagógicas de relevancia; también muestras, exposiciones y paneles, entre otros, que permitan instalar a nuestra institución en el ideario social como una usina de generación de hechos culturales y artísticos.</td>
</tr>
<tr>
<td colspan="2"><strong>c) Acompañamiento de Escuelas y otras Instituciones</strong> Promoción de ofertas coordinadas de formación docente centradas en la escuela, con modalidades pedagógicas diversificadas y de impacto en las instituciones escolares de todos los niveles modalidades.</td>
</tr>
<tr>
<td colspan="2"><strong>d) Fortalecimiento de las capacidades profesionales docentes.</strong> Promoción instancias formativas específicas de desarrollo de capacidades profesionales que complementen y enriquezca la formación inicial.</td>
</tr>
</tbody>
</table>
</div>
<h4><a href="https://ens9002-infd.mendoza.edu.ar/sitio/formacion-continua/"><img decoding="async" loading="lazy" class="wp-image-16153  aligncenter" src="https://ens9002-infd.mendoza.edu.ar/sitio/wp-content/uploads/2024/08/formación-continua-2.png" alt="" width="291" height="291" srcset="https://ens9002-infd.mendoza.edu.ar/sitio/wp-content/uploads/2024/08/formación-continua-2.png 1080w, https://ens9002-infd.mendoza.edu.ar/sitio/wp-content/uploads/2024/08/formación-continua-2-1000x1000.png 1000w, https://ens9002-infd.mendoza.edu.ar/sitio/wp-content/uploads/2024/08/formación-continua-2-500x500.png 500w, https://ens9002-infd.mendoza.edu.ar/sitio/wp-content/uploads/2024/08/formación-continua-2-768x768.png 768w" sizes="(max-width: 291px) 100vw, 291px" /></a></h4>
<h5 style="text-align: center;"> </h5>
<p style="text-align: center;"> </p>
<h4><span style="color: #333399;"> </span></h4>

<p>                                                                                                              &#8230; <a title="Capacitación Actualización y Perfeccionamiento Docente" class="read-more" href="https://ens9002-infd.mendoza.edu.ar/sitio/capacitacion-actualizacion-y-perfeccionamiento-docente/" aria-label="More on Capacitación Actualización y Perfeccionamiento Docente">[+]</a></p>
