{"id":20122,"date":"2026-03-02T13:22:44","date_gmt":"2026-03-02T16:22:44","guid":{"rendered":"https:\/\/ens9002-infd.mendoza.edu.ar\/sitio\/?page_id=20122"},"modified":"2026-03-04T15:06:24","modified_gmt":"2026-03-04T18:06:24","slug":"especializacion-docente-de-nivel-superior-practicas-innovadoras-para-la-ciencia-experimentales-en-el-laboratorio-y-el-contexto","status":"publish","type":"page","link":"https:\/\/ens9002-infd.mendoza.edu.ar\/sitio\/especializacion-docente-de-nivel-superior-practicas-innovadoras-para-la-ciencia-experimentales-en-el-laboratorio-y-el-contexto\/","title":{"rendered":"Especializaci\u00f3n Docente de Nivel Superior, pr\u00e1cticas innovadoras para las ciencias experimentales en el laboratorio y el contexto"},"content":{"rendered":"\n<div class=\"wp-block-columns is-layout-flex wp-container-7\">\n<div class=\"wp-block-column is-layout-flow\">\n<figure class=\"wp-block-image size-full\"><img decoding=\"async\" loading=\"lazy\" width=\"1080\" height=\"1080\" src=\"https:\/\/ens9002-infd.mendoza.edu.ar\/sitio\/wp-content\/uploads\/2026\/03\/formacio\u0301n-continua-3.png\" alt=\"\" class=\"wp-image-20119\" srcset=\"https:\/\/ens9002-infd.mendoza.edu.ar\/sitio\/wp-content\/uploads\/2026\/03\/formacio\u0301n-continua-3.png 1080w, https:\/\/ens9002-infd.mendoza.edu.ar\/sitio\/wp-content\/uploads\/2026\/03\/formacio\u0301n-continua-3-1000x1000.png 1000w, https:\/\/ens9002-infd.mendoza.edu.ar\/sitio\/wp-content\/uploads\/2026\/03\/formacio\u0301n-continua-3-500x500.png 500w, https:\/\/ens9002-infd.mendoza.edu.ar\/sitio\/wp-content\/uploads\/2026\/03\/formacio\u0301n-continua-3-768x768.png 768w\" sizes=\"(max-width: 1080px) 100vw, 1080px\" \/><\/figure>\n<\/div>\n\n\n\n<div class=\"wp-block-column has-contrast-color has-base-3-background-color has-text-color has-background is-layout-flow\">\n<p>Esta especializaci\u00f3n proporcionar\u00e1 a sus cursantes estrategias conceptuales y metodol\u00f3gicas que les permitan fortalecer sus capacidades profesionales. A la vez, busca brindarles un espacio para la actualizaci\u00f3n te\u00f3rico\/pr\u00e1ctica para la revisi\u00f3n y reflexi\u00f3n del proceso de ense\u00f1anza de la Qu\u00edmica, la F\u00edsica y la Biolog\u00eda en el contexto social, pol\u00edtico, econ\u00f3mico y tecnol\u00f3gico que vivimos.<br>En el mismo sentido, mejorar\u00e1 el desempe\u00f1o docente en el laboratorio de ciencias mediante la<br>implementaci\u00f3n de estrategias pedag\u00f3gicas innovadoras que integren el uso<br>adecuado de tecnolog\u00edas de la informaci\u00f3n y la comunicaci\u00f3n (TIC) y la inteligencia<br>artificial.<br><\/p>\n\n\n\n<div class=\"wp-block-buttons is-content-justification-left is-layout-flex wp-container-2\">\n<div class=\"wp-block-button\"><a class=\"wp-block-button__link has-accent-background-color has-background wp-element-button\" href=\"https:\/\/ens9002-infd.mendoza.edu.ar\/sitio\/wp-content\/uploads\/2026\/03\/Postitulo-Especializacion-Docente-de-Nivel-Superior-en-practicas-cs-nat.pdf\" target=\"_blank\" rel=\"noreferrer noopener\">M\u00c1S INFORMACI\u00d3N<\/a><\/div>\n\n\n\n<div class=\"wp-block-button\"><a class=\"wp-block-button__link has-background wp-element-button\" href=\"https:\/\/ens9002-infd.mendoza.edu.ar\/sitio\/wp-content\/uploads\/2026\/03\/RS-2026-6-GDEMZA-DGE-1.pdf\" style=\"background-color:#09b3a8\" target=\"_blank\" rel=\"noreferrer noopener\">RESOLUCI\u00d3N<\/a><\/div>\n<\/div>\n\n\n\n<div style=\"height:15px\" aria-hidden=\"true\" class=\"wp-block-spacer\"><\/div>\n\n\n\n<div class=\"wp-block-buttons is-layout-flex\">\n<div class=\"wp-block-button has-custom-width wp-block-button__width-50\"><a class=\"wp-block-button__link has-background wp-element-button\" href=\"https:\/\/ens9002-infd.mendoza.edu.ar\/sitio\/wp-content\/uploads\/2026\/03\/Anexo.-Especializacion-Docente-en-Ciencias-Experimentales-9-002-1.pdf\" style=\"border-radius:67px;background-color:#5590c4\" target=\"_blank\" rel=\"noreferrer noopener\">ANEXO<\/a><\/div>\n<\/div>\n<\/div>\n\n\n\n<div class=\"wp-block-column is-layout-flow\">\n<div style=\"height:20px\" aria-hidden=\"true\" class=\"wp-block-spacer\"><\/div>\n\n\n\n<div class=\"wp-block-buttons is-layout-flex\"><\/div>\n<\/div>\n<\/div>\n","protected":false},"excerpt":{"rendered":"<p>Esta especializaci\u00f3n proporcionar\u00e1 a sus cursantes estrategias conceptuales y metodol\u00f3gicas que les permitan fortalecer sus capacidades profesionales. A la vez, busca brindarles un espacio para la actualizaci\u00f3n te\u00f3rico\/pr\u00e1ctica para la revisi\u00f3n y reflexi\u00f3n del proceso de ense\u00f1anza de la Qu\u00edmica, la F\u00edsica y la Biolog\u00eda en el contexto social, pol\u00edtico, econ\u00f3mico y tecnol\u00f3gico que vivimos.En &#8230; <a title=\"Especializaci\u00f3n Docente de Nivel Superior, pr\u00e1cticas innovadoras para las ciencias experimentales en el laboratorio y el contexto\" class=\"read-more\" href=\"https:\/\/ens9002-infd.mendoza.edu.ar\/sitio\/especializacion-docente-de-nivel-superior-practicas-innovadoras-para-la-ciencia-experimentales-en-el-laboratorio-y-el-contexto\/\" aria-label=\"More on Especializaci\u00f3n Docente de Nivel Superior, pr\u00e1cticas innovadoras para las ciencias experimentales en el laboratorio y el contexto\">[+]<\/a><\/p>\n","protected":false},"author":4776,"featured_media":0,"parent":0,"menu_order":0,"comment_status":"closed","ping_status":"closed","template":"","meta":[],"acf":[],"_links":{"self":[{"href":"https:\/\/ens9002-infd.mendoza.edu.ar\/sitio\/wp-json\/wp\/v2\/pages\/20122"}],"collection":[{"href":"https:\/\/ens9002-infd.mendoza.edu.ar\/sitio\/wp-json\/wp\/v2\/pages"}],"about":[{"href":"https:\/\/ens9002-infd.mendoza.edu.ar\/sitio\/wp-json\/wp\/v2\/types\/page"}],"author":[{"embeddable":true,"href":"https:\/\/ens9002-infd.mendoza.edu.ar\/sitio\/wp-json\/wp\/v2\/users\/4776"}],"replies":[{"embeddable":true,"href":"https:\/\/ens9002-infd.mendoza.edu.ar\/sitio\/wp-json\/wp\/v2\/comments?post=20122"}],"version-history":[{"count":9,"href":"https:\/\/ens9002-infd.mendoza.edu.ar\/sitio\/wp-json\/wp\/v2\/pages\/20122\/revisions"}],"predecessor-version":[{"id":20305,"href":"https:\/\/ens9002-infd.mendoza.edu.ar\/sitio\/wp-json\/wp\/v2\/pages\/20122\/revisions\/20305"}],"wp:attachment":[{"href":"https:\/\/ens9002-infd.mendoza.edu.ar\/sitio\/wp-json\/wp\/v2\/media?parent=20122"}],"curies":[{"name":"wp","href":"https:\/\/api.w.org\/{rel}","templated":true}]}}