{"id":20443,"date":"2026-04-08T11:31:32","date_gmt":"2026-04-08T14:31:32","guid":{"rendered":"https:\/\/ens9002-infd.mendoza.edu.ar\/sitio\/?page_id=20443"},"modified":"2026-04-14T12:41:26","modified_gmt":"2026-04-14T15:41:26","slug":"la-ensenanza-y-el-aprendizaje-de-la-geometria-en-la-escuela-primariaun-enfoque-didactico-centrado-en-la-resolucion-de-problemas","status":"publish","type":"page","link":"https:\/\/ens9002-infd.mendoza.edu.ar\/sitio\/la-ensenanza-y-el-aprendizaje-de-la-geometria-en-la-escuela-primariaun-enfoque-didactico-centrado-en-la-resolucion-de-problemas\/","title":{"rendered":"La ense\u00f1anza y el aprendizaje de la geometr\u00eda en la escuela primaria:un enfoque did\u00e1ctico centrado en la resoluci\u00f3n de problemas"},"content":{"rendered":"\n<p><\/p>\n\n\n\n<div class=\"wp-block-columns is-layout-flex wp-container-6\">\n<div class=\"wp-block-column is-layout-flow\">\n<figure class=\"wp-block-image size-full\"><img decoding=\"async\" loading=\"lazy\" width=\"1080\" height=\"1080\" src=\"https:\/\/ens9002-infd.mendoza.edu.ar\/sitio\/wp-content\/uploads\/2026\/04\/formacio\u0301n-continua.png\" alt=\"\" class=\"wp-image-20441\" srcset=\"https:\/\/ens9002-infd.mendoza.edu.ar\/sitio\/wp-content\/uploads\/2026\/04\/formacio\u0301n-continua.png 1080w, https:\/\/ens9002-infd.mendoza.edu.ar\/sitio\/wp-content\/uploads\/2026\/04\/formacio\u0301n-continua-1000x1000.png 1000w, https:\/\/ens9002-infd.mendoza.edu.ar\/sitio\/wp-content\/uploads\/2026\/04\/formacio\u0301n-continua-500x500.png 500w, https:\/\/ens9002-infd.mendoza.edu.ar\/sitio\/wp-content\/uploads\/2026\/04\/formacio\u0301n-continua-768x768.png 768w\" sizes=\"(max-width: 1080px) 100vw, 1080px\" \/><\/figure>\n<\/div>\n\n\n\n<div class=\"wp-block-column is-layout-flow\">\n<p>Este espacio de formaci\u00f3n busca dotar a docentes de nivel primario de herramientas conceptuales y pr\u00e1cticas para dise\u00f1ar e implementar situaciones \u00e1ulicas<br>que promuevan un modo de pensar propio del saber geom\u00e9trico, apoyado en la anticipaci\u00f3n y la argumentaci\u00f3n a partir de las propiedades.<\/p>\n\n\n\n<p><\/p>\n\n\n\n<p><\/p>\n\n\n\n<p><\/p>\n\n\n\n<p><\/p>\n<\/div>\n\n\n\n<div class=\"wp-block-column is-layout-flow\">\n<div class=\"wp-block-buttons is-layout-flex\">\n<div class=\"wp-block-button\"><a class=\"wp-block-button__link has-accent-background-color has-background wp-element-button\" href=\"https:\/\/ens9002-infd.mendoza.edu.ar\/sitio\/wp-content\/uploads\/2026\/04\/CALOT-1.pdf\" target=\"_blank\" rel=\"noreferrer noopener\">M\u00c1S INFORMACI\u00d3N<\/a><\/div>\n<\/div>\n\n\n\n<div style=\"height:55px\" aria-hidden=\"true\" class=\"wp-block-spacer\"><\/div>\n\n\n\n<div class=\"wp-block-buttons is-layout-flex\">\n<div class=\"wp-block-button\"><a class=\"wp-block-button__link has-background wp-element-button\" href=\"https:\/\/ens9002-infd.mendoza.edu.ar\/sitio\/wp-content\/uploads\/2026\/04\/proyecto_204_resolucion.pdf\" style=\"background-color:#1baeae\" target=\"_blank\" rel=\"noreferrer noopener\">RESOLUCI\u00d3N<\/a><\/div>\n<\/div>\n<\/div>\n<\/div>\n","protected":false},"excerpt":{"rendered":"<p>Este espacio de formaci\u00f3n busca dotar a docentes de nivel primario de herramientas conceptuales y pr\u00e1cticas para dise\u00f1ar e implementar situaciones \u00e1ulicasque promuevan un modo de pensar propio del saber geom\u00e9trico, apoyado en la anticipaci\u00f3n y la argumentaci\u00f3n a partir de las propiedades.<\/p>\n","protected":false},"author":4776,"featured_media":0,"parent":0,"menu_order":0,"comment_status":"closed","ping_status":"closed","template":"","meta":[],"acf":[],"_links":{"self":[{"href":"https:\/\/ens9002-infd.mendoza.edu.ar\/sitio\/wp-json\/wp\/v2\/pages\/20443"}],"collection":[{"href":"https:\/\/ens9002-infd.mendoza.edu.ar\/sitio\/wp-json\/wp\/v2\/pages"}],"about":[{"href":"https:\/\/ens9002-infd.mendoza.edu.ar\/sitio\/wp-json\/wp\/v2\/types\/page"}],"author":[{"embeddable":true,"href":"https:\/\/ens9002-infd.mendoza.edu.ar\/sitio\/wp-json\/wp\/v2\/users\/4776"}],"replies":[{"embeddable":true,"href":"https:\/\/ens9002-infd.mendoza.edu.ar\/sitio\/wp-json\/wp\/v2\/comments?post=20443"}],"version-history":[{"count":7,"href":"https:\/\/ens9002-infd.mendoza.edu.ar\/sitio\/wp-json\/wp\/v2\/pages\/20443\/revisions"}],"predecessor-version":[{"id":20474,"href":"https:\/\/ens9002-infd.mendoza.edu.ar\/sitio\/wp-json\/wp\/v2\/pages\/20443\/revisions\/20474"}],"wp:attachment":[{"href":"https:\/\/ens9002-infd.mendoza.edu.ar\/sitio\/wp-json\/wp\/v2\/media?parent=20443"}],"curies":[{"name":"wp","href":"https:\/\/api.w.org\/{rel}","templated":true}]}}

La enseñanza y el aprendizaje de la geometría en la escuela primaria:un enfoque didáctico centrado en la resolución de problemas

<p></p>



<div class="wp-block-columns is-layout-flex wp-container-6">
<div class="wp-block-column is-layout-flow">
<figure class="wp-block-image size-full"><img decoding="async" loading="lazy" width="1080" height="1080" src="https://ens9002-infd.mendoza.edu.ar/sitio/wp-content/uploads/2026/04/formación-continua.png" alt="" class="wp-image-20441" srcset="https://ens9002-infd.mendoza.edu.ar/sitio/wp-content/uploads/2026/04/formación-continua.png 1080w, https://ens9002-infd.mendoza.edu.ar/sitio/wp-content/uploads/2026/04/formación-continua-1000x1000.png 1000w, https://ens9002-infd.mendoza.edu.ar/sitio/wp-content/uploads/2026/04/formación-continua-500x500.png 500w, https://ens9002-infd.mendoza.edu.ar/sitio/wp-content/uploads/2026/04/formación-continua-768x768.png 768w" sizes="(max-width: 1080px) 100vw, 1080px" /></figure>
</div>



<div class="wp-block-column is-layout-flow">
<p>Este espacio de formación busca dotar a docentes de nivel primario de herramientas conceptuales y prácticas para diseñar e implementar situaciones áulicas<br>que promuevan un modo de pensar propio del saber geométrico, apoyado en la anticipación y la argumentación a partir de las propiedades.</p>



<p></p>



<p></p>



<p></p>



<p></p>
</div>



<div class="wp-block-column is-layout-flow">
<div class="wp-block-buttons is-layout-flex">
<div class="wp-block-button"><a class="wp-block-button__link has-accent-background-color has-background wp-element-button" href="https://ens9002-infd.mendoza.edu.ar/sitio/wp-content/uploads/2026/04/CALOT-1.pdf" target="_blank" rel="noreferrer noopener">MÁS INFORMACIÓN</a></div>
</div>



<div style="height:55px" aria-hidden="true" class="wp-block-spacer"></div>



<div class="wp-block-buttons is-layout-flex">
<div class="wp-block-button"><a class="wp-block-button__link has-background wp-element-button" href="https://ens9002-infd.mendoza.edu.ar/sitio/wp-content/uploads/2026/04/proyecto_204_resolucion.pdf" style="background-color:#1baeae" target="_blank" rel="noreferrer noopener">RESOLUCIÓN</a></div>
</div>
</div>
</div>

<p>Este espacio de formación busca dotar a docentes de nivel primario de herramientas conceptuales y prácticas para diseñar e implementar situaciones áulicasque promuevan un modo de pensar propio del saber geométrico, apoyado en la anticipación y la argumentación a partir de las propiedades.</p>
