{"id":2063,"date":"2018-08-31T14:03:42","date_gmt":"2018-08-31T17:03:42","guid":{"rendered":"https:\/\/ens9002-mza.infd.edu.ar\/sitio\/perfil-del-egresado-3\/"},"modified":"2020-11-09T17:09:04","modified_gmt":"2020-11-09T20:09:04","slug":"perfil-del-egresado-3","status":"publish","type":"page","link":"https:\/\/ens9002-infd.mendoza.edu.ar\/sitio\/perfil-del-egresado-3\/","title":{"rendered":"Perfil del egresado Inicial"},"content":{"rendered":"<div id='gallery-1' class='gallery galleryid-2063 gallery-columns-5 gallery-size-thumbnail'><figure class='gallery-item'>\n\t\t\t<div class='gallery-icon landscape'>\n\t\t\t\t<a href='https:\/\/ens9002-infd.mendoza.edu.ar\/sitio\/2da-jornada-el-pei-se-muestra\/pei-3\/#main'><img width=\"500\" height=\"500\" src=\"https:\/\/ens9002-infd.mendoza.edu.ar\/sitio\/wp-content\/uploads\/2019\/11\/PEI-500x500.jpg\" class=\"attachment-thumbnail size-thumbnail\" alt=\"\" decoding=\"async\" loading=\"lazy\" \/><\/a>\n\t\t\t<\/div><\/figure><figure class='gallery-item'>\n\t\t\t<div class='gallery-icon landscape'>\n\t\t\t\t<a href='https:\/\/ens9002-infd.mendoza.edu.ar\/sitio\/2da-jornada-el-pei-se-muestra\/img_20191113_161804848\/#main'><img width=\"500\" height=\"500\" src=\"https:\/\/ens9002-infd.mendoza.edu.ar\/sitio\/wp-content\/uploads\/2019\/11\/IMG_20191113_161804848-500x500.jpg\" class=\"attachment-thumbnail size-thumbnail\" alt=\"\" decoding=\"async\" loading=\"lazy\" \/><\/a>\n\t\t\t<\/div><\/figure><figure class='gallery-item'>\n\t\t\t<div class='gallery-icon landscape'>\n\t\t\t\t<a href='https:\/\/ens9002-infd.mendoza.edu.ar\/sitio\/2da-jornada-el-pei-se-muestra\/img_20191113_161426123\/#main'><img width=\"500\" height=\"500\" src=\"https:\/\/ens9002-infd.mendoza.edu.ar\/sitio\/wp-content\/uploads\/2019\/11\/IMG_20191113_161426123-500x500.jpg\" class=\"attachment-thumbnail size-thumbnail\" alt=\"\" decoding=\"async\" loading=\"lazy\" \/><\/a>\n\t\t\t<\/div><\/figure><figure class='gallery-item'>\n\t\t\t<div class='gallery-icon landscape'>\n\t\t\t\t<a href='https:\/\/ens9002-infd.mendoza.edu.ar\/sitio\/2da-jornada-el-pei-se-muestra\/img_20191113_161355706\/#main'><img width=\"500\" height=\"500\" src=\"https:\/\/ens9002-infd.mendoza.edu.ar\/sitio\/wp-content\/uploads\/2019\/11\/IMG_20191113_161355706-500x500.jpg\" class=\"attachment-thumbnail size-thumbnail\" alt=\"\" decoding=\"async\" loading=\"lazy\" \/><\/a>\n\t\t\t<\/div><\/figure><figure class='gallery-item'>\n\t\t\t<div class='gallery-icon landscape'>\n\t\t\t\t<a href='https:\/\/ens9002-infd.mendoza.edu.ar\/sitio\/2da-jornada-el-pei-se-muestra\/img_20191113_161528888\/#main'><img width=\"500\" height=\"500\" src=\"https:\/\/ens9002-infd.mendoza.edu.ar\/sitio\/wp-content\/uploads\/2019\/11\/IMG_20191113_161528888-500x500.jpg\" class=\"attachment-thumbnail size-thumbnail\" alt=\"\" decoding=\"async\" loading=\"lazy\" \/><\/a>\n\t\t\t<\/div><\/figure>\n\t\t<\/div>\n\n<p style=\"text-align: left;\"><span style=\"color: #000000;\"><strong style=\"mso-bidi-font-weight: normal;\"><span style=\"font-family: Tahoma;\"><span style=\"font-size: small;\">El egresado y la egresada docente de Educaci\u00f3n Inicial ser\u00e1s profesionales con capacidades cr\u00edticas y reflexivas, deber\u00e1 formarse para lograr:<\/span><\/span><\/strong><\/span><\/p>\n<ol style=\"margin-top: 0cm; text-align: left;\" type=\"1\">\n<li class=\"MsoNormal\" style=\"margin: 0cm 0cm 0pt; text-align: justify; tab-stops: list 36.0pt; mso-list: l0 level1 lfo1;\"><span style=\"font-family: Tahoma; color: #000000;\"><span style=\"font-size: small;\">Comprender las formas que las estructuras pol\u00edticas, sociales y econ\u00f3micas influyen en la educaci\u00f3n y como operan los mecanismos ideol\u00f3gicos.<\/span><\/span><\/li>\n<li class=\"MsoNormal\" style=\"margin: 0cm 0cm 0pt; text-align: justify; tab-stops: list 36.0pt; mso-list: l0 level1 lfo1;\"><span style=\"font-family: Tahoma; color: #000000;\"><span style=\"font-size: small;\">Valorar cr\u00edticamente los fundamentos did\u00e1cticos, psicol\u00f3gicos y sociol\u00f3gicos del proceso de ense\u00f1anza \u2013aprendizaje.<\/span><\/span><\/li>\n<li class=\"MsoNormal\" style=\"margin: 0cm 0cm 0pt; text-align: justify; tab-stops: list 36.0pt; mso-list: l0 level1 lfo1;\"><span style=\"font-family: Tahoma; color: #000000;\"><span style=\"font-size: small;\">Una actitud responsable que lo lleve a una consideraci\u00f3n rigurosa y entusiasta de la tarea que deber\u00e1 realizar.<\/span><\/span><\/li>\n<li class=\"MsoNormal\" style=\"margin: 0cm 0cm 0pt; text-align: justify; tab-stops: list 36.0pt; mso-list: l0 level1 lfo1;\"><span style=\"font-family: Tahoma; color: #000000;\"><span style=\"font-size: small;\">Investigar otros modelos de aprendizaje (saber c\u00f3mo \u201cse aprende a comprender \u201c, reconocer cu\u00e1ndo no se aprende, modificar, si es necesario, los esquemas adquiridos durante su formaci\u00f3n), apoy\u00e1ndose en fundamentos te\u00f3ricos que deber\u00e1 integrar a sus saberes previos.<\/span><\/span><\/li>\n<li class=\"MsoNormal\" style=\"margin: 0cm 0cm 0pt; text-align: justify; tab-stops: list 36.0pt; mso-list: l0 level1 lfo1;\"><span style=\"font-family: Tahoma; color: #000000;\"><span style=\"font-size: small;\">Identificar sus propias necesidades de capacitaci\u00f3n y proponer alternativas que den respuestas a su propio desarrollo profesional.<\/span><\/span><\/li>\n<li class=\"MsoNormal\" style=\"margin: 0cm 0cm 0pt; text-align: justify; tab-stops: list 36.0pt; mso-list: l0 level1 lfo1;\"><span style=\"font-family: Tahoma; color: #000000;\"><span style=\"font-size: small;\">Programar, desarrollar y evaluar los procesos de ense\u00f1anza y aprendizaje de los alumnos de Educaci\u00f3n Inicial, a partir de la comprensi\u00f3n e interpretaci\u00f3n de su realidad \u00e1ulica, institucional y sociocultural.<\/span><\/span><\/li>\n<li class=\"MsoNormal\" style=\"margin: 0cm 0cm 0pt; text-align: justify; tab-stops: list 36.0pt; mso-list: l0 level1 lfo1;\"><span style=\"font-family: Tahoma; color: #000000;\"><span style=\"font-size: small;\">Participar en la vida de la instituci\u00f3n educativa, a la que pertenece, integrando equipos de trabajo con directivos, colegas, padres y otros profesionales.<\/span><\/span><\/li>\n<li class=\"MsoNormal\" style=\"margin: 0cm 0cm 0pt; text-align: justify; tab-stops: list 36.0pt; mso-list: l0 level1 lfo1;\"><span style=\"font-family: Tahoma; color: #000000;\"><span style=\"font-size: small;\">Comprender y participar en la vida social y cultural de su instituci\u00f3n y de la comunidad a la que pertenece dicha instituci\u00f3n.<\/span><\/span><\/li>\n<li class=\"MsoNormal\" style=\"margin: 0cm 0cm 0pt; text-align: justify; tab-stops: list 36.0pt; mso-list: l0 level1 lfo1;\"><span style=\"font-family: Tahoma; color: #000000;\"><span style=\"font-size: small;\">Preparar y desarrollar proyectos educativos para los \u00e1mbitos de la educaci\u00f3n formal y no formal.<\/span><\/span><\/li>\n<li class=\"MsoNormal\" style=\"margin: 0cm 0cm 0pt; text-align: justify; tab-stops: list 36.0pt; mso-list: l0 level1 lfo1;\"><span style=\"font-family: Tahoma; color: #000000;\"><span style=\"font-size: small;\">Comprender la tarea de ense\u00f1ar a partir del relevamiento e interpretaci\u00f3n de informaci\u00f3n obtenida a trav\u00e9s de diferentes fuentes y usando distintas metodolog\u00edas de indagaci\u00f3n.<\/span><\/span><\/li>\n<li class=\"MsoNormal\" style=\"margin: 0cm 0cm 0pt; text-align: justify; tab-stops: list 36.0pt; mso-list: l0 level1 lfo1;\"><span style=\"font-family: Tahoma; color: #000000;\"><span style=\"font-size: small;\">Utilizar informaci\u00f3n sobre las caracter\u00edsticas del sujeto que aprende, el fen\u00f3meno de aprendizaje y el grupo de clase para elaborar situaciones de ense\u00f1anza y evaluaciones adecuadas para los alumnos de Educaci\u00f3n Inicial.<\/span><\/span><\/li>\n<li class=\"MsoNormal\" style=\"margin: 0cm 0cm 0pt; text-align: justify; tab-stops: list 36.0pt; mso-list: l0 level1 lfo1;\"><span style=\"font-family: Tahoma; color: #000000;\"><span style=\"font-size: small;\">Utilizar distintos tipos de tecnolog\u00edas como soporte para su tarea de ense\u00f1anza.<\/span><\/span><\/li>\n<li class=\"MsoNormal\" style=\"margin: 0cm 0cm 0pt; text-align: justify; tab-stops: list 36.0pt; mso-list: l0 level1 lfo1;\"><span style=\"font-family: Tahoma; color: #000000;\"><span style=\"font-size: small;\">Conocer los contenidos de los distintos campos del saber, que configuran el objeto de ense\u00f1anza propio de su especialidad profesional docente del Nivel Inicial.<\/span><\/span><\/li>\n<li class=\"MsoNormal\" style=\"margin: 0cm 0cm 0pt; text-align: justify; tab-stops: list 36.0pt; mso-list: l0 level1 lfo1;\"><span style=\"font-family: Tahoma; color: #000000;\"><span style=\"font-size: small;\">Asumir y promover actitudes de compromiso con el estilo de vida democr\u00e1tico y tolerante de la diversidad, preparando a los alumnos para pensar cr\u00edticamente<span style=\"mso-spacerun: yes;\">\u00a0 <\/span>y actuar democr\u00e1ticamente.<\/span><\/span><\/li>\n<li class=\"MsoNormal\" style=\"margin: 0cm 0cm 0pt; text-align: justify; tab-stops: list 36.0pt; mso-list: l0 level1 lfo1;\"><span style=\"font-family: Tahoma; color: #000000;\"><span style=\"font-size: small;\">Promover la formaci\u00f3n de sujetos activos y competentes, capaces de manejarse con la incertidumbre en los distintos campos del quehacer humano. <\/span><\/span><\/li>\n<\/ol>\n<p style=\"text-align: left;\"><span style=\"color: #000000;\"><a style=\"color: #000000;\" href=\"https:\/\/ens9002-infd.mendoza.edu.ar\/sitio\/prof-en-educacion-inicial\/\"><img decoding=\"async\" loading=\"lazy\" class=\"alignright wp-image-5025 size-full\" src=\"https:\/\/ens9002-infd.mendoza.edu.ar\/sitio\/wp-content\/uploads\/2020\/07\/volver-e1596227399907.png\" alt=\"\" width=\"80\" height=\"80\" \/><\/a><\/span><\/p>\n<div class=\"Titulo_nota_interna\" style=\"text-align: left; width: 555px;\"><\/div>\n","protected":false},"excerpt":{"rendered":"<p>El egresado y la egresada docente de Educaci\u00f3n Inicial ser\u00e1s profesionales con capacidades cr\u00edticas y reflexivas, deber\u00e1 formarse para lograr: Comprender las formas que las estructuras pol\u00edticas, sociales y econ\u00f3micas influyen en la educaci\u00f3n y como operan los mecanismos ideol\u00f3gicos. Valorar cr\u00edticamente los fundamentos did\u00e1cticos, psicol\u00f3gicos y sociol\u00f3gicos del proceso de ense\u00f1anza \u2013aprendizaje. Una actitud &#8230; <a title=\"Perfil del egresado Inicial\" class=\"read-more\" href=\"https:\/\/ens9002-infd.mendoza.edu.ar\/sitio\/perfil-del-egresado-3\/\" aria-label=\"More on Perfil del egresado Inicial\">[+]<\/a><\/p>\n","protected":false},"author":5332,"featured_media":0,"parent":0,"menu_order":0,"comment_status":"closed","ping_status":"closed","template":"","meta":[],"acf":[],"_links":{"self":[{"href":"https:\/\/ens9002-infd.mendoza.edu.ar\/sitio\/wp-json\/wp\/v2\/pages\/2063"}],"collection":[{"href":"https:\/\/ens9002-infd.mendoza.edu.ar\/sitio\/wp-json\/wp\/v2\/pages"}],"about":[{"href":"https:\/\/ens9002-infd.mendoza.edu.ar\/sitio\/wp-json\/wp\/v2\/types\/page"}],"author":[{"embeddable":true,"href":"https:\/\/ens9002-infd.mendoza.edu.ar\/sitio\/wp-json\/wp\/v2\/users\/5332"}],"replies":[{"embeddable":true,"href":"https:\/\/ens9002-infd.mendoza.edu.ar\/sitio\/wp-json\/wp\/v2\/comments?post=2063"}],"version-history":[{"count":7,"href":"https:\/\/ens9002-infd.mendoza.edu.ar\/sitio\/wp-json\/wp\/v2\/pages\/2063\/revisions"}],"predecessor-version":[{"id":6527,"href":"https:\/\/ens9002-infd.mendoza.edu.ar\/sitio\/wp-json\/wp\/v2\/pages\/2063\/revisions\/6527"}],"wp:attachment":[{"href":"https:\/\/ens9002-infd.mendoza.edu.ar\/sitio\/wp-json\/wp\/v2\/media?parent=2063"}],"curies":[{"name":"wp","href":"https:\/\/api.w.org\/{rel}","templated":true}]}}