{"id":2068,"date":"2018-08-31T14:03:44","date_gmt":"2018-08-31T17:03:44","guid":{"rendered":"https:\/\/ens9002-mza.infd.edu.ar\/sitio\/plan-de-estudios-y-programas-3\/"},"modified":"2020-11-13T11:06:35","modified_gmt":"2020-11-13T14:06:35","slug":"plan-de-estudios-y-programas-3","status":"publish","type":"page","link":"https:\/\/ens9002-infd.mendoza.edu.ar\/sitio\/plan-de-estudios-y-programas-3\/","title":{"rendered":"Perfil Profesional"},"content":{"rendered":"<p>El <strong>T\u00e9cnico<\/strong> y la <strong>T\u00e9cnica<\/strong> Superior en<strong> Producci\u00f3n Art\u00edstica Artesanal<\/strong>, tendr\u00e1 capacidad para la elaboraci\u00f3n de producci\u00f3n art\u00edstica artesanal de objetos \u00fanicos o seriados; y su posterior exhibici\u00f3n y comercializaci\u00f3n de manera independiente, autogestiva, o bien, ocupando cargos creativos, de producci\u00f3n y comercializaci\u00f3n de empresas u organismos estatales o privados, teniendo la capacidad necesaria para:<\/p>\n<ul>\n<li>Proyectar, producir y comercializar objetos est\u00e9ticos de car\u00e1cter utilitario y\/o art\u00edstico a partir del conocimiento de t\u00e9cnicas y procedimientos propios del campo art\u00edstico: pintura, grabado, escultura, dibujo, con \u00e9nfasis en la producci\u00f3n de las artes del fuego.<\/li>\n<li>Gestionar y desarrollar proyectos de emprendimiento en forma individual y\/o grupal en relaci\u00f3n con el contexto productivo, art\u00edstico y cultural.<\/li>\n<li>Integrar grupos interdisciplinario y\/o \u00e1reas culturales para la preservaci\u00f3n y restauraci\u00f3n del patrimonio cultural.<br \/>\nDesempe\u00f1ar actividades productivas y\/o formativas en talleres, centros culturales, museos, espacios de arte.<\/li>\n<li>Formar parte de equipos de gesti\u00f3n de micro-emprendimientos de producci\u00f3n y comercializaci\u00f3n art\u00edstica-artesanal en diversos \u00e1mbitos.<\/li>\n<\/ul>\n<p style=\"margin: 6pt 6pt 6pt 0cm; text-align: left;\">\n<div id='gallery-1' class='gallery galleryid-2068 gallery-columns-5 gallery-size-thumbnail'><figure class='gallery-item'>\n\t\t\t<div class='gallery-icon portrait'>\n\t\t\t\t<a href='https:\/\/ens9002-infd.mendoza.edu.ar\/sitio\/plan-de-estudios-y-programas-3\/whatsapp-image-2020-08-03-at-21-46-48\/#main'><img width=\"500\" height=\"500\" src=\"https:\/\/ens9002-infd.mendoza.edu.ar\/sitio\/wp-content\/uploads\/2020\/08\/WhatsApp-Image-2020-08-03-at-21.46.48-500x500.jpeg\" class=\"attachment-thumbnail size-thumbnail\" alt=\"\" decoding=\"async\" loading=\"lazy\" \/><\/a>\n\t\t\t<\/div><\/figure><figure class='gallery-item'>\n\t\t\t<div class='gallery-icon portrait'>\n\t\t\t\t<a href='https:\/\/ens9002-infd.mendoza.edu.ar\/sitio\/plan-de-estudios-y-programas-3\/whatsapp-image-2020-08-03-at-21-46-46\/#main'><img width=\"500\" height=\"500\" src=\"https:\/\/ens9002-infd.mendoza.edu.ar\/sitio\/wp-content\/uploads\/2020\/08\/WhatsApp-Image-2020-08-03-at-21.46.46-500x500.jpeg\" class=\"attachment-thumbnail size-thumbnail\" alt=\"\" decoding=\"async\" loading=\"lazy\" \/><\/a>\n\t\t\t<\/div><\/figure><figure class='gallery-item'>\n\t\t\t<div class='gallery-icon landscape'>\n\t\t\t\t<a href='https:\/\/ens9002-infd.mendoza.edu.ar\/sitio\/plan-de-estudios-y-programas-3\/whatsapp-image-2020-08-03-at-21-46-47-1\/#main'><img width=\"500\" height=\"500\" src=\"https:\/\/ens9002-infd.mendoza.edu.ar\/sitio\/wp-content\/uploads\/2020\/08\/WhatsApp-Image-2020-08-03-at-21.46.47-1-500x500.jpeg\" class=\"attachment-thumbnail size-thumbnail\" alt=\"\" decoding=\"async\" loading=\"lazy\" \/><\/a>\n\t\t\t<\/div><\/figure><figure class='gallery-item'>\n\t\t\t<div class='gallery-icon landscape'>\n\t\t\t\t<a href='https:\/\/ens9002-infd.mendoza.edu.ar\/sitio\/plan-de-estudios-y-programas-3\/whatsapp-image-2020-08-03-at-21-46-49\/#main'><img width=\"500\" height=\"500\" src=\"https:\/\/ens9002-infd.mendoza.edu.ar\/sitio\/wp-content\/uploads\/2020\/08\/WhatsApp-Image-2020-08-03-at-21.46.49-500x500.jpeg\" class=\"attachment-thumbnail size-thumbnail\" alt=\"\" decoding=\"async\" loading=\"lazy\" \/><\/a>\n\t\t\t<\/div><\/figure><figure class='gallery-item'>\n\t\t\t<div class='gallery-icon landscape'>\n\t\t\t\t<a href='https:\/\/ens9002-infd.mendoza.edu.ar\/sitio\/plan-de-estudios-y-programas-3\/whatsapp-image-2020-08-03-at-21-46-47\/#main'><img width=\"500\" height=\"500\" src=\"https:\/\/ens9002-infd.mendoza.edu.ar\/sitio\/wp-content\/uploads\/2020\/08\/WhatsApp-Image-2020-08-03-at-21.46.47-500x500.jpeg\" class=\"attachment-thumbnail size-thumbnail\" alt=\"\" decoding=\"async\" loading=\"lazy\" \/><\/a>\n\t\t\t<\/div><\/figure>\n\t\t<\/div>\n\n<p><a href=\"https:\/\/ens9002-infd.mendoza.edu.ar\/sitio\/tec-en-produccion-artistica-artesanal\/\"><img decoding=\"async\" loading=\"lazy\" class=\"wp-image-5025 size-full alignright\" src=\"https:\/\/ens9002-infd.mendoza.edu.ar\/sitio\/wp-content\/uploads\/2020\/07\/volver-e1596227399907.png\" alt=\"\" width=\"80\" height=\"80\" \/><\/a><\/p>\n","protected":false},"excerpt":{"rendered":"<p>El T\u00e9cnico y la T\u00e9cnica Superior en Producci\u00f3n Art\u00edstica Artesanal, tendr\u00e1 capacidad para la elaboraci\u00f3n de producci\u00f3n art\u00edstica artesanal de objetos \u00fanicos o seriados; y su posterior exhibici\u00f3n y comercializaci\u00f3n de manera independiente, autogestiva, o bien, ocupando cargos creativos, de producci\u00f3n y comercializaci\u00f3n de empresas u organismos estatales o privados, teniendo la capacidad necesaria para: &#8230; <a title=\"Perfil Profesional\" class=\"read-more\" href=\"https:\/\/ens9002-infd.mendoza.edu.ar\/sitio\/plan-de-estudios-y-programas-3\/\" aria-label=\"More on Perfil Profesional\">[+]<\/a><\/p>\n","protected":false},"author":5332,"featured_media":0,"parent":0,"menu_order":0,"comment_status":"closed","ping_status":"closed","template":"","meta":[],"acf":[],"_links":{"self":[{"href":"https:\/\/ens9002-infd.mendoza.edu.ar\/sitio\/wp-json\/wp\/v2\/pages\/2068"}],"collection":[{"href":"https:\/\/ens9002-infd.mendoza.edu.ar\/sitio\/wp-json\/wp\/v2\/pages"}],"about":[{"href":"https:\/\/ens9002-infd.mendoza.edu.ar\/sitio\/wp-json\/wp\/v2\/types\/page"}],"author":[{"embeddable":true,"href":"https:\/\/ens9002-infd.mendoza.edu.ar\/sitio\/wp-json\/wp\/v2\/users\/5332"}],"replies":[{"embeddable":true,"href":"https:\/\/ens9002-infd.mendoza.edu.ar\/sitio\/wp-json\/wp\/v2\/comments?post=2068"}],"version-history":[{"count":10,"href":"https:\/\/ens9002-infd.mendoza.edu.ar\/sitio\/wp-json\/wp\/v2\/pages\/2068\/revisions"}],"predecessor-version":[{"id":6616,"href":"https:\/\/ens9002-infd.mendoza.edu.ar\/sitio\/wp-json\/wp\/v2\/pages\/2068\/revisions\/6616"}],"wp:attachment":[{"href":"https:\/\/ens9002-infd.mendoza.edu.ar\/sitio\/wp-json\/wp\/v2\/media?parent=2068"}],"curies":[{"name":"wp","href":"https:\/\/api.w.org\/{rel}","templated":true}]}}

<p>El <strong>Técnico</strong> y la <strong>Técnica</strong> Superior en<strong> Producción Artística Artesanal</strong>, tendrá capacidad para la elaboración de producción artística artesanal de objetos únicos o seriados; y su posterior exhibición y comercialización de manera independiente, autogestiva, o bien, ocupando cargos creativos, de producción y comercialización de empresas u organismos estatales o privados, teniendo la capacidad necesaria para:</p>
<ul>
<li>Proyectar, producir y comercializar objetos estéticos de carácter utilitario y/o artístico a partir del conocimiento de técnicas y procedimientos propios del campo artístico: pintura, grabado, escultura, dibujo, con énfasis en la producción de las artes del fuego.</li>
<li>Gestionar y desarrollar proyectos de emprendimiento en forma individual y/o grupal en relación con el contexto productivo, artístico y cultural.</li>
<li>Integrar grupos interdisciplinario y/o áreas culturales para la preservación y restauración del patrimonio cultural.<br />
Desempeñar actividades productivas y/o formativas en talleres, centros culturales, museos, espacios de arte.</li>
<li>Formar parte de equipos de gestión de micro-emprendimientos de producción y comercialización artística-artesanal en diversos ámbitos.</li>
</ul>
<p style="margin: 6pt 6pt 6pt 0cm; text-align: left;">
<div id='gallery-1' class='gallery galleryid-2068 gallery-columns-5 gallery-size-thumbnail'><figure class='gallery-item'>
			<div class='gallery-icon portrait'>
				<a href='https://ens9002-infd.mendoza.edu.ar/sitio/plan-de-estudios-y-programas-3/whatsapp-image-2020-08-03-at-21-46-48/#main'><img width="500" height="500" src="https://ens9002-infd.mendoza.edu.ar/sitio/wp-content/uploads/2020/08/WhatsApp-Image-2020-08-03-at-21.46.48-500x500.jpeg" class="attachment-thumbnail size-thumbnail" alt="" decoding="async" loading="lazy" /></a>
			</div></figure><figure class='gallery-item'>
			<div class='gallery-icon portrait'>
				<a href='https://ens9002-infd.mendoza.edu.ar/sitio/plan-de-estudios-y-programas-3/whatsapp-image-2020-08-03-at-21-46-46/#main'><img width="500" height="500" src="https://ens9002-infd.mendoza.edu.ar/sitio/wp-content/uploads/2020/08/WhatsApp-Image-2020-08-03-at-21.46.46-500x500.jpeg" class="attachment-thumbnail size-thumbnail" alt="" decoding="async" loading="lazy" /></a>
			</div></figure><figure class='gallery-item'>
			<div class='gallery-icon landscape'>
				<a href='https://ens9002-infd.mendoza.edu.ar/sitio/plan-de-estudios-y-programas-3/whatsapp-image-2020-08-03-at-21-46-47-1/#main'><img width="500" height="500" src="https://ens9002-infd.mendoza.edu.ar/sitio/wp-content/uploads/2020/08/WhatsApp-Image-2020-08-03-at-21.46.47-1-500x500.jpeg" class="attachment-thumbnail size-thumbnail" alt="" decoding="async" loading="lazy" /></a>
			</div></figure><figure class='gallery-item'>
			<div class='gallery-icon landscape'>
				<a href='https://ens9002-infd.mendoza.edu.ar/sitio/plan-de-estudios-y-programas-3/whatsapp-image-2020-08-03-at-21-46-49/#main'><img width="500" height="500" src="https://ens9002-infd.mendoza.edu.ar/sitio/wp-content/uploads/2020/08/WhatsApp-Image-2020-08-03-at-21.46.49-500x500.jpeg" class="attachment-thumbnail size-thumbnail" alt="" decoding="async" loading="lazy" /></a>
			</div></figure><figure class='gallery-item'>
			<div class='gallery-icon landscape'>
				<a href='https://ens9002-infd.mendoza.edu.ar/sitio/plan-de-estudios-y-programas-3/whatsapp-image-2020-08-03-at-21-46-47/#main'><img width="500" height="500" src="https://ens9002-infd.mendoza.edu.ar/sitio/wp-content/uploads/2020/08/WhatsApp-Image-2020-08-03-at-21.46.47-500x500.jpeg" class="attachment-thumbnail size-thumbnail" alt="" decoding="async" loading="lazy" /></a>
			</div></figure>
		</div>

<p><a href="https://ens9002-infd.mendoza.edu.ar/sitio/tec-en-produccion-artistica-artesanal/"><img decoding="async" loading="lazy" class="wp-image-5025 size-full alignright" src="https://ens9002-infd.mendoza.edu.ar/sitio/wp-content/uploads/2020/07/volver-e1596227399907.png" alt="" width="80" height="80" /></a></p>

<p>El Técnico y la Técnica Superior en Producción Artística Artesanal, tendrá capacidad para la elaboración de producción artística artesanal de objetos únicos o seriados; y su posterior exhibición y comercialización de manera independiente, autogestiva, o bien, ocupando cargos creativos, de producción y comercialización de empresas u organismos estatales o privados, teniendo la capacidad necesaria para: &#8230; <a title="Perfil Profesional" class="read-more" href="https://ens9002-infd.mendoza.edu.ar/sitio/plan-de-estudios-y-programas-3/" aria-label="More on Perfil Profesional">[+]</a></p>
