{"id":2079,"date":"2018-08-31T14:03:50","date_gmt":"2018-08-31T17:03:50","guid":{"rendered":"https:\/\/ens9002-mza.infd.edu.ar\/sitio\/postitulo-en-gestion-educativa-del-jardin-maternal\/"},"modified":"2023-09-08T01:13:09","modified_gmt":"2023-09-08T04:13:09","slug":"postitulo-en-actualizacion-academica-en-educacion-humanizadora-aprendizaje-intencional-afectividad-y-nuevos-roles-en-el-espacio-educativo","status":"publish","type":"page","link":"https:\/\/ens9002-infd.mendoza.edu.ar\/sitio\/postitulo-en-actualizacion-academica-en-educacion-humanizadora-aprendizaje-intencional-afectividad-y-nuevos-roles-en-el-espacio-educativo\/","title":{"rendered":"Actualizaci\u00f3n Acad\u00e9mica y Especializaci\u00f3n en Educaci\u00f3n Humanizadora \u2013  Aprendizaje intencional, afectividad y nuevos roles en el espacio educativo"},"content":{"rendered":"\n<p class=\"has-white-color has-text-color has-background has-medium-font-size\" style=\"background-color:#095576\"><strong>Actualizaci\u00f3n Acad\u00e9mica y Especializaci\u00f3n en Educaci\u00f3n Humanizadora \u2013 Aprendizaje intencional, afectividad y nuevos roles en el espacio educativo<\/strong><\/p>\n\n\n\n<p class=\"has-luminous-vivid-amber-background-color has-background has-medium-font-size\"><strong>INSCRIPCIONES CERRADAS<\/strong><\/p>\n","protected":false},"excerpt":{"rendered":"<p>Actualizaci\u00f3n Acad\u00e9mica y Especializaci\u00f3n en Educaci\u00f3n Humanizadora \u2013 Aprendizaje intencional, afectividad y nuevos roles en el espacio educativo INSCRIPCIONES CERRADAS<\/p>\n","protected":false},"author":5332,"featured_media":0,"parent":0,"menu_order":0,"comment_status":"closed","ping_status":"closed","template":"","meta":[],"acf":[],"_links":{"self":[{"href":"https:\/\/ens9002-infd.mendoza.edu.ar\/sitio\/wp-json\/wp\/v2\/pages\/2079"}],"collection":[{"href":"https:\/\/ens9002-infd.mendoza.edu.ar\/sitio\/wp-json\/wp\/v2\/pages"}],"about":[{"href":"https:\/\/ens9002-infd.mendoza.edu.ar\/sitio\/wp-json\/wp\/v2\/types\/page"}],"author":[{"embeddable":true,"href":"https:\/\/ens9002-infd.mendoza.edu.ar\/sitio\/wp-json\/wp\/v2\/users\/5332"}],"replies":[{"embeddable":true,"href":"https:\/\/ens9002-infd.mendoza.edu.ar\/sitio\/wp-json\/wp\/v2\/comments?post=2079"}],"version-history":[{"count":22,"href":"https:\/\/ens9002-infd.mendoza.edu.ar\/sitio\/wp-json\/wp\/v2\/pages\/2079\/revisions"}],"predecessor-version":[{"id":13778,"href":"https:\/\/ens9002-infd.mendoza.edu.ar\/sitio\/wp-json\/wp\/v2\/pages\/2079\/revisions\/13778"}],"wp:attachment":[{"href":"https:\/\/ens9002-infd.mendoza.edu.ar\/sitio\/wp-json\/wp\/v2\/media?parent=2079"}],"curies":[{"name":"wp","href":"https:\/\/api.w.org\/{rel}","templated":true}]}}