{"id":6488,"date":"2020-11-04T16:37:49","date_gmt":"2020-11-04T19:37:49","guid":{"rendered":"https:\/\/ens9002-infd.mendoza.edu.ar\/sitio\/?page_id=6488"},"modified":"2022-08-09T13:18:31","modified_gmt":"2022-08-09T16:18:31","slug":"normas-jurisdiccionales-y-nacionales","status":"publish","type":"page","link":"https:\/\/ens9002-infd.mendoza.edu.ar\/sitio\/normas-jurisdiccionales-y-nacionales\/","title":{"rendered":"NORMAS JURISDICCIONALES Y NACIONALES"},"content":{"rendered":"<ul>\n<li style=\"text-align: left;\"><span style=\"color: #000000;\">Resolucio\u0301n 94-CGES-2020 &#8211; <strong>Suspensio\u0301n excepcional y transitoria de los procesos eleccionarios<\/strong> | <span style=\"color: #000080;\"><a style=\"color: #000080;\" href=\"https:\/\/ens9002-infd.mendoza.edu.ar\/sitio\/wp-content\/uploads\/2020\/11\/Resolucio\u0301n-94-CGES-2020-Suspensio\u0301n-excepcional-y-transitoria-de-los-procesos-eleccionarios.pdf\" target=\"_blank\" rel=\"noopener\">CLIC AQU\u00cd PARA ACCEDER<\/a><\/span><\/span><\/li>\n<li>Circular 08-CGES-2020 &#8211; <strong>Actividades en el Nivel Superior &#8211; Decreto 1401\/20 del P.E&nbsp;<\/strong><strong>Mendoza<\/strong>&nbsp;| <span style=\"color: #000080;\"><a style=\"color: #000080;\" href=\"https:\/\/ens9002-infd.mendoza.edu.ar\/sitio\/wp-content\/uploads\/2020\/11\/CIRCULAR-N\u00b0-08-CGES-2020.pdf\">CLIC AQU\u00cd PARA ACCEDER<\/a><\/span><\/li>\n<li>Resoluci\u00f3n 2020-2777-E-GDEMZA-DGE &#8211; <strong>Habilitaci\u00f3n de actividades educativas<\/strong> | <a href=\"https:\/\/ens9002-infd.mendoza.edu.ar\/sitio\/wp-content\/uploads\/2020\/11\/RESOL-2020-2777-E-GDEMZA-DGE.pdf\" target=\"_blank\" rel=\"noopener\">CLIC AQU\u00cd PARA ACCEDER<\/a><\/li>\n<li>Anexo Resoluci\u00f3n 2777-2020 | <a href=\"https:\/\/ens9002-infd.mendoza.edu.ar\/sitio\/wp-content\/uploads\/2020\/11\/ANEXOS-RESOL-2777-2020.pdf\" target=\"_blank\" rel=\"noopener\">CLIC AQU\u00cd PARA ACCEDER<\/a><\/li>\n<li>Memor\u00e1ndum 2020-055966525-GDEMZA-DGE &#8211;&nbsp; <strong>Aclaratoria sobre normativas vigentes sobre presencialidad laboral y Resoluci\u00f3n 2777<\/strong> | <a href=\"https:\/\/ens9002-infd.mendoza.edu.ar\/sitio\/wp-content\/uploads\/2020\/11\/ME-2020-05596525-DRRHH-Aclaratoria-presencialidad-y-Resol-2777-1.pdf\" target=\"_blank\" rel=\"noopener\">CLIC AQU\u00cd PARA ACCEDER<\/a><\/li>\n<li><strong>Normativas COVID-19&nbsp;<\/strong>| <a href=\"https:\/\/ens9002-infd.mendoza.edu.ar\/sitio\/wp-content\/uploads\/2021\/03\/Normativas-Covid.jpeg\">CLIC AQU\u00cd PARA ACCEDER<\/a><\/li>\n<li><strong>Resoluci\u00f3n 390 &#8211; DGE | <\/strong><a href=\"https:\/\/ens9002-infd.mendoza.edu.ar\/sitio\/wp-content\/uploads\/2021\/03\/Resoluci\u00f3n-390-DGE.pdf\">CLIC AQU\u00cd PARA ACCEDER<\/a><\/li>\n<li>Memor\u00e1ndum&nbsp;n\u00b0 16 \u2013 CGES \u2013 2021 &#8211; <strong>Recomendaciones para el desarrollo de instancias<\/strong><br \/>\n<strong>formativas desde la virtualidad<\/strong> |&nbsp;<a href=\"https:\/\/ens9002-infd.mendoza.edu.ar\/sitio\/wp-content\/uploads\/2021\/04\/MEMORANDUM-16-CGES-2021-1.pdf\">CLIC AQU\u00cd PARA ACCEDER<\/a><\/li>\n<li>Memor\u00e1ndum &#8211; 2021 &#8211; 04622468 &#8211; GDEMZA &#8211; <strong>Retorno a la actividad laboral presencial, a partir del 02\/08\/2021<\/strong>| <a href=\"https:\/\/ens9002-infd.mendoza.edu.ar\/sitio\/wp-content\/uploads\/2021\/08\/Memo-Retorno-a-la-Act.-Laboral-Presencial.pdf\" target=\"_blank\" rel=\"noopener\">CLIC AQU\u00cd PARA ACCEDER<\/a><\/li>\n<li><strong>Circular n\u00b0 4 &#8211; CGES &#8211; 2021<\/strong> | <a href=\"https:\/\/ens9002-infd.mendoza.edu.ar\/sitio\/wp-content\/uploads\/2021\/08\/CIRCULAR-No-04-\u2013-CGES-\u2013-2021.pdf\" target=\"_blank\" rel=\"noopener\">CLIC AQU\u00cd PARA ACCEDER<\/a><\/li>\n<li><strong>Circular n\u00b0 5 &#8211; CGES &#8211; 2021<\/strong> | <a href=\"https:\/\/ens9002-infd.mendoza.edu.ar\/sitio\/wp-content\/uploads\/2021\/09\/CIRCULAR-N\u00b0-05-CGES-21.pdf\">CLIC AQU\u00cd PARA ACCEDER<\/a><\/li>\n<li>RESOL-2022-170-GDEMZA-CGES#DGE &#8211;<strong> Extensi\u00f3n de plazo para terminalidad de carreras de Nivel Superior<\/strong> &#8211; CGES | <a href=\"https:\/\/ens9002-infd.mendoza.edu.ar\/sitio\/wp-content\/uploads\/2022\/08\/RESOL-2022-170-GDEMZA-CGESDGE-Extension-de-plazo-para-terminalidad-de-carreras-de-Nivel-Superior-CGES.pdf\">CLIC AQU\u00cd PARA ACCEDER<\/a><\/li>\n<\/ul>\n","protected":false},"excerpt":{"rendered":"<p>Resolucio\u0301n 94-CGES-2020 &#8211; Suspensio\u0301n excepcional y transitoria de los procesos eleccionarios | CLIC AQU\u00cd PARA ACCEDER Circular 08-CGES-2020 &#8211; Actividades en el Nivel Superior &#8211; Decreto 1401\/20 del P.E&nbsp;Mendoza&nbsp;| CLIC AQU\u00cd PARA ACCEDER Resoluci\u00f3n 2020-2777-E-GDEMZA-DGE &#8211; Habilitaci\u00f3n de actividades educativas | CLIC AQU\u00cd PARA ACCEDER Anexo Resoluci\u00f3n 2777-2020 | CLIC AQU\u00cd PARA ACCEDER Memor\u00e1ndum 2020-055966525-GDEMZA-DGE &#8230; <a title=\"NORMAS JURISDICCIONALES Y NACIONALES\" class=\"read-more\" href=\"https:\/\/ens9002-infd.mendoza.edu.ar\/sitio\/normas-jurisdiccionales-y-nacionales\/\" aria-label=\"More on NORMAS JURISDICCIONALES Y NACIONALES\">[+]<\/a><\/p>\n","protected":false},"author":10055,"featured_media":0,"parent":0,"menu_order":0,"comment_status":"closed","ping_status":"closed","template":"","meta":[],"acf":[],"_links":{"self":[{"href":"https:\/\/ens9002-infd.mendoza.edu.ar\/sitio\/wp-json\/wp\/v2\/pages\/6488"}],"collection":[{"href":"https:\/\/ens9002-infd.mendoza.edu.ar\/sitio\/wp-json\/wp\/v2\/pages"}],"about":[{"href":"https:\/\/ens9002-infd.mendoza.edu.ar\/sitio\/wp-json\/wp\/v2\/types\/page"}],"author":[{"embeddable":true,"href":"https:\/\/ens9002-infd.mendoza.edu.ar\/sitio\/wp-json\/wp\/v2\/users\/10055"}],"replies":[{"embeddable":true,"href":"https:\/\/ens9002-infd.mendoza.edu.ar\/sitio\/wp-json\/wp\/v2\/comments?post=6488"}],"version-history":[{"count":22,"href":"https:\/\/ens9002-infd.mendoza.edu.ar\/sitio\/wp-json\/wp\/v2\/pages\/6488\/revisions"}],"predecessor-version":[{"id":11206,"href":"https:\/\/ens9002-infd.mendoza.edu.ar\/sitio\/wp-json\/wp\/v2\/pages\/6488\/revisions\/11206"}],"wp:attachment":[{"href":"https:\/\/ens9002-infd.mendoza.edu.ar\/sitio\/wp-json\/wp\/v2\/media?parent=6488"}],"curies":[{"name":"wp","href":"https:\/\/api.w.org\/{rel}","templated":true}]}}