{"id":6555,"date":"2020-11-11T13:36:27","date_gmt":"2020-11-11T16:36:27","guid":{"rendered":"https:\/\/ens9002-infd.mendoza.edu.ar\/sitio\/?page_id=6555"},"modified":"2025-11-18T15:19:12","modified_gmt":"2025-11-18T18:19:12","slug":"consejeria-en-violencia-de-genero-sexualidades-e-identidades","status":"publish","type":"page","link":"https:\/\/ens9002-infd.mendoza.edu.ar\/sitio\/consejeria-en-violencia-de-genero-sexualidades-e-identidades\/","title":{"rendered":"Consejer\u00eda en Violencia de G\u00e9nero, Sexualidades e Identidades"},"content":{"rendered":"<h3><img decoding=\"async\" loading=\"lazy\" class=\"alignnone size-full wp-image-6558\" src=\"https:\/\/ens9002-infd.mendoza.edu.ar\/sitio\/wp-content\/uploads\/2020\/11\/consejeria.png\" alt=\"\" width=\"4584\" height=\"1279\" srcset=\"https:\/\/ens9002-infd.mendoza.edu.ar\/sitio\/wp-content\/uploads\/2020\/11\/consejeria.png 4584w, https:\/\/ens9002-infd.mendoza.edu.ar\/sitio\/wp-content\/uploads\/2020\/11\/consejeria-1000x279.png 1000w, https:\/\/ens9002-infd.mendoza.edu.ar\/sitio\/wp-content\/uploads\/2020\/11\/consejeria-768x214.png 768w, https:\/\/ens9002-infd.mendoza.edu.ar\/sitio\/wp-content\/uploads\/2020\/11\/consejeria-1900x530.png 1900w\" sizes=\"(max-width: 4584px) 100vw, 4584px\" \/><\/h3>\n<h5><span style=\"color: #158c96;\"><strong>OBJETIVO&nbsp;<\/strong><\/span><\/h5>\n<p>Desde la Consejer\u00eda, nos ocupamos de trabajar con la comunidad educativa -estudiantes, docentes y no docentes- del Instituto. Esto es, brindarle <strong>informaci\u00f3n<\/strong>, <strong>asesoramiento<\/strong> y&nbsp;<strong>acompa\u00f1amiento<\/strong> en situaciones de <strong>violencia<\/strong> de g\u00e9nero, <strong>discriminaci\u00f3n<\/strong>, <strong>acoso<\/strong> o<strong> maltrato<\/strong>&nbsp;dentro y fuera de la Instituci\u00f3n, acceso a <strong>derechos<\/strong> sexuales, reproductivos y relativos a orientaciones e identidades sexogen\u00e9ricas.<\/p>\n<h5><span style=\"color: #158c96;\"><strong>HORARIOS DE ATENCI\u00d3N<\/strong><\/span><\/h5>\n<ul>\n<li>Profesora Nuria Armesto: mi\u00e9rcoles de 16 a 18.40 h<\/li>\n<li>TURNOS Y CONSULTAS: consejeriadegenero@gmail.com<\/li>\n<\/ul>\n<ul>\n<li>Dra. Paola Favreau: lunes de 16.30 a 20.30 hs y martes en la ma\u00f1ana o en la tarde, seg\u00fan demanda.<\/li>\n<li>TURNOS Y CONSULTAS: consejeriadegeneroitgc@gmail.com<\/li>\n<\/ul>\n<p>Ante cualquier situaci\u00f3n de<span style=\"color: #158c96;\"> EMERGENCIA &#8211; L\u00ednea 911 <span style=\"color: #000000;\">|&nbsp;<\/span><\/span>Ante cualquier situaci\u00f3n de <span style=\"color: #158c96;\">VIOLENCIA &#8211; L\u00ednea 144 <span style=\"color: #000000;\">(las 24 horas, los 365 d\u00edas del a\u00f1o).<\/span><\/span><\/p>\n<h5><span style=\"color: #158c96;\"><strong>ACCIONES<\/strong><\/span><\/h5>\n<p>Adem\u00e1s de trabajar de manera intra institucional, articulamos con otras <strong>organizaciones<\/strong> y \u00e1reas del <strong>Estado<\/strong>.<\/p>\n<ul>\n<li><strong>POL\u00cdTICAS P\u00daBLICAS EN TIEMPOS DE PANDEMIA HACIA MUEJRES Y PERSONAS LGBTI+<\/strong><a href=\"https:\/\/www.youtube.com\/watch?v=E8msCNRfzFM&amp;ab_channel=InstitutoTom%C3%A1sGodoyCruz\"> -clic aqu\u00ed para acceder-<\/a><\/li>\n<li><strong>ABORDAJE DE PR\u00c1CTICAS EDUCATIVAS DESDE LA PERSPECTIVA DE G\u00c9NERO<\/strong><\/li>\n<li>PRIMER ENCUENTRO: <a href=\"https:\/\/www.facebook.com\/OficialTGC\/videos\/218630550330897\">clic aqu\u00ed para acceder<\/a><\/li>\n<li>SEGUNDO ENCUENTRO: <a href=\"https:\/\/www.facebook.com\/OficialTGC\/videos\/213376084226670\">clic aqu\u00ed para acceder<\/a><\/li>\n<li>TERCER ENCUENTRO: <a href=\"https:\/\/www.facebook.com\/OficialTGC\/videos\/334025055194928\">clic aqu\u00ed para acceder<\/a><\/li>\n<li><strong>POL\u00cdTICAS P\u00daBLICAS DE INCLUSI\u00d3N Y DERECHOS DE LAS MUJERES <\/strong><a href=\"https:\/\/www.facebook.com\/OficialTGC\/videos\/634788831233079\">-clic aqu\u00ed para acceder-<\/a><\/li>\n<\/ul>\n<p><img decoding=\"async\" loading=\"lazy\" class=\"alignnone wp-image-6573\" src=\"https:\/\/ens9002-infd.mendoza.edu.ar\/sitio\/wp-content\/uploads\/2020\/11\/Banco-rojo-In\u00e9s-II-1000x667.jpg\" alt=\"\" width=\"340\" height=\"226\" srcset=\"https:\/\/ens9002-infd.mendoza.edu.ar\/sitio\/wp-content\/uploads\/2020\/11\/Banco-rojo-In\u00e9s-II-1000x667.jpg 1000w, https:\/\/ens9002-infd.mendoza.edu.ar\/sitio\/wp-content\/uploads\/2020\/11\/Banco-rojo-In\u00e9s-II-768x512.jpg 768w, https:\/\/ens9002-infd.mendoza.edu.ar\/sitio\/wp-content\/uploads\/2020\/11\/Banco-rojo-In\u00e9s-II-1900x1267.jpg 1900w, https:\/\/ens9002-infd.mendoza.edu.ar\/sitio\/wp-content\/uploads\/2020\/11\/Banco-rojo-In\u00e9s-II.jpg 1944w\" sizes=\"(max-width: 340px) 100vw, 340px\" \/>&nbsp; &nbsp;&nbsp;<img decoding=\"async\" loading=\"lazy\" class=\"alignnone wp-image-6572\" src=\"https:\/\/ens9002-infd.mendoza.edu.ar\/sitio\/wp-content\/uploads\/2020\/11\/Consejer\u00eda-1000x1000.jpg\" alt=\"\" width=\"226\" height=\"226\" srcset=\"https:\/\/ens9002-infd.mendoza.edu.ar\/sitio\/wp-content\/uploads\/2020\/11\/Consejer\u00eda-1000x1000.jpg 1000w, https:\/\/ens9002-infd.mendoza.edu.ar\/sitio\/wp-content\/uploads\/2020\/11\/Consejer\u00eda-500x500.jpg 500w, https:\/\/ens9002-infd.mendoza.edu.ar\/sitio\/wp-content\/uploads\/2020\/11\/Consejer\u00eda-768x768.jpg 768w, https:\/\/ens9002-infd.mendoza.edu.ar\/sitio\/wp-content\/uploads\/2020\/11\/Consejer\u00eda.jpg 1080w\" sizes=\"(max-width: 226px) 100vw, 226px\" \/>&nbsp; &nbsp;&nbsp;<img decoding=\"async\" loading=\"lazy\" class=\"alignnone wp-image-6571\" src=\"https:\/\/ens9002-infd.mendoza.edu.ar\/sitio\/wp-content\/uploads\/2020\/11\/Consejer\u00eda-II-1000x667.jpg\" alt=\"\" width=\"338\" height=\"225\" srcset=\"https:\/\/ens9002-infd.mendoza.edu.ar\/sitio\/wp-content\/uploads\/2020\/11\/Consejer\u00eda-II-1000x667.jpg 1000w, https:\/\/ens9002-infd.mendoza.edu.ar\/sitio\/wp-content\/uploads\/2020\/11\/Consejer\u00eda-II-768x512.jpg 768w, https:\/\/ens9002-infd.mendoza.edu.ar\/sitio\/wp-content\/uploads\/2020\/11\/Consejer\u00eda-II-1900x1267.jpg 1900w, https:\/\/ens9002-infd.mendoza.edu.ar\/sitio\/wp-content\/uploads\/2020\/11\/Consejer\u00eda-II.jpg 1944w\" sizes=\"(max-width: 338px) 100vw, 338px\" \/><\/p>\n<p><\/p>\n\n\n<div style=\"height:18px\" aria-hidden=\"true\" class=\"wp-block-spacer\"><\/div>\n\n\n\n<figure class=\"wp-block-image alignwide size-large\"><img decoding=\"async\" loading=\"lazy\" width=\"1900\" height=\"543\" src=\"https:\/\/ens9002-infd.mendoza.edu.ar\/sitio\/wp-content\/uploads\/2025\/11\/metaslide-2-1900x543.jpg\" alt=\"\" class=\"wp-image-19769\" srcset=\"https:\/\/ens9002-infd.mendoza.edu.ar\/sitio\/wp-content\/uploads\/2025\/11\/metaslide-2-1900x543.jpg 1900w, https:\/\/ens9002-infd.mendoza.edu.ar\/sitio\/wp-content\/uploads\/2025\/11\/metaslide-2-1000x286.jpg 1000w, https:\/\/ens9002-infd.mendoza.edu.ar\/sitio\/wp-content\/uploads\/2025\/11\/metaslide-2-768x219.jpg 768w, https:\/\/ens9002-infd.mendoza.edu.ar\/sitio\/wp-content\/uploads\/2025\/11\/metaslide-2-1536x439.jpg 1536w, https:\/\/ens9002-infd.mendoza.edu.ar\/sitio\/wp-content\/uploads\/2025\/11\/metaslide-2-2048x585.jpg 2048w\" sizes=\"(max-width: 1900px) 100vw, 1900px\" \/><\/figure>\n\n\n\n<p>El proyecto <em>Banco Rojo<\/em> es una acci\u00f3n cultural y social que naci\u00f3 en Italia y se ha replicado a nivel global. Los 25 bancos que pintaremos y distribuiremos en el instituto no son un elemento decorativo; son un <strong>signo de memoria, respeto y un compromiso de vida<\/strong>. Representan:<\/p>\n\n\n\n<ul>\n<li><strong>S\u00edmbolo de la Lucha: <\/strong>el rojo simboliza la <strong>sangre derramada <\/strong>por las v\u00edctimas de feminicidios y otras formas de violencia machista.<\/li>\n\n\n\n<li><strong>Lugar Vac\u00edo:<\/strong> evoca el <strong>lugar vac\u00edo <\/strong>que deja una mujer que fue v\u00edctima de violencia<\/li>\n\n\n\n<li><strong>Memoria Activa: <\/strong>funciona como un llamado a la acci\u00f3n para la comunidad, inst\u00e1ndonos a <strong>no ser indiferentes <\/strong>ante la violencia y a trabajar activamente por su erradicaci\u00f3n.<\/li>\n<\/ul>\n\n\n\n<p><\/p>\n","protected":false},"excerpt":{"rendered":"<p>OBJETIVO&nbsp; Desde la Consejer\u00eda, nos ocupamos de trabajar con la comunidad educativa -estudiantes, docentes y no docentes- del Instituto. Esto es, brindarle informaci\u00f3n, asesoramiento y&nbsp;acompa\u00f1amiento en situaciones de violencia de g\u00e9nero, discriminaci\u00f3n, acoso o maltrato&nbsp;dentro y fuera de la Instituci\u00f3n, acceso a derechos sexuales, reproductivos y relativos a orientaciones e identidades sexogen\u00e9ricas. HORARIOS DE ATENCI\u00d3N &#8230; <a title=\"Consejer\u00eda en Violencia de G\u00e9nero, Sexualidades e Identidades\" class=\"read-more\" href=\"https:\/\/ens9002-infd.mendoza.edu.ar\/sitio\/consejeria-en-violencia-de-genero-sexualidades-e-identidades\/\" aria-label=\"More on Consejer\u00eda en Violencia de G\u00e9nero, Sexualidades e Identidades\">[+]<\/a><\/p>\n","protected":false},"author":4776,"featured_media":0,"parent":0,"menu_order":0,"comment_status":"closed","ping_status":"closed","template":"","meta":[],"acf":[],"_links":{"self":[{"href":"https:\/\/ens9002-infd.mendoza.edu.ar\/sitio\/wp-json\/wp\/v2\/pages\/6555"}],"collection":[{"href":"https:\/\/ens9002-infd.mendoza.edu.ar\/sitio\/wp-json\/wp\/v2\/pages"}],"about":[{"href":"https:\/\/ens9002-infd.mendoza.edu.ar\/sitio\/wp-json\/wp\/v2\/types\/page"}],"author":[{"embeddable":true,"href":"https:\/\/ens9002-infd.mendoza.edu.ar\/sitio\/wp-json\/wp\/v2\/users\/4776"}],"replies":[{"embeddable":true,"href":"https:\/\/ens9002-infd.mendoza.edu.ar\/sitio\/wp-json\/wp\/v2\/comments?post=6555"}],"version-history":[{"count":25,"href":"https:\/\/ens9002-infd.mendoza.edu.ar\/sitio\/wp-json\/wp\/v2\/pages\/6555\/revisions"}],"predecessor-version":[{"id":19776,"href":"https:\/\/ens9002-infd.mendoza.edu.ar\/sitio\/wp-json\/wp\/v2\/pages\/6555\/revisions\/19776"}],"wp:attachment":[{"href":"https:\/\/ens9002-infd.mendoza.edu.ar\/sitio\/wp-json\/wp\/v2\/media?parent=6555"}],"curies":[{"name":"wp","href":"https:\/\/api.w.org\/{rel}","templated":true}]}}