{"id":8222,"date":"2021-07-01T17:23:20","date_gmt":"2021-07-01T20:23:20","guid":{"rendered":"https:\/\/ens9002-infd.mendoza.edu.ar\/sitio\/?page_id=8222"},"modified":"2022-12-07T16:26:16","modified_gmt":"2022-12-07T19:26:16","slug":"8222-2","status":"publish","type":"page","link":"https:\/\/ens9002-infd.mendoza.edu.ar\/sitio\/8222-2\/","title":{"rendered":"Acciones Solidarias"},"content":{"rendered":"\n<p class=\"has-white-color has-text-color has-background\" style=\"background-color:#458bb3;font-size:25px\"><strong>ACCIONES SOLIDARIAS 2022<\/strong><\/p>\n\n\n\n<figure class=\"wp-block-image size-large\"><a href=\"https:\/\/www.losandes.com.ar\/sociedad\/movida-solidaria-el-normal-pidio-ayuda-a-cada-alumno-inscripto-y-recolecto-casi-4000-litros-de-leche-para-donar\/\"><img decoding=\"async\" loading=\"lazy\" width=\"797\" height=\"431\" src=\"https:\/\/ens9002-infd.mendoza.edu.ar\/sitio\/wp-content\/uploads\/2022\/12\/image-2.png\" alt=\"\" class=\"wp-image-12283\" srcset=\"https:\/\/ens9002-infd.mendoza.edu.ar\/sitio\/wp-content\/uploads\/2022\/12\/image-2.png 797w, https:\/\/ens9002-infd.mendoza.edu.ar\/sitio\/wp-content\/uploads\/2022\/12\/image-2-768x415.png 768w\" sizes=\"(max-width: 797px) 100vw, 797px\" \/><\/a><\/figure>\n\n\n\n<figure class=\"wp-block-image size-large is-resized\"><img decoding=\"async\" loading=\"lazy\" src=\"https:\/\/ens9002-infd.mendoza.edu.ar\/sitio\/wp-content\/uploads\/2022\/12\/Campana-Pies-calentitos.png\" alt=\"\" class=\"wp-image-12290\" width=\"1019\" height=\"1019\" srcset=\"https:\/\/ens9002-infd.mendoza.edu.ar\/sitio\/wp-content\/uploads\/2022\/12\/Campana-Pies-calentitos.png 1080w, https:\/\/ens9002-infd.mendoza.edu.ar\/sitio\/wp-content\/uploads\/2022\/12\/Campana-Pies-calentitos-1000x1000.png 1000w, https:\/\/ens9002-infd.mendoza.edu.ar\/sitio\/wp-content\/uploads\/2022\/12\/Campana-Pies-calentitos-500x500.png 500w, https:\/\/ens9002-infd.mendoza.edu.ar\/sitio\/wp-content\/uploads\/2022\/12\/Campana-Pies-calentitos-768x768.png 768w\" sizes=\"(max-width: 1019px) 100vw, 1019px\" \/><\/figure>\n\n\n\n<p class=\"has-white-color has-vivid-cyan-blue-background-color has-text-color has-background\" style=\"font-size:25px\"><strong>ACCIONES EXCEPCIONALES POR COVID-19<\/strong><\/p>\n\n\n\n<ul><li><strong>Extensi\u00f3n de condicionalidad hasta marzo de 2022<\/strong>&nbsp;-para acceder al acta de resoluci\u00f3n,<a href=\"https:\/\/ens9002-infd.mendoza.edu.ar\/sitio\/wp-content\/uploads\/2021\/06\/Acta-Condicionalidad-2021.pdf\">&nbsp;hac\u00e9 clic aqu\u00ed<\/a>-.<\/li><li><strong>Posibilidad de rendir en examen libre hasta el 31 de marzo de 2022, para estudiantes a quienes se les hubiese vencido la regularidad<\/strong>&nbsp;(que han superado los 7 llamados ordinarios a mesas de ex\u00e1menes) \u2013 para acceder al acta de resoluci\u00f3n,<a href=\"https:\/\/ens9002-infd.mendoza.edu.ar\/sitio\/wp-content\/uploads\/2021\/06\/Acta-Condicionalidad-2021.pdf\">&nbsp;hac\u00e9 clic aqu\u00ed<\/a>-.<\/li><li>Flexibilizaci\u00f3n y acompa\u00f1amiento con trayectorias inclusivas para estudiantes con problemas de conectividad, a trav\u00e9s de proyectos espec\u00edficos.<\/li><li>Trabajos interdisciplinarios, con acuerdos entre unidades curriculares para articular la propuesta formativa.<\/li><li>Constituci\u00f3n de redes de contenci\u00f3n para estudiantes en situaciones vulnerables, a trav\u00e9s de los delegadas y delegados de cursos, docentes, coordinadoras y coordinador, SOTAP, Bienestar Estudiantil y Equipo de Gesti\u00f3n.<\/li><li>Acuerdos con empresas y organismos provinciales, sindicatos y la Asociaci\u00f3n Cooperadora institucional. Como resultado, se otorg\u00f3 ropa de trabajo a celadoras y celadores, entrega de celulares a estudiantes, otorgamiento de mesas para que estudiantes puedan rendir ex\u00e1menes virtuales.<\/li><li>Establecimiento de&nbsp; vianda estudiantil, para las y los estudiantes y sus familias.<\/li><li>Guardias de atenci\u00f3n del Equipo T\u00e9cnico de netbooks.<\/li><li>Uso in situ de laptops (cuando la situaci\u00f3n lo permite).<\/li><li>Realizaci\u00f3n de la semana virtual de presentaci\u00f3n de carreras \u00ab\u00a1El Instituto est\u00e1 para vos!\u00bb<\/li><li>Inscripciones para ciclo lectivo 2021 y primera etapa del curso de ingreso de modo on line, en ambos casos.<\/li><\/ul>\n\n\n\n<pre class=\"wp-block-preformatted\">Plan de Fortalecimiento a las Trayectorias Estudiantiles<\/pre>\n\n\n\n<div class=\"wp-block-image\"><figure class=\"aligncenter\"><img decoding=\"async\" loading=\"lazy\" width=\"1000\" height=\"1000\" src=\"https:\/\/ens9002-infd.mendoza.edu.ar\/sitio\/wp-content\/uploads\/2021\/07\/Cecilia-P\u00e9rez-testimonio-1000x1000.jpg\" alt=\"\" class=\"wp-image-8255\" srcset=\"https:\/\/ens9002-infd.mendoza.edu.ar\/sitio\/wp-content\/uploads\/2021\/07\/Cecilia-P\u00e9rez-testimonio-1000x1000.jpg 1000w, https:\/\/ens9002-infd.mendoza.edu.ar\/sitio\/wp-content\/uploads\/2021\/07\/Cecilia-P\u00e9rez-testimonio-500x500.jpg 500w, https:\/\/ens9002-infd.mendoza.edu.ar\/sitio\/wp-content\/uploads\/2021\/07\/Cecilia-P\u00e9rez-testimonio-768x768.jpg 768w, https:\/\/ens9002-infd.mendoza.edu.ar\/sitio\/wp-content\/uploads\/2021\/07\/Cecilia-P\u00e9rez-testimonio.jpg 1080w\" sizes=\"(max-width: 1000px) 100vw, 1000px\" \/><\/figure><\/div>\n\n\n\n<div class=\"wp-block-image\"><figure class=\"aligncenter\"><img decoding=\"async\" loading=\"lazy\" width=\"1000\" height=\"1000\" src=\"https:\/\/ens9002-infd.mendoza.edu.ar\/sitio\/wp-content\/uploads\/2021\/07\/Adriana-Blanco-testimonio-1000x1000.jpg\" alt=\"\" class=\"wp-image-8254\" srcset=\"https:\/\/ens9002-infd.mendoza.edu.ar\/sitio\/wp-content\/uploads\/2021\/07\/Adriana-Blanco-testimonio-1000x1000.jpg 1000w, https:\/\/ens9002-infd.mendoza.edu.ar\/sitio\/wp-content\/uploads\/2021\/07\/Adriana-Blanco-testimonio-500x500.jpg 500w, https:\/\/ens9002-infd.mendoza.edu.ar\/sitio\/wp-content\/uploads\/2021\/07\/Adriana-Blanco-testimonio-768x768.jpg 768w, https:\/\/ens9002-infd.mendoza.edu.ar\/sitio\/wp-content\/uploads\/2021\/07\/Adriana-Blanco-testimonio.jpg 1080w\" sizes=\"(max-width: 1000px) 100vw, 1000px\" \/><\/figure><\/div>\n\n\n\n<div class=\"wp-block-image\"><figure class=\"aligncenter\"><img decoding=\"async\" loading=\"lazy\" width=\"1000\" height=\"1000\" src=\"https:\/\/ens9002-infd.mendoza.edu.ar\/sitio\/wp-content\/uploads\/2021\/07\/Sonia-Palma-testimonio-1000x1000.jpg\" alt=\"\" class=\"wp-image-8253\" srcset=\"https:\/\/ens9002-infd.mendoza.edu.ar\/sitio\/wp-content\/uploads\/2021\/07\/Sonia-Palma-testimonio-1000x1000.jpg 1000w, https:\/\/ens9002-infd.mendoza.edu.ar\/sitio\/wp-content\/uploads\/2021\/07\/Sonia-Palma-testimonio-500x500.jpg 500w, https:\/\/ens9002-infd.mendoza.edu.ar\/sitio\/wp-content\/uploads\/2021\/07\/Sonia-Palma-testimonio-768x768.jpg 768w, https:\/\/ens9002-infd.mendoza.edu.ar\/sitio\/wp-content\/uploads\/2021\/07\/Sonia-Palma-testimonio.jpg 1080w\" sizes=\"(max-width: 1000px) 100vw, 1000px\" \/><\/figure><\/div>\n\n\n\n<pre class=\"wp-block-preformatted\">Establecimiento de&nbsp; vianda estudiantil, para las y los estudiantes y sus familias.<\/pre>\n\n\n\n<figure class=\"wp-block-image\"><img decoding=\"async\" loading=\"lazy\" width=\"1280\" height=\"853\" src=\"https:\/\/ens9002-infd.mendoza.edu.ar\/sitio\/wp-content\/uploads\/2021\/07\/117761189_975342046268116_1988504065706906246_nm.jpg\" alt=\"\" class=\"wp-image-8227\" srcset=\"https:\/\/ens9002-infd.mendoza.edu.ar\/sitio\/wp-content\/uploads\/2021\/07\/117761189_975342046268116_1988504065706906246_nm.jpg 1280w, https:\/\/ens9002-infd.mendoza.edu.ar\/sitio\/wp-content\/uploads\/2021\/07\/117761189_975342046268116_1988504065706906246_nm-1000x666.jpg 1000w, https:\/\/ens9002-infd.mendoza.edu.ar\/sitio\/wp-content\/uploads\/2021\/07\/117761189_975342046268116_1988504065706906246_nm-768x512.jpg 768w\" sizes=\"(max-width: 1280px) 100vw, 1280px\" \/><\/figure>\n\n\n\n<figure class=\"wp-block-image\"><img decoding=\"async\" loading=\"lazy\" width=\"1280\" height=\"562\" src=\"https:\/\/ens9002-infd.mendoza.edu.ar\/sitio\/wp-content\/uploads\/2021\/07\/117761189_975342046268116_1988504065706906246_n.jpg\" alt=\"\" class=\"wp-image-8228\" srcset=\"https:\/\/ens9002-infd.mendoza.edu.ar\/sitio\/wp-content\/uploads\/2021\/07\/117761189_975342046268116_1988504065706906246_n.jpg 1280w, https:\/\/ens9002-infd.mendoza.edu.ar\/sitio\/wp-content\/uploads\/2021\/07\/117761189_975342046268116_1988504065706906246_n-1000x439.jpg 1000w, https:\/\/ens9002-infd.mendoza.edu.ar\/sitio\/wp-content\/uploads\/2021\/07\/117761189_975342046268116_1988504065706906246_n-768x337.jpg 768w\" sizes=\"(max-width: 1280px) 100vw, 1280px\" \/><\/figure>\n\n\n\n<figure class=\"wp-block-image\"><img decoding=\"async\" loading=\"lazy\" width=\"1280\" height=\"1035\" src=\"https:\/\/ens9002-infd.mendoza.edu.ar\/sitio\/wp-content\/uploads\/2021\/07\/117819866_975342012934786_1496803389047132442_n.jpg\" alt=\"\" class=\"wp-image-8229\" srcset=\"https:\/\/ens9002-infd.mendoza.edu.ar\/sitio\/wp-content\/uploads\/2021\/07\/117819866_975342012934786_1496803389047132442_n.jpg 1280w, https:\/\/ens9002-infd.mendoza.edu.ar\/sitio\/wp-content\/uploads\/2021\/07\/117819866_975342012934786_1496803389047132442_n-1000x809.jpg 1000w, https:\/\/ens9002-infd.mendoza.edu.ar\/sitio\/wp-content\/uploads\/2021\/07\/117819866_975342012934786_1496803389047132442_n-768x621.jpg 768w\" sizes=\"(max-width: 1280px) 100vw, 1280px\" \/><\/figure>\n\n\n\n<figure class=\"wp-block-image\"><img decoding=\"async\" loading=\"lazy\" width=\"1280\" height=\"853\" src=\"https:\/\/ens9002-infd.mendoza.edu.ar\/sitio\/wp-content\/uploads\/2021\/07\/117713384_975341956268125_8648185285590533808_n.jpg\" alt=\"\" class=\"wp-image-8230\" srcset=\"https:\/\/ens9002-infd.mendoza.edu.ar\/sitio\/wp-content\/uploads\/2021\/07\/117713384_975341956268125_8648185285590533808_n.jpg 1280w, https:\/\/ens9002-infd.mendoza.edu.ar\/sitio\/wp-content\/uploads\/2021\/07\/117713384_975341956268125_8648185285590533808_n-1000x666.jpg 1000w, https:\/\/ens9002-infd.mendoza.edu.ar\/sitio\/wp-content\/uploads\/2021\/07\/117713384_975341956268125_8648185285590533808_n-768x512.jpg 768w\" sizes=\"(max-width: 1280px) 100vw, 1280px\" \/><\/figure>\n\n\n\n<figure class=\"wp-block-image\"><img decoding=\"async\" loading=\"lazy\" width=\"960\" height=\"1280\" src=\"https:\/\/ens9002-infd.mendoza.edu.ar\/sitio\/wp-content\/uploads\/2021\/07\/116125212_962949727507348_184317363165414866_n.jpg\" alt=\"\" class=\"wp-image-8235\" srcset=\"https:\/\/ens9002-infd.mendoza.edu.ar\/sitio\/wp-content\/uploads\/2021\/07\/116125212_962949727507348_184317363165414866_n.jpg 960w, https:\/\/ens9002-infd.mendoza.edu.ar\/sitio\/wp-content\/uploads\/2021\/07\/116125212_962949727507348_184317363165414866_n-750x1000.jpg 750w, https:\/\/ens9002-infd.mendoza.edu.ar\/sitio\/wp-content\/uploads\/2021\/07\/116125212_962949727507348_184317363165414866_n-768x1024.jpg 768w\" sizes=\"(max-width: 960px) 100vw, 960px\" \/><\/figure>\n\n\n\n<figure class=\"wp-block-image\"><img decoding=\"async\" loading=\"lazy\" width=\"1280\" height=\"938\" src=\"https:\/\/ens9002-infd.mendoza.edu.ar\/sitio\/wp-content\/uploads\/2021\/07\/117816388_975341912934796_8238582105551154642_n.jpg\" alt=\"\" class=\"wp-image-8231\" srcset=\"https:\/\/ens9002-infd.mendoza.edu.ar\/sitio\/wp-content\/uploads\/2021\/07\/117816388_975341912934796_8238582105551154642_n.jpg 1280w, https:\/\/ens9002-infd.mendoza.edu.ar\/sitio\/wp-content\/uploads\/2021\/07\/117816388_975341912934796_8238582105551154642_n-1000x733.jpg 1000w, https:\/\/ens9002-infd.mendoza.edu.ar\/sitio\/wp-content\/uploads\/2021\/07\/117816388_975341912934796_8238582105551154642_n-768x563.jpg 768w\" sizes=\"(max-width: 1280px) 100vw, 1280px\" \/><\/figure>\n\n\n\n<h2 class=\"wp-block-heading\"><span style=\"color: #6e9c85;\">Acuerdos con empresas y organismos provinciales, sindicatos y la Asociaci\u00f3n Cooperadora institucional<\/span><\/h2>\n\n\n\n<pre class=\"wp-block-preformatted\">Entrega de ropa de trabajo a celadoras y celadores<\/pre>\n\n\n\n<figure class=\"wp-block-image\"><img decoding=\"async\" loading=\"lazy\" width=\"1280\" height=\"720\" src=\"https:\/\/ens9002-infd.mendoza.edu.ar\/sitio\/wp-content\/uploads\/2021\/07\/115860432_957471994721788_6472028553586385359_n.jpg\" alt=\"\" class=\"wp-image-8234\" srcset=\"https:\/\/ens9002-infd.mendoza.edu.ar\/sitio\/wp-content\/uploads\/2021\/07\/115860432_957471994721788_6472028553586385359_n.jpg 1280w, https:\/\/ens9002-infd.mendoza.edu.ar\/sitio\/wp-content\/uploads\/2021\/07\/115860432_957471994721788_6472028553586385359_n-1000x563.jpg 1000w, https:\/\/ens9002-infd.mendoza.edu.ar\/sitio\/wp-content\/uploads\/2021\/07\/115860432_957471994721788_6472028553586385359_n-768x432.jpg 768w\" sizes=\"(max-width: 1280px) 100vw, 1280px\" \/><\/figure>\n\n\n\n<figure class=\"wp-block-image\"><img decoding=\"async\" loading=\"lazy\" width=\"1280\" height=\"719\" src=\"https:\/\/ens9002-infd.mendoza.edu.ar\/sitio\/wp-content\/uploads\/2021\/07\/115805895_957471961388458_8294549577123615274_n.jpg\" alt=\"\" class=\"wp-image-8233\" srcset=\"https:\/\/ens9002-infd.mendoza.edu.ar\/sitio\/wp-content\/uploads\/2021\/07\/115805895_957471961388458_8294549577123615274_n.jpg 1280w, https:\/\/ens9002-infd.mendoza.edu.ar\/sitio\/wp-content\/uploads\/2021\/07\/115805895_957471961388458_8294549577123615274_n-1000x562.jpg 1000w, https:\/\/ens9002-infd.mendoza.edu.ar\/sitio\/wp-content\/uploads\/2021\/07\/115805895_957471961388458_8294549577123615274_n-768x431.jpg 768w\" sizes=\"(max-width: 1280px) 100vw, 1280px\" \/><\/figure>\n\n\n\n<figure class=\"wp-block-image\"><img decoding=\"async\" loading=\"lazy\" width=\"720\" height=\"1280\" src=\"https:\/\/ens9002-infd.mendoza.edu.ar\/sitio\/wp-content\/uploads\/2021\/07\/110228470_957471914721796_7298706082977535934_n.jpg\" alt=\"\" class=\"wp-image-8232\" srcset=\"https:\/\/ens9002-infd.mendoza.edu.ar\/sitio\/wp-content\/uploads\/2021\/07\/110228470_957471914721796_7298706082977535934_n.jpg 720w, https:\/\/ens9002-infd.mendoza.edu.ar\/sitio\/wp-content\/uploads\/2021\/07\/110228470_957471914721796_7298706082977535934_n-563x1000.jpg 563w\" sizes=\"(max-width: 720px) 100vw, 720px\" \/><\/figure>\n\n\n\n<pre class=\"wp-block-preformatted\">Entrega de celulares a estudiantes<\/pre>\n\n\n\n<figure class=\"wp-block-image\"><img decoding=\"async\" loading=\"lazy\" width=\"5184\" height=\"3456\" src=\"https:\/\/ens9002-infd.mendoza.edu.ar\/sitio\/wp-content\/uploads\/2020\/05\/IMG_0434.jpg\" alt=\"\" class=\"wp-image-4736\" srcset=\"https:\/\/ens9002-infd.mendoza.edu.ar\/sitio\/wp-content\/uploads\/2020\/05\/IMG_0434.jpg 5184w, https:\/\/ens9002-infd.mendoza.edu.ar\/sitio\/wp-content\/uploads\/2020\/05\/IMG_0434-1000x667.jpg 1000w, https:\/\/ens9002-infd.mendoza.edu.ar\/sitio\/wp-content\/uploads\/2020\/05\/IMG_0434-768x512.jpg 768w, https:\/\/ens9002-infd.mendoza.edu.ar\/sitio\/wp-content\/uploads\/2020\/05\/IMG_0434-1900x1267.jpg 1900w\" sizes=\"(max-width: 5184px) 100vw, 5184px\" \/><\/figure>\n\n\n\n<figure class=\"wp-block-image\"><img decoding=\"async\" loading=\"lazy\" width=\"4696\" height=\"3440\" src=\"https:\/\/ens9002-infd.mendoza.edu.ar\/sitio\/wp-content\/uploads\/2020\/05\/IMG_0454.jpg\" alt=\"\" class=\"wp-image-4735\" srcset=\"https:\/\/ens9002-infd.mendoza.edu.ar\/sitio\/wp-content\/uploads\/2020\/05\/IMG_0454.jpg 4696w, https:\/\/ens9002-infd.mendoza.edu.ar\/sitio\/wp-content\/uploads\/2020\/05\/IMG_0454-1000x733.jpg 1000w, https:\/\/ens9002-infd.mendoza.edu.ar\/sitio\/wp-content\/uploads\/2020\/05\/IMG_0454-768x563.jpg 768w, https:\/\/ens9002-infd.mendoza.edu.ar\/sitio\/wp-content\/uploads\/2020\/05\/IMG_0454-1900x1392.jpg 1900w\" sizes=\"(max-width: 4696px) 100vw, 4696px\" \/><\/figure>\n\n\n\n<figure class=\"wp-block-image\"><img decoding=\"async\" loading=\"lazy\" width=\"5184\" height=\"3456\" src=\"https:\/\/ens9002-infd.mendoza.edu.ar\/sitio\/wp-content\/uploads\/2020\/05\/IMG_0452.jpg\" alt=\"\" class=\"wp-image-4734\" srcset=\"https:\/\/ens9002-infd.mendoza.edu.ar\/sitio\/wp-content\/uploads\/2020\/05\/IMG_0452.jpg 5184w, https:\/\/ens9002-infd.mendoza.edu.ar\/sitio\/wp-content\/uploads\/2020\/05\/IMG_0452-1000x667.jpg 1000w, https:\/\/ens9002-infd.mendoza.edu.ar\/sitio\/wp-content\/uploads\/2020\/05\/IMG_0452-768x512.jpg 768w, https:\/\/ens9002-infd.mendoza.edu.ar\/sitio\/wp-content\/uploads\/2020\/05\/IMG_0452-1900x1267.jpg 1900w\" sizes=\"(max-width: 5184px) 100vw, 5184px\" \/><\/figure>\n","protected":false},"excerpt":{"rendered":"<p>ACCIONES SOLIDARIAS 2022 ACCIONES EXCEPCIONALES POR COVID-19 Extensi\u00f3n de condicionalidad hasta marzo de 2022&nbsp;-para acceder al acta de resoluci\u00f3n,&nbsp;hac\u00e9 clic aqu\u00ed-. Posibilidad de rendir en examen libre hasta el 31 de marzo de 2022, para estudiantes a quienes se les hubiese vencido la regularidad&nbsp;(que han superado los 7 llamados ordinarios a mesas de ex\u00e1menes) \u2013 &#8230; <a title=\"Acciones Solidarias\" class=\"read-more\" href=\"https:\/\/ens9002-infd.mendoza.edu.ar\/sitio\/8222-2\/\" aria-label=\"More on Acciones Solidarias\">[+]<\/a><\/p>\n","protected":false},"author":4776,"featured_media":0,"parent":0,"menu_order":0,"comment_status":"closed","ping_status":"closed","template":"","meta":[],"acf":[],"_links":{"self":[{"href":"https:\/\/ens9002-infd.mendoza.edu.ar\/sitio\/wp-json\/wp\/v2\/pages\/8222"}],"collection":[{"href":"https:\/\/ens9002-infd.mendoza.edu.ar\/sitio\/wp-json\/wp\/v2\/pages"}],"about":[{"href":"https:\/\/ens9002-infd.mendoza.edu.ar\/sitio\/wp-json\/wp\/v2\/types\/page"}],"author":[{"embeddable":true,"href":"https:\/\/ens9002-infd.mendoza.edu.ar\/sitio\/wp-json\/wp\/v2\/users\/4776"}],"replies":[{"embeddable":true,"href":"https:\/\/ens9002-infd.mendoza.edu.ar\/sitio\/wp-json\/wp\/v2\/comments?post=8222"}],"version-history":[{"count":21,"href":"https:\/\/ens9002-infd.mendoza.edu.ar\/sitio\/wp-json\/wp\/v2\/pages\/8222\/revisions"}],"predecessor-version":[{"id":12291,"href":"https:\/\/ens9002-infd.mendoza.edu.ar\/sitio\/wp-json\/wp\/v2\/pages\/8222\/revisions\/12291"}],"wp:attachment":[{"href":"https:\/\/ens9002-infd.mendoza.edu.ar\/sitio\/wp-json\/wp\/v2\/media?parent=8222"}],"curies":[{"name":"wp","href":"https:\/\/api.w.org\/{rel}","templated":true}]}}